CRAN Package Check Results for Package flan

Last updated on 2022-12-03 19:52:50 CET.

Flavor Version Tinstall Tcheck Ttotal Status Flags
r-devel-linux-x86_64-debian-clang 0.9 94.64 71.25 165.89 OK
r-devel-linux-x86_64-debian-gcc 0.9 73.97 53.63 127.60 OK
r-devel-linux-x86_64-fedora-clang 0.9 243.39 OK
r-devel-linux-x86_64-fedora-gcc 0.9 244.32 OK
r-devel-windows-x86_64 0.9 97.00 121.00 218.00 OK
r-patched-linux-x86_64 0.9 81.78 70.36 152.14 OK
r-release-linux-x86_64 0.9 75.97 72.09 148.06 OK
r-release-macos-arm64 0.9 60.00 NOTE
r-release-macos-x86_64 0.9 73.00 NOTE
r-release-windows-x86_64 0.9 98.00 135.00 233.00 OK
r-oldrel-macos-arm64 0.9 60.00 NOTE
r-oldrel-macos-x86_64 0.9 71.00 NOTE
r-oldrel-windows-ix86+x86_64 0.9 231.00 140.00 371.00 OK

Check Details

Version: 0.9
Check: installed package size
Result: NOTE
     installed size is 7.1Mb
     sub-directories of 1Mb or more:
     libs 6.9Mb
Flavors: r-release-macos-arm64, r-release-macos-x86_64, r-oldrel-macos-arm64, r-oldrel-macos-x86_64