CRAN Package Check Results for Package flare

Last updated on 2015-04-01 15:47:50.

Flavor Version Tinstall Tcheck Ttotal Status Flags
r-devel-linux-x86_64-debian-clang 1.5.0 5.24 60.34 65.58 NOTE
r-devel-linux-x86_64-debian-gcc 1.5.0 5.77 58.46 64.22 NOTE
r-devel-linux-x86_64-fedora-clang 1.5.0 124.95 NOTE
r-devel-linux-x86_64-fedora-gcc 1.5.0 128.80 NOTE
r-devel-osx-x86_64-clang 1.5.0 108.35 NOTE
r-prerel-windows-ix86+x86_64 1.5.0 26.00 114.00 140.00 OK
r-prerel-linux-x86_64 1.5.0 5.77 58.44 64.21 NOTE
r-prerel-solaris-sparc 1.5.0 745.20 OK
r-prerel-solaris-x86 1.5.0 168.90 OK
r-release-linux-x86_64 1.5.0 6.71 69.96 76.66 OK
r-release-osx-x86_64-mavericks 1.5.0 OK
r-release-osx-x86_64-snowleopard 1.5.0 OK
r-release-windows-ix86+x86_64 1.5.0 27.00 140.00 167.00 OK
r-oldrel-windows-ix86+x86_64 1.5.0 26.00 125.00 151.00 OK

Check Details

Version: 1.5.0
Check: S3 generic/method consistency
Result: NOTE
    Found the following apparent S3 methods exported but not registered:
     plot.slim
    See section ‘Registering S3 methods’ in the ‘Writing R Extensions’
    manual.
Flavors: r-devel-linux-x86_64-debian-clang, r-devel-linux-x86_64-debian-gcc, r-devel-linux-x86_64-fedora-clang, r-devel-linux-x86_64-fedora-gcc, r-devel-osx-x86_64-clang, r-prerel-linux-x86_64