CRAN Package Check Results for Package flare

Last updated on 2019-03-23 11:50:57 CET.

Flavor Version Tinstall Tcheck Ttotal Status Flags
r-devel-linux-x86_64-debian-clang 1.6.0 13.19 89.53 102.72 OK
r-devel-linux-x86_64-debian-gcc 1.6.0 10.60 73.17 83.77 OK
r-devel-linux-x86_64-fedora-clang 1.6.0 124.87 OK
r-devel-linux-x86_64-fedora-gcc 1.6.0 121.12 OK
r-devel-windows-ix86+x86_64 1.6.0 43.00 174.00 217.00 OK
r-patched-linux-x86_64 1.6.0 9.75 86.81 96.56 OK
r-patched-solaris-x86 1.6.0 183.90 OK
r-release-linux-x86_64 1.6.0 0.39 2.29 2.68 ERROR
r-release-windows-ix86+x86_64 1.6.0 28.00 145.00 173.00 OK
r-release-osx-x86_64 1.6.0 OK
r-oldrel-windows-ix86+x86_64 1.6.0 39.00 176.00 215.00 OK
r-oldrel-osx-x86_64 1.6.0 OK

Check Details

Version: 1.6.0
Check: whether package can be installed
Result: ERROR
    Installation failed.
Flavor: r-release-linux-x86_64