CRAN Package Check Results for Package flare

Last updated on 2014-10-01 03:48:10.

Flavor Version Tinstall Tcheck Ttotal Status Flags
r-devel-linux-x86_64-debian-clang 1.4.0 5.59 72.85 78.44 NOTE
r-devel-linux-x86_64-debian-gcc 1.4.0 6.53 70.14 76.67 NOTE
r-devel-linux-x86_64-fedora-clang 1.4.0 162.88 NOTE
r-devel-linux-x86_64-fedora-gcc 1.4.0 159.05 NOTE
r-devel-osx-x86_64-clang 1.4.0 120.16 NOTE
r-devel-windows-ix86+x86_64 1.4.0 24.00 132.00 156.00 NOTE
r-patched-linux-x86_64 1.4.0 6.62 74.83 81.45 OK
r-patched-solaris-sparc 1.4.0 952.90 OK
r-patched-solaris-x86 1.4.0 220.60 OK
r-release-linux-ix86 1.4.0 7.94 82.32 90.26 OK
r-release-linux-x86_64 1.4.0 6.81 74.86 81.67 OK
r-release-osx-x86_64-mavericks 1.4.0 OK
r-release-osx-x86_64-snowleopard 1.4.0 OK
r-release-windows-ix86+x86_64 1.4.0 23.00 148.00 171.00 OK
r-oldrel-windows-ix86+x86_64 1.4.0 23.00 140.00 163.00 OK

Check Details

Version: 1.4.0
Check: R code for possible problems
Result: NOTE
    plot.select: no visible global function definition for
     ‘graph.adjacency’
    plot.select: no visible global function definition for
     ‘layout.fruchterman.reingold’
    plot.sim: no visible global function definition for ‘graph.adjacency’
    plot.sim: no visible global function definition for
     ‘layout.fruchterman.reingold’
    plot.sugm: no visible global function definition for
     ‘layout.fruchterman.reingold’
    plot.sugm: no visible global function definition for ‘graph.adjacency’
    sugm.generator: no visible global function definition for
     ‘graph.adjacency’
    sugm.generator: no visible global function definition for
     ‘layout.fruchterman.reingold’
    sugm.plot: no visible global function definition for ‘graph.adjacency’
    sugm.plot: no visible global function definition for
     ‘layout.fruchterman.reingold’
Flavors: r-devel-linux-x86_64-debian-clang, r-devel-linux-x86_64-debian-gcc, r-devel-linux-x86_64-fedora-clang, r-devel-linux-x86_64-fedora-gcc, r-devel-osx-x86_64-clang, r-devel-windows-ix86+x86_64

Version: 1.4.0
Check: compiled code
Result: NOTE
    File ‘flare/libs/flare.so’:
     Found ‘rand’, possibly from ‘rand’ (C)
     Object: ‘SFGen.o’
     Found ‘srand’, possibly from ‘srand’ (C)
     Object: ‘SFGen.o’
    
    Compiled code should not call entry points which might terminate R nor
    write to stdout/stderr instead of to the console, nor the C RNG.
    
    See ‘Writing portable packages’ in the ‘Writing R Extensions’ manual.
Flavors: r-devel-linux-x86_64-debian-clang, r-devel-linux-x86_64-debian-gcc, r-devel-linux-x86_64-fedora-clang, r-devel-linux-x86_64-fedora-gcc

Version: 1.4.0
Check: compiled code
Result: NOTE
    File ‘flare/libs/flare.so’:
     Found ‘_rand’, possibly from ‘rand’ (C)
     Object: ‘SFGen.o’
     Found ‘_srand’, possibly from ‘srand’ (C)
     Object: ‘SFGen.o’
    
    Compiled code should not call entry points which might terminate R nor
    write to stdout/stderr instead of to the console, nor the C RNG.
    
    See ‘Writing portable packages’ in the ‘Writing R Extensions’ manual.
Flavor: r-devel-osx-x86_64-clang

Version: 1.4.0
Check: compiled code
Result: NOTE
    File 'flare/libs/i386/flare.dll':
     Found 'rand', possibly from 'rand' (C)
     Object: 'SFGen.o'
     Found 'srand', possibly from 'srand' (C)
     Object: 'SFGen.o'
    File 'flare/libs/x64/flare.dll':
     Found 'rand', possibly from 'rand' (C)
     Object: 'SFGen.o'
     Found 'srand', possibly from 'srand' (C)
     Object: 'SFGen.o'
    
    Compiled code should not call entry points which might terminate R nor
    write to stdout/stderr instead of to the console, nor the C RNG.
    
    See 'Writing portable packages' in the 'Writing R Extensions' manual.
Flavor: r-devel-windows-ix86+x86_64