CRAN Package Check Results for Package flare

Last updated on 2015-05-28 07:48:53.

Flavor Version Tinstall Tcheck Ttotal Status Flags
r-devel-linux-x86_64-debian-clang 1.5.0 5.54 60.44 65.99 NOTE
r-devel-linux-x86_64-debian-gcc 1.5.0 5.92 57.99 63.91 NOTE
r-devel-linux-x86_64-fedora-clang 1.5.0 125.41 NOTE
r-devel-linux-x86_64-fedora-gcc 1.5.0 123.38 NOTE
r-devel-osx-x86_64-clang 1.5.0 101.21 NOTE
r-devel-windows-ix86+x86_64 1.5.0 24.00 114.00 138.00 OK
r-patched-linux-x86_64 1.5.0 5.64 57.66 63.30 NOTE
r-patched-solaris-sparc 1.5.0 785.80 NOTE
r-patched-solaris-x86 1.5.0 173.00 NOTE
r-release-linux-x86_64 1.5.0 5.98 61.60 67.58 NOTE
r-release-osx-x86_64-mavericks 1.5.0 OK
r-release-osx-x86_64-snowleopard 1.5.0 ERROR
r-release-windows-ix86+x86_64 1.5.0 23.00 120.00 143.00 OK
r-oldrel-windows-ix86+x86_64 1.5.0 24.00 127.00 151.00 OK

Check Details

Version: 1.5.0
Check: S3 generic/method consistency
Result: NOTE
    Found the following apparent S3 methods exported but not registered:
     plot.slim
    See section ‘Registering S3 methods’ in the ‘Writing R Extensions’
    manual.
Flavors: r-devel-linux-x86_64-debian-clang, r-devel-linux-x86_64-debian-gcc, r-devel-linux-x86_64-fedora-clang, r-devel-linux-x86_64-fedora-gcc, r-devel-osx-x86_64-clang, r-patched-linux-x86_64, r-patched-solaris-sparc, r-patched-solaris-x86, r-release-linux-x86_64

Version: 1.5.0
Check: package dependencies
Result: ERROR
    Package required but not available: ‘igraph’
    
    See section ‘The DESCRIPTION file’ in the ‘Writing R Extensions’
    manual.
Flavor: r-release-osx-x86_64-snowleopard