CRAN Package Check Results for Package flare

Last updated on 2014-09-17 14:47:06.

Flavor Version Tinstall Tcheck Ttotal Status Flags
r-devel-linux-x86_64-debian-clang 1.4.0 5.80 77.50 83.30 NOTE
r-devel-linux-x86_64-debian-gcc 1.4.0 6.33 74.12 80.45 NOTE
r-devel-linux-x86_64-fedora-clang 1.4.0 164.59 NOTE
r-devel-linux-x86_64-fedora-gcc 1.4.0 166.08 NOTE
r-devel-osx-x86_64-clang 1.4.0 118.07 NOTE
r-devel-windows-ix86+x86_64 1.4.0 25.00 131.00 156.00 NOTE
r-patched-linux-x86_64 1.4.0 6.57 71.05 77.62 OK
r-patched-solaris-sparc 1.4.0 952.90 OK
r-patched-solaris-x86 1.4.0 214.50 OK
r-release-linux-ix86 1.4.0 7.92 82.75 90.66 OK
r-release-linux-x86_64 1.4.0 6.68 75.45 82.13 OK
r-release-osx-x86_64-mavericks 1.4.0 OK
r-release-osx-x86_64-snowleopard 1.4.0 OK
r-release-windows-ix86+x86_64 1.4.0 25.00 146.00 171.00 OK
r-oldrel-windows-ix86+x86_64 1.4.0 26.00 133.00 159.00 OK

Check Details

Version: 1.4.0
Check: R code for possible problems
Result: NOTE
    plot.select: no visible global function definition for
     ‘graph.adjacency’
    plot.select: no visible global function definition for
     ‘layout.fruchterman.reingold’
    plot.sim: no visible global function definition for ‘graph.adjacency’
    plot.sim: no visible global function definition for
     ‘layout.fruchterman.reingold’
    plot.sugm: no visible global function definition for
     ‘layout.fruchterman.reingold’
    plot.sugm: no visible global function definition for ‘graph.adjacency’
    sugm.generator: no visible global function definition for
     ‘graph.adjacency’
    sugm.generator: no visible global function definition for
     ‘layout.fruchterman.reingold’
    sugm.plot: no visible global function definition for ‘graph.adjacency’
    sugm.plot: no visible global function definition for
     ‘layout.fruchterman.reingold’
Flavors: r-devel-linux-x86_64-debian-clang, r-devel-linux-x86_64-debian-gcc, r-devel-linux-x86_64-fedora-clang, r-devel-linux-x86_64-fedora-gcc, r-devel-osx-x86_64-clang, r-devel-windows-ix86+x86_64

Version: 1.4.0
Check: compiled code
Result: NOTE
    File ‘flare/libs/flare.so’:
     Found ‘rand’, possibly from ‘rand’ (C)
     Object: ‘SFGen.o’
     Found ‘srand’, possibly from ‘srand’ (C)
     Object: ‘SFGen.o’
    
    Compiled code should not call entry points which might terminate R nor
    write to stdout/stderr instead of to the console, nor the C RNG.
    
    See ‘Writing portable packages’ in the ‘Writing R Extensions’ manual.
Flavors: r-devel-linux-x86_64-debian-clang, r-devel-linux-x86_64-debian-gcc, r-devel-linux-x86_64-fedora-clang, r-devel-linux-x86_64-fedora-gcc

Version: 1.4.0
Check: compiled code
Result: NOTE
    File ‘flare/libs/flare.so’:
     Found ‘_rand’, possibly from ‘rand’ (C)
     Object: ‘SFGen.o’
     Found ‘_srand’, possibly from ‘srand’ (C)
     Object: ‘SFGen.o’
    
    Compiled code should not call entry points which might terminate R nor
    write to stdout/stderr instead of to the console, nor the C RNG.
    
    See ‘Writing portable packages’ in the ‘Writing R Extensions’ manual.
Flavor: r-devel-osx-x86_64-clang

Version: 1.4.0
Check: compiled code
Result: NOTE
    File 'flare/libs/i386/flare.dll':
     Found 'rand', possibly from 'rand' (C)
     Object: 'SFGen.o'
     Found 'srand', possibly from 'srand' (C)
     Object: 'SFGen.o'
    File 'flare/libs/x64/flare.dll':
     Found 'rand', possibly from 'rand' (C)
     Object: 'SFGen.o'
     Found 'srand', possibly from 'srand' (C)
     Object: 'SFGen.o'
    
    Compiled code should not call entry points which might terminate R nor
    write to stdout/stderr instead of to the console, nor the C RNG.
    
    See 'Writing portable packages' in the 'Writing R Extensions' manual.
Flavor: r-devel-windows-ix86+x86_64