CRAN Package Check Results for Package flare

Last updated on 2015-08-02 23:48:02.

Flavor Version Tinstall Tcheck Ttotal Status Flags
r-devel-linux-x86_64-debian-clang 1.5.0 5.34 60.03 65.36 NOTE
r-devel-linux-x86_64-debian-gcc 1.5.0 5.99 59.10 65.09 NOTE
r-devel-linux-x86_64-fedora-clang 1.5.0 130.26 NOTE
r-devel-linux-x86_64-fedora-gcc 1.5.0 123.93 NOTE
r-devel-osx-x86_64-clang 1.5.0 98.04 NOTE
r-devel-windows-ix86+x86_64 1.5.0 26.00 142.00 168.00 NOTE
r-patched-linux-x86_64 1.5.0 6.05 60.38 66.44 NOTE
r-patched-solaris-sparc 1.5.0 785.90 NOTE
r-patched-solaris-x86 1.5.0 178.60 NOTE
r-release-linux-x86_64 1.5.0 5.88 60.10 65.97 NOTE
r-release-osx-x86_64-mavericks 1.5.0 OK
r-release-windows-ix86+x86_64 1.5.0 33.00 137.00 170.00 OK
r-oldrel-windows-ix86+x86_64 1.5.0 36.00 149.00 185.00 OK

Check Details

Version: 1.5.0
Check: S3 generic/method consistency
Result: NOTE
    Found the following apparent S3 methods exported but not registered:
     plot.slim
    See section ‘Registering S3 methods’ in the ‘Writing R Extensions’
    manual.
Flavors: r-devel-linux-x86_64-debian-clang, r-devel-linux-x86_64-debian-gcc, r-devel-linux-x86_64-fedora-clang, r-devel-linux-x86_64-fedora-gcc, r-devel-osx-x86_64-clang, r-patched-linux-x86_64, r-patched-solaris-sparc, r-patched-solaris-x86, r-release-linux-x86_64

Version: 1.5.0
Check: R code for possible problems
Result: NOTE
    plot.roc: no visible global function definition for ‘par’
    plot.roc: no visible global function definition for ‘plot’
    plot.select: no visible global function definition for ‘par’
    plot.select: no visible global function definition for ‘plot’
    plot.select: no visible global function definition for ‘lines’
    plot.sim: no visible global function definition for ‘gray.colors’
    plot.sim: no visible global function definition for ‘plot’
    plot.slim: no visible global function definition for ‘matplot’
    plot.sugm: no visible global function definition for ‘par’
    plot.sugm: no visible global function definition for ‘plot’
    plot.sugm: no visible global function definition for ‘lines’
    sugm: no visible global function definition for ‘cor’
    sugm: no visible global function definition for ‘cov’
    sugm: no visible global function definition for ‘new’
    sugm.cv: no visible global function definition for ‘cov’
    sugm.cv: no visible binding for global variable ‘sd’
    sugm.generator: no visible global function definition for ‘runif’
    sugm.generator: no visible global function definition for ‘cor’
    sugm.generator: no visible global function definition for ‘par’
    sugm.generator: no visible global function definition for ‘gray.colors’
    sugm.generator: no visible global function definition for ‘plot’
    sugm.plot: no visible global function definition for ‘postscript’
    sugm.plot: no visible global function definition for ‘par’
    sugm.plot: no visible global function definition for ‘plot’
    sugm.plot: no visible global function definition for ‘dev.off’
    sugm.roc: no visible global function definition for ‘par’
    sugm.roc: no visible global function definition for ‘plot’
    sugm.select: no visible global function definition for ‘flush.console’
    Undefined global functions or variables:
     cor cov dev.off flush.console gray.colors lines matplot new par plot
     postscript runif sd
    Consider adding
     importFrom("grDevices", "dev.off", "gray.colors", "postscript")
     importFrom("graphics", "lines", "matplot", "par", "plot")
     importFrom("methods", "new")
     importFrom("stats", "cor", "cov", "runif", "sd")
     importFrom("utils", "flush.console")
    to your NAMESPACE.
Flavors: r-devel-linux-x86_64-debian-clang, r-devel-linux-x86_64-debian-gcc, r-devel-linux-x86_64-fedora-clang, r-devel-linux-x86_64-fedora-gcc, r-devel-windows-ix86+x86_64