CRAN Package Check Results for Package flare

Last updated on 2015-03-02 19:52:14.

Flavor Version Tinstall Tcheck Ttotal Status Flags
r-devel-linux-x86_64-debian-clang 1.5.0 4.94 59.82 64.75 NOTE
r-devel-linux-x86_64-debian-gcc 1.5.0 5.83 57.18 63.01 NOTE
r-devel-linux-x86_64-fedora-clang 1.5.0 128.33 NOTE
r-devel-linux-x86_64-fedora-gcc 1.5.0 125.26 NOTE
r-devel-osx-x86_64-clang 1.5.0 102.51 NOTE
r-devel-windows-ix86+x86_64 1.5.0 43.00 164.00 207.00 OK
r-patched-linux-x86_64 1.5.0 7.06 67.31 74.36 OK
r-patched-solaris-sparc 1.5.0 863.70 OK
r-patched-solaris-x86 1.5.0 206.60 OK
r-release-linux-ix86 1.5.0 7.90 83.84 91.74 OK
r-release-linux-x86_64 1.5.0 6.72 66.24 72.96 OK
r-release-osx-x86_64-mavericks 1.5.0 OK
r-release-osx-x86_64-snowleopard 1.5.0 OK
r-release-windows-ix86+x86_64 1.5.0 36.00 151.00 187.00 OK
r-oldrel-windows-ix86+x86_64 1.5.0 26.00 157.00 183.00 OK

Check Details

Version: 1.5.0
Check: S3 generic/method consistency
Result: NOTE
    Found the following apparent S3 methods exported but not registered:
     plot.slim
    See section ‘Registering S3 methods’ in the ‘Writing R Extensions’
    manual.
Flavors: r-devel-linux-x86_64-debian-clang, r-devel-linux-x86_64-debian-gcc, r-devel-linux-x86_64-fedora-clang, r-devel-linux-x86_64-fedora-gcc, r-devel-osx-x86_64-clang