CRAN Package Check Results for Package flare

Last updated on 2014-04-24 15:50:37.

Flavor Version Tinstall Tcheck Ttotal Status Flags
r-devel-linux-x86_64-debian-clang 1.2.0 5.47 71.64 77.11 OK
r-devel-linux-x86_64-debian-gcc 1.2.0 6.37 74.98 81.34 OK
r-devel-linux-x86_64-fedora-clang 1.2.0 162.11 OK
r-devel-linux-x86_64-fedora-gcc 1.2.0 158.90 OK
r-devel-osx-x86_64-clang 1.2.0 110.49 OK
r-devel-osx-x86_64-gcc 1.2.0 ERROR
r-devel-windows-ix86+x86_64 1.2.0 24.00 133.00 157.00 OK
r-patched-linux-x86_64 1.2.0 6.53 73.63 80.16 OK
r-patched-solaris-sparc 1.2.0 849.30 OK
r-patched-solaris-x86 1.2.0 214.40 OK
r-release-linux-ix86 1.2.0 11.00 105.00 116.00 OK
r-release-linux-x86_64 1.2.0 6.47 69.58 76.05 OK
r-release-osx-x86_64-mavericks 1.2.0 WARN
r-release-osx-x86_64-snowleopard 1.2.0 OK
r-release-windows-ix86+x86_64 1.2.0 23.00 130.00 153.00 OK
r-oldrel-windows-ix86+x86_64 1.2.0 23.00 133.00 156.00 OK

Check Details

Version: 1.2.0
Check: package dependencies
Result: NOTE
    Package suggested but not available for checking: ‘igraph’
Flavor: r-devel-osx-x86_64-gcc

Version: 1.2.0
Check: R code for possible problems
Result: NOTE
    plot.select: no visible global function definition for
     ‘graph.adjacency’
    plot.select: no visible global function definition for
     ‘layout.fruchterman.reingold’
    plot.sim: no visible global function definition for ‘graph.adjacency’
    plot.sim: no visible global function definition for
     ‘layout.fruchterman.reingold’
    plot.sugm: no visible global function definition for
     ‘layout.fruchterman.reingold’
    plot.sugm: no visible global function definition for ‘graph.adjacency’
    sugm.generator: no visible global function definition for
     ‘graph.adjacency’
    sugm.generator: no visible global function definition for
     ‘layout.fruchterman.reingold’
    sugm.plot: no visible global function definition for ‘graph.adjacency’
    sugm.plot: no visible global function definition for
     ‘layout.fruchterman.reingold’
Flavor: r-devel-osx-x86_64-gcc

Version: 1.2.0
Check: examples
Result: ERROR
    Running examples in ‘flare-Ex.R’ failed
    The error most likely occurred in:
    
    > ### Name: sugm
    > ### Title: High-deimensional Sparse Undirected Graphical Models.
    > ### Aliases: sugm
    >
    > ### ** Examples
    >
    >
    > ## load package required
    > library(igraph)
    Error in library(igraph) : there is no package called ‘igraph’
    Execution halted
Flavor: r-devel-osx-x86_64-gcc

Version: 1.2.0
Check: PDF version of manual
Result: WARNING
    LaTeX errors when creating PDF version.
    This typically indicates Rd problems.
    LaTeX errors found:
    ! LaTeX Error: File `upquote.sty' not found.
    
    Type X to quit or <RETURN> to proceed,
    or enter new name. (Default extension: sty)
    
    a0ec75d/Rd2.tex:8: ==> Fatal error occurred, no output PDF file produced!
Flavor: r-release-osx-x86_64-mavericks