CRAN Package Check Results for Package flare

Last updated on 2015-01-31 08:49:41.

Flavor Version Tinstall Tcheck Ttotal Status Flags
r-devel-linux-x86_64-debian-clang 1.5.0 5.22 58.26 63.48 NOTE
r-devel-linux-x86_64-debian-gcc 1.5.0 5.75 56.48 62.24 NOTE
r-devel-linux-x86_64-fedora-clang 1.5.0 150.51 NOTE
r-devel-linux-x86_64-fedora-gcc 1.5.0 145.89 NOTE
r-devel-osx-x86_64-clang 1.5.0 121.16 NOTE
r-devel-windows-ix86+x86_64 1.5.0 32.00 109.00 141.00 OK
r-patched-linux-x86_64 1.5.0 6.93 67.40 74.33 OK
r-patched-solaris-sparc 1.5.0 863.70 OK
r-patched-solaris-x86 1.5.0 206.50 OK
r-release-linux-ix86 1.5.0 7.74 72.02 79.76 OK
r-release-linux-x86_64 1.5.0 6.73 65.85 72.58 OK
r-release-osx-x86_64-mavericks 1.5.0 OK
r-release-osx-x86_64-snowleopard 1.5.0 OK
r-release-windows-ix86+x86_64 1.5.0 25.00 127.00 152.00 OK
r-oldrel-windows-ix86+x86_64 1.5.0 25.00 130.00 155.00 OK

Check Details

Version: 1.5.0
Check: S3 generic/method consistency
Result: NOTE
    Found the following apparent S3 methods exported but not registered:
     plot.slim
    See section ‘Registering S3 methods’ in the ‘Writing R Extensions’
    manual.
Flavors: r-devel-linux-x86_64-debian-clang, r-devel-linux-x86_64-debian-gcc, r-devel-linux-x86_64-fedora-clang, r-devel-linux-x86_64-fedora-gcc, r-devel-osx-x86_64-clang