Last updated on 2023-03-30 08:53:36 CEST.
Flavor | Version | Tinstall | Tcheck | Ttotal | Status | Flags |
---|---|---|---|---|---|---|
r-devel-linux-x86_64-debian-clang | 0.1.0 | 3.04 | 28.85 | 31.89 | NOTE | |
r-devel-linux-x86_64-debian-gcc | 0.1.0 | 2.28 | 23.34 | 25.62 | NOTE | |
r-devel-linux-x86_64-fedora-clang | 0.1.0 | 41.33 | NOTE | |||
r-devel-linux-x86_64-fedora-gcc | 0.1.0 | 49.70 | NOTE | |||
r-devel-windows-x86_64 | 0.1.0 | 16.00 | 66.00 | 82.00 | NOTE | |
r-patched-linux-x86_64 | 0.1.0 | 2.62 | 28.71 | 31.33 | NOTE | |
r-release-linux-x86_64 | 0.1.0 | 2.98 | 30.17 | 33.15 | NOTE | |
r-release-macos-arm64 | 0.1.0 | 17.00 | NOTE | |||
r-release-macos-x86_64 | 0.1.0 | 26.00 | NOTE | |||
r-release-windows-x86_64 | 0.1.0 | 26.00 | 61.00 | 87.00 | NOTE | |
r-oldrel-macos-arm64 | 0.1.0 | 24.00 | NOTE | |||
r-oldrel-macos-x86_64 | 0.1.0 | 29.00 | NOTE | |||
r-oldrel-windows-ix86+x86_64 | 0.1.0 | 8.00 | 56.00 | 64.00 | NOTE |
Version: 0.1.0
Check: LazyData
Result: NOTE
'LazyData' is specified without a 'data' directory
Flavors: r-devel-linux-x86_64-debian-clang, r-devel-linux-x86_64-debian-gcc, r-devel-linux-x86_64-fedora-clang, r-devel-linux-x86_64-fedora-gcc, r-devel-windows-x86_64, r-patched-linux-x86_64, r-release-linux-x86_64, r-release-macos-arm64, r-release-macos-x86_64, r-release-windows-x86_64, r-oldrel-macos-arm64, r-oldrel-macos-x86_64, r-oldrel-windows-ix86+x86_64