CRAN Package Check Results for Package flashClust

Last updated on 2015-07-03 23:47:33.

Flavor Version Tinstall Tcheck Ttotal Status Flags
r-devel-linux-x86_64-debian-clang 1.01-2 0.96 8.43 9.39 NOTE
r-devel-linux-x86_64-debian-gcc 1.01-2 0.92 8.65 9.58 NOTE
r-devel-linux-x86_64-fedora-clang 1.01-2 17.20 NOTE
r-devel-linux-x86_64-fedora-gcc 1.01-2 16.71 NOTE
r-devel-osx-x86_64-clang 1.01-2 19.59 NOTE
r-devel-windows-ix86+x86_64 1.01-2 9.00 20.00 29.00 NOTE
r-patched-linux-x86_64 1.01-2 0.94 9.08 10.02 NOTE
r-patched-solaris-sparc 1.01-2 127.50 NOTE
r-patched-solaris-x86 1.01-2 29.60 NOTE
r-release-linux-x86_64 1.01-2 1.00 8.84 9.84 NOTE
r-release-osx-x86_64-mavericks 1.01-2 NOTE
r-release-windows-ix86+x86_64 1.01-2 6.00 19.00 25.00 NOTE
r-oldrel-windows-ix86+x86_64 1.01-2 8.00 21.00 29.00 OK

Check Details

Version: 1.01-2
Check: DESCRIPTION meta-information
Result: NOTE
    Malformed Description field: should contain one or more complete sentences.
Flavors: r-devel-linux-x86_64-debian-clang, r-devel-linux-x86_64-debian-gcc, r-devel-linux-x86_64-fedora-clang, r-devel-linux-x86_64-fedora-gcc, r-devel-osx-x86_64-clang, r-devel-windows-ix86+x86_64, r-patched-linux-x86_64, r-patched-solaris-sparc, r-patched-solaris-x86, r-release-linux-x86_64, r-release-osx-x86_64-mavericks, r-release-windows-ix86+x86_64