CRAN Package Check Results for Package flashClust

Last updated on 2015-08-28 17:49:20.

Flavor Version Tinstall Tcheck Ttotal Status Flags
r-devel-linux-x86_64-debian-clang 1.01-2 0.96 8.21 9.16 NOTE
r-devel-linux-x86_64-debian-gcc 1.01-2 0.93 8.27 9.20 NOTE
r-devel-linux-x86_64-fedora-clang 1.01-2 16.98 NOTE
r-devel-linux-x86_64-fedora-gcc 1.01-2 16.24 NOTE
r-devel-osx-x86_64-clang 1.01-2 18.34 NOTE
r-devel-windows-ix86+x86_64 1.01-2 8.00 29.00 37.00 NOTE
r-patched-linux-x86_64 1.01-2 1.06 9.10 10.16 NOTE
r-patched-solaris-sparc 1.01-2 128.60 NOTE
r-patched-solaris-x86 1.01-2 30.60 NOTE
r-release-linux-x86_64 1.01-2 0.96 9.07 10.04 NOTE
r-release-osx-x86_64-mavericks 1.01-2 NOTE
r-release-windows-ix86+x86_64 1.01-2 6.00 22.00 28.00 NOTE
r-oldrel-windows-ix86+x86_64 1.01-2 8.00 21.00 29.00 OK

Check Details

Version: 1.01-2
Check: DESCRIPTION meta-information
Result: NOTE
    Malformed Description field: should contain one or more complete sentences.
Flavors: r-devel-linux-x86_64-debian-clang, r-devel-linux-x86_64-debian-gcc, r-devel-linux-x86_64-fedora-clang, r-devel-linux-x86_64-fedora-gcc, r-devel-osx-x86_64-clang, r-devel-windows-ix86+x86_64, r-patched-linux-x86_64, r-patched-solaris-sparc, r-patched-solaris-x86, r-release-linux-x86_64, r-release-osx-x86_64-mavericks, r-release-windows-ix86+x86_64