CRAN Package Check Results for Package flashClust

Last updated on 2017-02-27 11:48:23.

Flavor Version Tinstall Tcheck Ttotal Status Flags
r-devel-linux-x86_64-debian-clang 1.01-2 1.11 10.71 11.83 NOTE
r-devel-linux-x86_64-debian-gcc 1.01-2 1.10 10.73 11.83 NOTE
r-devel-linux-x86_64-fedora-clang 1.01-2 19.43 NOTE --no-stop-on-test-error
r-devel-linux-x86_64-fedora-gcc 1.01-2 18.48 NOTE --no-stop-on-test-error
r-devel-macos-x86_64-clang 1.01-2 18.08 NOTE --no-stop-on-test-error
r-devel-windows-ix86+x86_64 1.01-2 8.00 68.00 76.00 NOTE
r-patched-linux-x86_64 1.01-2 0.96 8.88 9.85 NOTE
r-patched-solaris-sparc 1.01-2 101.20 NOTE
r-patched-solaris-x86 1.01-2 24.80 NOTE
r-release-linux-x86_64 1.01-2 1.07 8.77 9.84 NOTE
r-release-osx-x86_64-mavericks 1.01-2 NOTE
r-release-windows-ix86+x86_64 1.01-2 4.00 25.00 29.00 NOTE
r-oldrel-windows-ix86+x86_64 1.01-2 5.00 25.00 30.00 NOTE

Check Details

Version: 1.01-2
Check: DESCRIPTION meta-information
Result: NOTE
    Malformed Description field: should contain one or more complete sentences.
Flavors: r-devel-linux-x86_64-debian-clang, r-devel-linux-x86_64-debian-gcc, r-devel-windows-ix86+x86_64, r-patched-linux-x86_64, r-patched-solaris-sparc, r-patched-solaris-x86, r-release-linux-x86_64, r-release-osx-x86_64-mavericks, r-release-windows-ix86+x86_64, r-oldrel-windows-ix86+x86_64

Version: 1.01-2
Check: compiled code
Result: NOTE
    File ‘flashClust/libs/flashClust.so’:
     Found no calls to: ‘R_registerRoutines’, ‘R_useDynamicSymbols’
    
    It is good practice to register native routines and to disable symbol
    search.
    
    See ‘Writing portable packages’ in the ‘Writing R Extensions’ manual.
Flavors: r-devel-linux-x86_64-debian-clang, r-devel-linux-x86_64-debian-gcc

Version: 1.01-2
Flags: --no-stop-on-test-error
Check: DESCRIPTION meta-information
Result: NOTE
    Malformed Description field: should contain one or more complete sentences.
Flavors: r-devel-linux-x86_64-fedora-clang, r-devel-linux-x86_64-fedora-gcc, r-devel-macos-x86_64-clang

Version: 1.01-2
Flags: --no-stop-on-test-error
Check: compiled code
Result: NOTE
    File ‘flashClust/libs/flashClust.so’:
     Found no calls to: ‘R_registerRoutines’, ‘R_useDynamicSymbols’
    
    It is good practice to register native routines and to disable symbol
    search.
    
    See ‘Writing portable packages’ in the ‘Writing R Extensions’ manual.
Flavors: r-devel-linux-x86_64-fedora-clang, r-devel-linux-x86_64-fedora-gcc, r-devel-macos-x86_64-clang