CRAN Package Check Results for Package flashClust

Last updated on 2015-03-27 07:48:45.

Flavor Version Tinstall Tcheck Ttotal Status Flags
r-devel-linux-x86_64-debian-clang 1.01-2 1.04 8.68 9.71 NOTE
r-devel-linux-x86_64-debian-gcc 1.01-2 0.96 8.95 9.90 NOTE
r-devel-linux-x86_64-fedora-clang 1.01-2 18.87 NOTE
r-devel-linux-x86_64-fedora-gcc 1.01-2 17.25 NOTE
r-devel-osx-x86_64-clang 1.01-2 25.65 NOTE
r-prerel-windows-ix86+x86_64 1.01-2 5.00 20.00 25.00 NOTE
r-prerel-linux-x86_64 1.01-2 0.96 8.74 9.69 NOTE
r-prerel-solaris-sparc 1.01-2 141.50 NOTE
r-prerel-solaris-x86 1.01-2 27.80 NOTE
r-release-linux-x86_64 1.01-2 1.04 9.72 10.75 OK
r-release-osx-x86_64-mavericks 1.01-2 OK
r-release-windows-ix86+x86_64 1.01-2 8.00 21.00 29.00 OK
r-oldrel-windows-ix86+x86_64 1.01-2 6.00 21.00 27.00 OK

Check Details

Version: 1.01-2
Check: DESCRIPTION meta-information
Result: NOTE
    Malformed Description field: should contain one or more complete sentences.
Flavors: r-devel-linux-x86_64-debian-clang, r-devel-linux-x86_64-debian-gcc, r-devel-linux-x86_64-fedora-clang, r-devel-linux-x86_64-fedora-gcc, r-devel-osx-x86_64-clang, r-prerel-windows-ix86+x86_64, r-prerel-linux-x86_64, r-prerel-solaris-sparc, r-prerel-solaris-x86