CRAN Package Check Results for Package flashClust

Last updated on 2017-01-22 16:48:33.

Flavor Version Tinstall Tcheck Ttotal Status Flags
r-devel-linux-x86_64-debian-clang 1.01-2 1.11 10.33 11.44 NOTE
r-devel-linux-x86_64-debian-gcc 1.01-2 1.13 10.24 11.37 NOTE
r-devel-linux-x86_64-fedora-clang 1.01-2 19.01 NOTE --no-stop-on-test-error
r-devel-linux-x86_64-fedora-gcc 1.01-2 18.69 NOTE --no-stop-on-test-error
r-devel-macos-x86_64-clang 1.01-2 17.37 NOTE --no-stop-on-test-error
r-devel-windows-ix86+x86_64 1.01-2 5.00 29.00 34.00 NOTE
r-patched-linux-x86_64 1.01-2 0.99 8.87 9.85 NOTE
r-patched-solaris-sparc 1.01-2 101.20 NOTE
r-patched-solaris-x86 1.01-2 24.70 NOTE
r-release-linux-x86_64 1.01-2 0.99 8.89 9.88 NOTE
r-release-osx-x86_64-mavericks 1.01-2 NOTE
r-release-windows-ix86+x86_64 1.01-2 4.00 25.00 29.00 NOTE
r-oldrel-windows-ix86+x86_64 1.01-2 5.00 25.00 30.00 NOTE

Check Details

Version: 1.01-2
Check: DESCRIPTION meta-information
Result: NOTE
    Malformed Description field: should contain one or more complete sentences.
Flavors: r-devel-linux-x86_64-debian-clang, r-devel-linux-x86_64-debian-gcc, r-devel-windows-ix86+x86_64, r-patched-linux-x86_64, r-patched-solaris-sparc, r-patched-solaris-x86, r-release-linux-x86_64, r-release-osx-x86_64-mavericks, r-release-windows-ix86+x86_64, r-oldrel-windows-ix86+x86_64

Version: 1.01-2
Flags: --no-stop-on-test-error
Check: DESCRIPTION meta-information
Result: NOTE
    Malformed Description field: should contain one or more complete sentences.
Flavors: r-devel-linux-x86_64-fedora-clang, r-devel-linux-x86_64-fedora-gcc, r-devel-macos-x86_64-clang