CRAN Package Check Results for Package flashClust

Last updated on 2015-05-30 11:50:15.

Flavor Version Tinstall Tcheck Ttotal Status Flags
r-devel-linux-x86_64-debian-clang 1.01-2 1.01 8.74 9.75 NOTE
r-devel-linux-x86_64-debian-gcc 1.01-2 0.96 8.72 9.68 NOTE
r-devel-linux-x86_64-fedora-clang 1.01-2 18.86 NOTE
r-devel-linux-x86_64-fedora-gcc 1.01-2 17.38 NOTE
r-devel-osx-x86_64-clang 1.01-2 22.53 NOTE
r-devel-windows-ix86+x86_64 1.01-2 5.00 19.00 24.00 NOTE
r-patched-linux-x86_64 1.01-2 0.94 8.84 9.78 NOTE
r-patched-solaris-sparc 1.01-2 127.50 NOTE
r-patched-solaris-x86 1.01-2 28.90 NOTE
r-release-linux-x86_64 1.01-2 0.98 8.86 9.84 NOTE
r-release-osx-x86_64-mavericks 1.01-2 NOTE
r-release-osx-x86_64-snowleopard 1.01-2 NOTE
r-release-windows-ix86+x86_64 1.01-2 4.00 22.00 26.00 NOTE
r-oldrel-windows-ix86+x86_64 1.01-2 8.00 21.00 29.00 OK

Check Details

Version: 1.01-2
Check: DESCRIPTION meta-information
Result: NOTE
    Malformed Description field: should contain one or more complete sentences.
Flavors: r-devel-linux-x86_64-debian-clang, r-devel-linux-x86_64-debian-gcc, r-devel-linux-x86_64-fedora-clang, r-devel-linux-x86_64-fedora-gcc, r-devel-osx-x86_64-clang, r-devel-windows-ix86+x86_64, r-patched-linux-x86_64, r-patched-solaris-sparc, r-patched-solaris-x86, r-release-linux-x86_64, r-release-osx-x86_64-mavericks, r-release-osx-x86_64-snowleopard, r-release-windows-ix86+x86_64