CRAN Package Check Results for Package flashClust

Last updated on 2017-04-23 23:51:00.

Flavor Version Tinstall Tcheck Ttotal Status Flags
r-devel-linux-x86_64-debian-clang 1.01-2 1.19 10.81 12.00 NOTE
r-devel-linux-x86_64-debian-gcc 1.01-2 1.11 10.67 11.78 NOTE
r-devel-linux-x86_64-fedora-clang 1.01-2 19.36 NOTE --no-stop-on-test-error
r-devel-linux-x86_64-fedora-gcc 1.01-2 18.88 NOTE --no-stop-on-test-error
r-devel-windows-ix86+x86_64 1.01-2 6.00 32.00 38.00 NOTE
r-patched-linux-x86_64 1.01-2 1.18 10.61 11.79 NOTE
r-patched-solaris-sparc 1.01-2 118.00 NOTE
r-patched-solaris-x86 1.01-2 27.90 NOTE
r-release-linux-x86_64 1.01-2 1.10 10.80 11.90 NOTE
r-release-windows-ix86+x86_64 1.01-2 6.00 27.00 33.00 NOTE
r-release-osx-x86_64 1.01-2 NOTE
r-oldrel-windows-ix86+x86_64 1.01-2 4.00 25.00 29.00 NOTE
r-oldrel-osx-x86_64 1.01-2 NOTE

Check Details

Version: 1.01-2
Check: DESCRIPTION meta-information
Result: NOTE
    Malformed Description field: should contain one or more complete sentences.
Flavors: r-devel-linux-x86_64-debian-clang, r-devel-linux-x86_64-debian-gcc, r-devel-windows-ix86+x86_64, r-patched-linux-x86_64, r-patched-solaris-sparc, r-patched-solaris-x86, r-release-linux-x86_64, r-release-windows-ix86+x86_64, r-release-osx-x86_64, r-oldrel-windows-ix86+x86_64, r-oldrel-osx-x86_64

Version: 1.01-2
Check: compiled code
Result: NOTE
    File ‘flashClust/libs/flashClust.so’:
     Found no calls to: ‘R_registerRoutines’, ‘R_useDynamicSymbols’
    
    It is good practice to register native routines and to disable symbol
    search.
    
    See ‘Writing portable packages’ in the ‘Writing R Extensions’ manual.
Flavors: r-devel-linux-x86_64-debian-clang, r-devel-linux-x86_64-debian-gcc, r-patched-linux-x86_64, r-release-linux-x86_64

Version: 1.01-2
Flags: --no-stop-on-test-error
Check: DESCRIPTION meta-information
Result: NOTE
    Malformed Description field: should contain one or more complete sentences.
Flavors: r-devel-linux-x86_64-fedora-clang, r-devel-linux-x86_64-fedora-gcc

Version: 1.01-2
Flags: --no-stop-on-test-error
Check: compiled code
Result: NOTE
    File ‘flashClust/libs/flashClust.so’:
     Found no calls to: ‘R_registerRoutines’, ‘R_useDynamicSymbols’
    
    It is good practice to register native routines and to disable symbol
    search.
    
    See ‘Writing portable packages’ in the ‘Writing R Extensions’ manual.
Flavors: r-devel-linux-x86_64-fedora-clang, r-devel-linux-x86_64-fedora-gcc