CRAN Package Check Results for Package flashClust

Last updated on 2016-09-30 23:47:54.

Flavor Version Tinstall Tcheck Ttotal Status Flags
r-devel-linux-x86_64-debian-clang 1.01-2 1.16 9.41 10.57 NOTE
r-devel-linux-x86_64-debian-gcc 1.01-2 1.13 9.21 10.34 NOTE
r-devel-linux-x86_64-fedora-clang 1.01-2 17.86 NOTE
r-devel-linux-x86_64-fedora-gcc 1.01-2 15.12 NOTE
r-devel-macos-x86_64-clang 1.01-2 15.27 NOTE
r-devel-windows-ix86+x86_64 1.01-2 11.00 24.00 35.00 NOTE
r-patched-linux-x86_64 1.01-2 0.97 8.90 9.87 NOTE
r-patched-solaris-sparc 1.01-2 96.60 NOTE
r-patched-solaris-x86 1.01-2 23.10 NOTE
r-release-linux-x86_64 1.01-2 1.05 8.87 9.92 NOTE
r-release-osx-x86_64-mavericks 1.01-2 NOTE
r-release-windows-ix86+x86_64 1.01-2 6.00 23.00 29.00 NOTE
r-oldrel-windows-ix86+x86_64 1.01-2 6.00 19.00 25.00 NOTE

Check Details

Version: 1.01-2
Check: DESCRIPTION meta-information
Result: NOTE
    Malformed Description field: should contain one or more complete sentences.
Flavors: r-devel-linux-x86_64-debian-clang, r-devel-linux-x86_64-debian-gcc, r-devel-linux-x86_64-fedora-clang, r-devel-linux-x86_64-fedora-gcc, r-devel-macos-x86_64-clang, r-devel-windows-ix86+x86_64, r-patched-linux-x86_64, r-patched-solaris-sparc, r-patched-solaris-x86, r-release-linux-x86_64, r-release-osx-x86_64-mavericks, r-release-windows-ix86+x86_64, r-oldrel-windows-ix86+x86_64