CRAN Package Check Results for Package flashClust

Last updated on 2015-02-28 02:48:44.

Flavor Version Tinstall Tcheck Ttotal Status Flags
r-devel-linux-x86_64-debian-clang 1.01-2 0.94 8.74 9.68 NOTE
r-devel-linux-x86_64-debian-gcc 1.01-2 0.93 8.82 9.75 NOTE
r-devel-linux-x86_64-fedora-clang 1.01-2 19.53 NOTE
r-devel-linux-x86_64-fedora-gcc 1.01-2 18.75 NOTE
r-devel-osx-x86_64-clang 1.01-2 22.60 NOTE
r-devel-windows-ix86+x86_64 1.01-2 8.00 19.00 27.00 NOTE
r-patched-linux-x86_64 1.01-2 1.03 9.94 10.97 OK
r-patched-solaris-sparc 1.01-2 119.80 OK
r-release-linux-ix86 1.01-2 1.57 17.60 19.17 OK
r-release-linux-x86_64 1.01-2 1.01 9.72 10.72 OK
r-release-osx-x86_64-mavericks 1.01-2 OK
r-release-windows-ix86+x86_64 1.01-2 6.00 31.00 37.00 OK
r-oldrel-windows-ix86+x86_64 1.01-2 6.00 21.00 27.00 OK

Check Details

Version: 1.01-2
Check: DESCRIPTION meta-information
Result: NOTE
    Malformed Description field: should contain one or more complete sentences.
Flavors: r-devel-linux-x86_64-debian-clang, r-devel-linux-x86_64-debian-gcc, r-devel-linux-x86_64-fedora-clang, r-devel-linux-x86_64-fedora-gcc, r-devel-osx-x86_64-clang, r-devel-windows-ix86+x86_64