CRAN Package Check Results for Package flashClust

Last updated on 2017-03-23 23:50:42.

Flavor Version Tinstall Tcheck Ttotal Status Flags
r-devel-linux-x86_64-debian-clang 1.01-2 1.11 10.74 11.85 NOTE
r-devel-linux-x86_64-debian-gcc 1.01-2 1.20 10.83 12.03 NOTE
r-devel-linux-x86_64-fedora-clang 1.01-2 20.42 NOTE --no-stop-on-test-error
r-devel-linux-x86_64-fedora-gcc 1.01-2 19.20 NOTE --no-stop-on-test-error
r-devel-macos-x86_64-clang 1.01-2 17.24 NOTE --no-stop-on-test-error
r-devel-windows-ix86+x86_64 1.01-2 8.00 30.00 38.00 NOTE
r-patched-linux-x86_64 1.01-2 1.02 8.77 9.79 NOTE
r-patched-solaris-sparc 1.01-2 118.00 NOTE
r-patched-solaris-x86 1.01-2 28.90 NOTE
r-release-linux-x86_64 1.01-2 1.02 8.92 9.94 NOTE
r-release-osx-x86_64-mavericks 1.01-2 NOTE
r-release-windows-ix86+x86_64 1.01-2 4.00 25.00 29.00 NOTE
r-oldrel-windows-ix86+x86_64 1.01-2 5.00 25.00 30.00 NOTE

Check Details

Version: 1.01-2
Check: DESCRIPTION meta-information
Result: NOTE
    Malformed Description field: should contain one or more complete sentences.
Flavors: r-devel-linux-x86_64-debian-clang, r-devel-linux-x86_64-debian-gcc, r-devel-windows-ix86+x86_64, r-patched-linux-x86_64, r-patched-solaris-sparc, r-patched-solaris-x86, r-release-linux-x86_64, r-release-osx-x86_64-mavericks, r-release-windows-ix86+x86_64, r-oldrel-windows-ix86+x86_64

Version: 1.01-2
Check: compiled code
Result: NOTE
    File ‘flashClust/libs/flashClust.so’:
     Found no calls to: ‘R_registerRoutines’, ‘R_useDynamicSymbols’
    
    It is good practice to register native routines and to disable symbol
    search.
    
    See ‘Writing portable packages’ in the ‘Writing R Extensions’ manual.
Flavors: r-devel-linux-x86_64-debian-clang, r-devel-linux-x86_64-debian-gcc

Version: 1.01-2
Flags: --no-stop-on-test-error
Check: DESCRIPTION meta-information
Result: NOTE
    Malformed Description field: should contain one or more complete sentences.
Flavors: r-devel-linux-x86_64-fedora-clang, r-devel-linux-x86_64-fedora-gcc, r-devel-macos-x86_64-clang

Version: 1.01-2
Flags: --no-stop-on-test-error
Check: compiled code
Result: NOTE
    File ‘flashClust/libs/flashClust.so’:
     Found no calls to: ‘R_registerRoutines’, ‘R_useDynamicSymbols’
    
    It is good practice to register native routines and to disable symbol
    search.
    
    See ‘Writing portable packages’ in the ‘Writing R Extensions’ manual.
Flavors: r-devel-linux-x86_64-fedora-clang, r-devel-linux-x86_64-fedora-gcc, r-devel-macos-x86_64-clang