CRAN Package Check Results for Package flashClust

Last updated on 2016-05-29 11:47:55.

Flavor Version Tinstall Tcheck Ttotal Status Flags
r-devel-linux-x86_64-debian-gcc 1.01-2 1.04 8.93 9.97 NOTE
r-devel-linux-x86_64-fedora-clang 1.01-2 17.44 NOTE
r-devel-linux-x86_64-fedora-gcc 1.01-2 15.06 NOTE
r-devel-osx-x86_64-clang 1.01-2 19.82 NOTE
r-devel-windows-ix86+x86_64 1.01-2 6.00 24.00 30.00 NOTE
r-patched-linux-x86_64 1.01-2 0.97 8.73 9.70 NOTE
r-patched-solaris-sparc 1.01-2 97.20 NOTE
r-patched-solaris-x86 1.01-2 23.60 NOTE
r-release-linux-x86_64 1.01-2 1.04 8.71 9.75 NOTE
r-release-osx-x86_64-mavericks 1.01-2 NOTE
r-release-windows-ix86+x86_64 1.01-2 7.00 33.00 40.00 NOTE
r-oldrel-windows-ix86+x86_64 1.01-2 6.00 19.00 25.00 NOTE

Check Details

Version: 1.01-2
Check: DESCRIPTION meta-information
Result: NOTE
    Malformed Description field: should contain one or more complete sentences.
Flavors: r-devel-linux-x86_64-debian-gcc, r-devel-linux-x86_64-fedora-clang, r-devel-linux-x86_64-fedora-gcc, r-devel-osx-x86_64-clang, r-devel-windows-ix86+x86_64, r-patched-linux-x86_64, r-patched-solaris-sparc, r-patched-solaris-x86, r-release-linux-x86_64, r-release-osx-x86_64-mavericks, r-release-windows-ix86+x86_64, r-oldrel-windows-ix86+x86_64