CRAN Package Check Results for Package flashClust

Last updated on 2016-12-04 08:46:52.

Flavor Version Tinstall Tcheck Ttotal Status Flags
r-devel-linux-x86_64-debian-clang 1.01-2 1.32 10.18 11.50 NOTE
r-devel-linux-x86_64-debian-gcc 1.01-2 1.21 10.11 11.32 NOTE
r-devel-linux-x86_64-fedora-clang 1.01-2 19.63 NOTE --no-stop-on-test-error
r-devel-linux-x86_64-fedora-gcc 1.01-2 18.67 NOTE
r-devel-macos-x86_64-clang 1.01-2 17.63 NOTE
r-devel-windows-ix86+x86_64 1.01-2 13.00 37.00 50.00 NOTE
r-patched-linux-x86_64 1.01-2 1.02 8.78 9.80 NOTE
r-patched-solaris-sparc 1.01-2 96.60 NOTE
r-patched-solaris-x86 1.01-2 23.40 NOTE
r-release-linux-x86_64 1.01-2 0.97 8.65 9.61 NOTE
r-release-osx-x86_64-mavericks 1.01-2 NOTE
r-release-windows-ix86+x86_64 1.01-2 4.00 25.00 29.00 NOTE
r-oldrel-windows-ix86+x86_64 1.01-2 5.00 25.00 30.00 NOTE

Check Details

Version: 1.01-2
Check: DESCRIPTION meta-information
Result: NOTE
    Malformed Description field: should contain one or more complete sentences.
Flavors: r-devel-linux-x86_64-debian-clang, r-devel-linux-x86_64-debian-gcc, r-devel-linux-x86_64-fedora-gcc, r-devel-macos-x86_64-clang, r-devel-windows-ix86+x86_64, r-patched-linux-x86_64, r-patched-solaris-sparc, r-patched-solaris-x86, r-release-linux-x86_64, r-release-osx-x86_64-mavericks, r-release-windows-ix86+x86_64, r-oldrel-windows-ix86+x86_64

Version: 1.01-2
Flags: --no-stop-on-test-error
Check: DESCRIPTION meta-information
Result: NOTE
    Malformed Description field: should contain one or more complete sentences.
Flavor: r-devel-linux-x86_64-fedora-clang