CRAN Package Check Results for Package flashClust

Last updated on 2018-02-25 19:48:58 CET.

Flavor Version Tinstall Tcheck Ttotal Status Flags
r-devel-linux-x86_64-debian-clang 1.01-2 1.14 16.36 17.50 NOTE
r-devel-linux-x86_64-debian-gcc 1.01-2 0.99 13.10 14.09 NOTE
r-devel-linux-x86_64-fedora-clang 1.01-2 22.17 NOTE
r-devel-linux-x86_64-fedora-gcc 1.01-2 20.68 NOTE
r-devel-windows-ix86+x86_64 1.01-2 11.00 32.00 43.00 NOTE
r-patched-linux-x86_64 1.01-2 1.39 15.27 16.66 NOTE
r-patched-solaris-x86 1.01-2 29.10 NOTE
r-release-linux-x86_64 1.01-2 1.25 15.24 16.49 NOTE
r-release-windows-ix86+x86_64 1.01-2 6.00 28.00 34.00 NOTE
r-release-osx-x86_64 1.01-2 NOTE
r-oldrel-windows-ix86+x86_64 1.01-2 4.00 25.00 29.00 NOTE
r-oldrel-osx-x86_64 1.01-2 NOTE

Check Details

Version: 1.01-2
Check: DESCRIPTION meta-information
Result: NOTE
    Malformed Description field: should contain one or more complete sentences.
Flavors: r-devel-linux-x86_64-debian-clang, r-devel-linux-x86_64-debian-gcc, r-devel-linux-x86_64-fedora-clang, r-devel-linux-x86_64-fedora-gcc, r-devel-windows-ix86+x86_64, r-patched-linux-x86_64, r-patched-solaris-x86, r-release-linux-x86_64, r-release-windows-ix86+x86_64, r-release-osx-x86_64, r-oldrel-windows-ix86+x86_64, r-oldrel-osx-x86_64

Version: 1.01-2
Check: compiled code
Result: NOTE
    File ‘flashClust/libs/flashClust.so’:
     Found no calls to: ‘R_registerRoutines’, ‘R_useDynamicSymbols’
    
    It is good practice to register native routines and to disable symbol
    search.
    
    See ‘Writing portable packages’ in the ‘Writing R Extensions’ manual.
Flavors: r-devel-linux-x86_64-debian-clang, r-devel-linux-x86_64-debian-gcc, r-devel-linux-x86_64-fedora-clang, r-devel-linux-x86_64-fedora-gcc, r-patched-linux-x86_64, r-release-linux-x86_64