CRAN Package Check Results for Package flashClust

Last updated on 2017-05-22 16:48:36.

Flavor Version Tinstall Tcheck Ttotal Status Flags
r-devel-linux-x86_64-debian-clang 1.01-2 1.18 11.10 12.29 NOTE
r-devel-linux-x86_64-debian-gcc 1.01-2 1.06 10.55 11.61 NOTE
r-devel-linux-x86_64-fedora-clang 1.01-2 19.47 NOTE --no-stop-on-test-error
r-devel-linux-x86_64-fedora-gcc 1.01-2 18.39 NOTE --no-stop-on-test-error
r-devel-windows-ix86+x86_64 1.01-2 14.00 39.00 53.00 NOTE
r-patched-linux-x86_64 1.01-2 1.19 10.53 11.71 NOTE
r-patched-solaris-sparc 1.01-2 118.00 NOTE
r-patched-solaris-x86 1.01-2 28.40 NOTE
r-release-linux-x86_64 1.01-2 1.20 10.37 11.57 NOTE
r-release-windows-ix86+x86_64 1.01-2 6.00 27.00 33.00 NOTE
r-release-osx-x86_64 1.01-2 NOTE
r-oldrel-windows-ix86+x86_64 1.01-2 4.00 25.00 29.00 NOTE
r-oldrel-osx-x86_64 1.01-2 NOTE

Check Details

Version: 1.01-2
Check: DESCRIPTION meta-information
Result: NOTE
    Malformed Description field: should contain one or more complete sentences.
Flavors: r-devel-linux-x86_64-debian-clang, r-devel-linux-x86_64-debian-gcc, r-devel-windows-ix86+x86_64, r-patched-linux-x86_64, r-patched-solaris-sparc, r-patched-solaris-x86, r-release-linux-x86_64, r-release-windows-ix86+x86_64, r-release-osx-x86_64, r-oldrel-windows-ix86+x86_64, r-oldrel-osx-x86_64

Version: 1.01-2
Check: compiled code
Result: NOTE
    File ‘flashClust/libs/flashClust.so’:
     Found no calls to: ‘R_registerRoutines’, ‘R_useDynamicSymbols’
    
    It is good practice to register native routines and to disable symbol
    search.
    
    See ‘Writing portable packages’ in the ‘Writing R Extensions’ manual.
Flavors: r-devel-linux-x86_64-debian-clang, r-devel-linux-x86_64-debian-gcc, r-patched-linux-x86_64, r-release-linux-x86_64

Version: 1.01-2
Flags: --no-stop-on-test-error
Check: DESCRIPTION meta-information
Result: NOTE
    Malformed Description field: should contain one or more complete sentences.
Flavors: r-devel-linux-x86_64-fedora-clang, r-devel-linux-x86_64-fedora-gcc

Version: 1.01-2
Flags: --no-stop-on-test-error
Check: compiled code
Result: NOTE
    File ‘flashClust/libs/flashClust.so’:
     Found no calls to: ‘R_registerRoutines’, ‘R_useDynamicSymbols’
    
    It is good practice to register native routines and to disable symbol
    search.
    
    See ‘Writing portable packages’ in the ‘Writing R Extensions’ manual.
Flavors: r-devel-linux-x86_64-fedora-clang, r-devel-linux-x86_64-fedora-gcc