CRAN Package Check Results for Package flashClust

Last updated on 2016-07-29 05:49:01.

Flavor Version Tinstall Tcheck Ttotal Status Flags
r-devel-linux-x86_64-debian-clang 1.01-2 1.10 9.10 10.21 NOTE
r-devel-linux-x86_64-debian-gcc 1.01-2 1.24 9.73 10.97 NOTE
r-devel-linux-x86_64-fedora-clang 1.01-2 15.78 NOTE
r-devel-linux-x86_64-fedora-gcc 1.01-2 14.61 NOTE
r-devel-osx-x86_64-clang 1.01-2 15.09 NOTE
r-devel-windows-ix86+x86_64 1.01-2 5.00 24.00 29.00 NOTE
r-patched-linux-x86_64 1.01-2 1.12 10.90 12.03 NOTE
r-patched-solaris-sparc 1.01-2 96.60 NOTE
r-patched-solaris-x86 1.01-2 23.30 NOTE
r-release-linux-x86_64 1.01-2 1.10 10.91 12.00 NOTE
r-release-osx-x86_64-mavericks 1.01-2 NOTE
r-release-windows-ix86+x86_64 1.01-2 7.00 33.00 40.00 NOTE
r-oldrel-windows-ix86+x86_64 1.01-2 6.00 19.00 25.00 NOTE

Check Details

Version: 1.01-2
Check: DESCRIPTION meta-information
Result: NOTE
    Malformed Description field: should contain one or more complete sentences.
Flavors: r-devel-linux-x86_64-debian-clang, r-devel-linux-x86_64-debian-gcc, r-devel-linux-x86_64-fedora-clang, r-devel-linux-x86_64-fedora-gcc, r-devel-osx-x86_64-clang, r-devel-windows-ix86+x86_64, r-patched-linux-x86_64, r-patched-solaris-sparc, r-patched-solaris-x86, r-release-linux-x86_64, r-release-osx-x86_64-mavericks, r-release-windows-ix86+x86_64, r-oldrel-windows-ix86+x86_64