CRAN Package Check Results for Package flattabler

Last updated on 2022-08-15 04:50:15 CEST.

Flavor Version Tinstall Tcheck Ttotal Status Flags
r-devel-linux-x86_64-debian-clang 1.2.0 3.34 75.99 79.33 OK
r-devel-linux-x86_64-debian-gcc 1.2.0 2.81 54.94 57.75 OK
r-devel-linux-x86_64-fedora-clang 1.2.0 100.44 NOTE
r-devel-linux-x86_64-fedora-gcc 1.2.0 99.84 NOTE
r-devel-windows-x86_64 1.2.0 8.00 112.00 120.00 OK
r-patched-linux-x86_64 1.2.0 3.67 69.35 73.02 OK
r-release-linux-x86_64 1.2.0 3.14 68.44 71.58 OK
r-release-macos-arm64 1.2.0 23.00 NOTE
r-release-macos-x86_64 1.2.0 60.00 NOTE
r-release-windows-x86_64 1.2.0 75.00 118.00 193.00 OK
r-oldrel-macos-arm64 1.2.0 29.00 NOTE
r-oldrel-macos-x86_64 1.2.0 36.00 NOTE
r-oldrel-windows-ix86+x86_64 1.2.0 9.00 99.00 108.00 OK

Check Details

Version: 1.2.0
Check: dependencies in R code
Result: NOTE
    Namespace in Imports field not imported from: ‘tidyr’
     All declared Imports should be used.
Flavors: r-devel-linux-x86_64-fedora-clang, r-devel-linux-x86_64-fedora-gcc, r-release-macos-arm64, r-release-macos-x86_64, r-oldrel-macos-arm64, r-oldrel-macos-x86_64

Version: 1.2.0
Check: data for non-ASCII characters
Result: NOTE
     Note: found 82 marked UTF-8 strings
Flavors: r-devel-linux-x86_64-fedora-clang, r-devel-linux-x86_64-fedora-gcc, r-release-macos-arm64, r-release-macos-x86_64, r-oldrel-macos-arm64, r-oldrel-macos-x86_64