CRAN Package Check Results for Package flexCWM

Last updated on 2016-05-26 23:49:51.

Flavor Version Tinstall Tcheck Ttotal Status Flags
r-devel-linux-x86_64-debian-gcc 1.5 1.46 23.20 24.65 NOTE
r-devel-linux-x86_64-fedora-clang 1.5 49.09 NOTE
r-devel-linux-x86_64-fedora-gcc 1.5 39.87 NOTE
r-devel-osx-x86_64-clang 1.5 47.81 NOTE
r-devel-windows-ix86+x86_64 1.5 7.00 44.00 51.00 NOTE
r-patched-linux-x86_64 1.5 1.27 22.16 23.43 NOTE
r-patched-solaris-sparc 1.5 260.80 NOTE
r-patched-solaris-x86 1.5 61.40 NOTE
r-release-linux-x86_64 1.5 1.28 21.84 23.13 NOTE
r-release-osx-x86_64-mavericks 1.5 WARN
r-release-windows-ix86+x86_64 1.5 10.00 45.00 55.00 NOTE
r-oldrel-windows-ix86+x86_64 1.5 5.00 65.00 70.00 OK

Check Details

Version: 1.5
Check: R code for possible problems
Result: NOTE
    .BinomialX : f: no visible global function definition for ‘dbinom’
    .BinomialX: no visible global function definition for ‘optimize’
    .PX_Poisson: no visible global function definition for ‘dpois’
    .PX_bin: no visible global function definition for ‘dbinom’
    .PX_multi: no visible global function definition for ‘dmultinom’
    .PX_norm: no visible global function definition for ‘mahalanobis’
    .PX_norm: no visible global function definition for ‘dnorm’
    .PoissonX: no visible global function definition for ‘weighted.mean’
    .PoissonX : f: no visible global function definition for ‘dpois’
    .PoissonX: no visible global function definition for ‘optimize’
    .familyY.Gamma : f: no visible global function definition for ‘fitted’
    .familyY.Gamma: no visible binding for global variable ‘glm’
    .familyY.Gamma: no visible global function definition for ‘optimize’
    .familyY.Gamma: no visible global function definition for ‘coef’
    .familyY.Gamma: no visible global function definition for ‘fitted’
    .familyY.binomial: no visible binding for global variable ‘glm’
    .familyY.binomial: no visible global function definition for ‘coef’
    .familyY.binomial: no visible global function definition for ‘fitted’
    .familyY.binomial: no visible global function definition for ‘dbinom’
    .familyY.gaussian: no visible binding for global variable ‘glm’
    .familyY.gaussian: no visible global function definition for ‘fitted’
    .familyY.gaussian: no visible global function definition for ‘coef’
    .familyY.gaussian: no visible global function definition for ‘dnorm’
    .familyY.inverse.gaussian : f: no visible global function definition
     for ‘fitted’
    .familyY.inverse.gaussian: no visible binding for global variable ‘glm’
    .familyY.inverse.gaussian: no visible global function definition for
     ‘optimize’
    .familyY.inverse.gaussian: no visible global function definition for
     ‘coef’
    .familyY.inverse.gaussian: no visible global function definition for
     ‘fitted’
    .familyY.poisson: no visible binding for global variable ‘glm’
    .familyY.poisson: no visible global function definition for ‘coef’
    .familyY.poisson: no visible global function definition for ‘fitted’
    .familyY.poisson: no visible global function definition for ‘dpois’
    .familyY.student.t: no visible binding for global variable ‘glm’
    .familyY.student.t: no visible global function definition for ‘fitted’
    .familyY.student.t: no visible global function definition for ‘coef’
    .getFamily: no visible global function definition for ‘family’
    .plotConcBar: no visible global function definition for ‘dbinom’
    .plotConcBar: no visible global function definition for ‘dpois’
    .plotConcBar: no visible global function definition for ‘barplot’
    .plotConcBar: no visible global function definition for ‘lines’
    .plotConcNorm: no visible global function definition for ‘hist’
    .plotConcNorm : <anonymous>: no visible global function definition for
     ‘dnorm’
    .plotConcNorm: no visible global function definition for ‘density’
    .plotConcNorm: no visible global function definition for ‘plot’
    .plotConcNorm: no visible global function definition for ‘lines’
    .plotConcNorm: no visible global function definition for ‘rug’
    .plotregr: no visible global function definition for ‘quantile’
    .plotregr: no visible global function definition for ‘model.response’
    .plotregr: no visible global function definition for ‘model.frame’
    .plotregr: no visible global function definition for ‘terms’
    .plotregr: no visible global function definition for ‘plot’
    .plotregr: no visible global function definition for ‘predict’
    .plotregr: no visible global function definition for ‘lines’
    .plotregr: no visible global function definition for ‘pairs’
    .postInit: no visible global function definition for ‘kmeans’
    .postInit: no visible global function definition for ‘runif’
    .postInit: no visible global function definition for ‘rmultinom’
    cwm: no visible binding for global variable ‘gaussian’
    cwm: no visible global function definition for ‘get_all_vars’
    cwm: no visible global function definition for ‘as.formula’
    cwm: no visible global function definition for ‘model.response’
    cwm: no visible global function definition for ‘model.frame’
    cwm2: no visible global function definition for ‘fitted’
    cwm2: no visible global function definition for ‘coef’
    denst: no visible global function definition for ‘dnorm’
    dgam: no visible global function definition for ‘dgamma’
    finddf: no visible global function definition for ‘optimize’
    probt : <anonymous>: no visible global function definition for
     ‘integrate’
    quantt: no visible global function definition for ‘optim’
    quantt: no visible global function definition for ‘qnorm’
    randt: no visible global function definition for ‘runif’
    rgam: no visible global function definition for ‘rgamma’
    student.t: no visible global function definition for ‘gaussian’
    summary.cwm: no visible global function definition for ‘printCoefmat’
    summary.cwm: no visible global function definition for ‘coef’
    Undefined global functions or variables:
     as.formula barplot coef dbinom density dgamma dmultinom dnorm dpois
     family fitted gaussian get_all_vars glm hist integrate kmeans lines
     mahalanobis model.frame model.response optim optimize pairs plot
     predict printCoefmat qnorm quantile rgamma rmultinom rug runif terms
     weighted.mean
    Consider adding
     importFrom("graphics", "barplot", "hist", "lines", "pairs", "plot",
     "rug")
     importFrom("stats", "as.formula", "coef", "dbinom", "density",
     "dgamma", "dmultinom", "dnorm", "dpois", "family", "fitted",
     "gaussian", "get_all_vars", "glm", "integrate", "kmeans",
     "mahalanobis", "model.frame", "model.response", "optim",
     "optimize", "predict", "printCoefmat", "qnorm", "quantile",
     "rgamma", "rmultinom", "runif", "terms", "weighted.mean")
    to your NAMESPACE file.
Flavors: r-devel-linux-x86_64-debian-gcc, r-devel-linux-x86_64-fedora-clang, r-devel-linux-x86_64-fedora-gcc, r-devel-osx-x86_64-clang, r-devel-windows-ix86+x86_64, r-patched-linux-x86_64, r-patched-solaris-sparc, r-patched-solaris-x86, r-release-linux-x86_64, r-release-windows-ix86+x86_64

Version: 1.5
Check: dependencies in R code
Result: NOTE
    Invalid MIT-MAGIC-COOKIE-1 keyInvalid MIT-MAGIC-COOKIE-1 key
Flavor: r-release-osx-x86_64-mavericks

Version: 1.5
Check: S3 generic/method consistency
Result: WARN
    Invalid MIT-MAGIC-COOKIE-1 keyInvalid MIT-MAGIC-COOKIE-1 key
    See section ‘Generic functions and methods’ in the ‘Writing R
    Extensions’ manual.
Flavor: r-release-osx-x86_64-mavericks

Version: 1.5
Check: replacement functions
Result: WARN
    Invalid MIT-MAGIC-COOKIE-1 keyInvalid MIT-MAGIC-COOKIE-1 key
    The argument of a replacement function which corresponds to the right
    hand side must be named ‘value’.
Flavor: r-release-osx-x86_64-mavericks

Version: 1.5
Check: foreign function calls
Result: NOTE
    Invalid MIT-MAGIC-COOKIE-1 keyInvalid MIT-MAGIC-COOKIE-1 key
    See chapter ‘System and foreign language interfaces’ in the ‘Writing R
    Extensions’ manual.
Flavor: r-release-osx-x86_64-mavericks

Version: 1.5
Check: R code for possible problems
Result: NOTE
    Invalid MIT-MAGIC-COOKIE-1 keyInvalid MIT-MAGIC-COOKIE-1 key.BinomialX : f: no visible global function definition for ‘dbinom’
    .BinomialX: no visible global function definition for ‘optimize’
    .PX_Poisson: no visible global function definition for ‘dpois’
    .PX_bin: no visible global function definition for ‘dbinom’
    .PX_multi: no visible global function definition for ‘dmultinom’
    .PX_norm: no visible global function definition for ‘mahalanobis’
    .PX_norm: no visible global function definition for ‘dnorm’
    .PoissonX: no visible global function definition for ‘weighted.mean’
    .PoissonX : f: no visible global function definition for ‘dpois’
    .PoissonX: no visible global function definition for ‘optimize’
    .familyY.Gamma : f: no visible global function definition for ‘fitted’
    .familyY.Gamma: no visible binding for global variable ‘glm’
    .familyY.Gamma: no visible global function definition for ‘optimize’
    .familyY.Gamma: no visible global function definition for ‘coef’
    .familyY.Gamma: no visible global function definition for ‘fitted’
    .familyY.binomial: no visible binding for global variable ‘glm’
    .familyY.binomial: no visible global function definition for ‘coef’
    .familyY.binomial: no visible global function definition for ‘fitted’
    .familyY.binomial: no visible global function definition for ‘dbinom’
    .familyY.gaussian: no visible binding for global variable ‘glm’
    .familyY.gaussian: no visible global function definition for ‘fitted’
    .familyY.gaussian: no visible global function definition for ‘coef’
    .familyY.gaussian: no visible global function definition for ‘dnorm’
    .familyY.inverse.gaussian : f: no visible global function definition
     for ‘fitted’
    .familyY.inverse.gaussian: no visible binding for global variable ‘glm’
    .familyY.inverse.gaussian: no visible global function definition for
     ‘optimize’
    .familyY.inverse.gaussian: no visible global function definition for
     ‘coef’
    .familyY.inverse.gaussian: no visible global function definition for
     ‘fitted’
    .familyY.poisson: no visible binding for global variable ‘glm’
    .familyY.poisson: no visible global function definition for ‘coef’
    .familyY.poisson: no visible global function definition for ‘fitted’
    .familyY.poisson: no visible global function definition for ‘dpois’
    .familyY.student.t: no visible binding for global variable ‘glm’
    .familyY.student.t: no visible global function definition for ‘fitted’
    .familyY.student.t: no visible global function definition for ‘coef’
    .getFamily: no visible global function definition for ‘family’
    .plotConcBar: no visible global function definition for ‘dbinom’
    .plotConcBar: no visible global function definition for ‘dpois’
    .plotConcBar: no visible global function definition for ‘barplot’
    .plotConcBar: no visible global function definition for ‘lines’
    .plotConcNorm: no visible global function definition for ‘hist’
    .plotConcNorm : <anonymous>: no visible global function definition for
     ‘dnorm’
    .plotConcNorm: no visible global function definition for ‘density’
    .plotConcNorm: no visible global function definition for ‘plot’
    .plotConcNorm: no visible global function definition for ‘lines’
    .plotConcNorm: no visible global function definition for ‘rug’
    .plotregr: no visible global function definition for ‘quantile’
    .plotregr: no visible global function definition for ‘model.response’
    .plotregr: no visible global function definition for ‘model.frame’
    .plotregr: no visible global function definition for ‘terms’
    .plotregr: no visible global function definition for ‘plot’
    .plotregr: no visible global function definition for ‘predict’
    .plotregr: no visible global function definition for ‘lines’
    .plotregr: no visible global function definition for ‘pairs’
    .postInit: no visible global function definition for ‘kmeans’
    .postInit: no visible global function definition for ‘runif’
    .postInit: no visible global function definition for ‘rmultinom’
    cwm: no visible binding for global variable ‘gaussian’
    cwm: no visible global function definition for ‘get_all_vars’
    cwm: no visible global function definition for ‘as.formula’
    cwm: no visible global function definition for ‘model.response’
    cwm: no visible global function definition for ‘model.frame’
    cwm2: no visible global function definition for ‘fitted’
    cwm2: no visible global function definition for ‘coef’
    denst: no visible global function definition for ‘dnorm’
    dgam: no visible global function definition for ‘dgamma’
    finddf: no visible global function definition for ‘optimize’
    probt : <anonymous>: no visible global function definition for
     ‘integrate’
    quantt: no visible global function definition for ‘optim’
    quantt: no visible global function definition for ‘qnorm’
    randt: no visible global function definition for ‘runif’
    rgam: no visible global function definition for ‘rgamma’
    student.t: no visible global function definition for ‘gaussian’
    summary.cwm: no visible global function definition for ‘printCoefmat’
    summary.cwm: no visible global function definition for ‘coef’
    Undefined global functions or variables:
     as.formula barplot coef dbinom density dgamma dmultinom dnorm dpois
     family fitted gaussian get_all_vars glm hist integrate kmeans lines
     mahalanobis model.frame model.response optim optimize pairs plot
     predict printCoefmat qnorm quantile rgamma rmultinom rug runif terms
     weighted.mean
    Consider adding
     importFrom("graphics", "barplot", "hist", "lines", "pairs", "plot",
     "rug")
     importFrom("stats", "as.formula", "coef", "dbinom", "density",
     "dgamma", "dmultinom", "dnorm", "dpois", "family", "fitted",
     "gaussian", "get_all_vars", "glm", "integrate", "kmeans",
     "mahalanobis", "model.frame", "model.response", "optim",
     "optimize", "predict", "printCoefmat", "qnorm", "quantile",
     "rgamma", "rmultinom", "runif", "terms", "weighted.mean")
    to your NAMESPACE file.
Flavor: r-release-osx-x86_64-mavericks

Version: 1.5
Check: for missing documentation entries
Result: WARN
    Invalid MIT-MAGIC-COOKIE-1 keyInvalid MIT-MAGIC-COOKIE-1 key
    All user-level objects in a package should have documentation entries.
    See chapter ‘Writing R documentation files’ in the ‘Writing R
    Extensions’ manual.
Flavor: r-release-osx-x86_64-mavericks

Version: 1.5
Check: for code/documentation mismatches
Result: WARN
    Invalid MIT-MAGIC-COOKIE-1 keyInvalid MIT-MAGIC-COOKIE-1 key
    Invalid MIT-MAGIC-COOKIE-1 keyInvalid MIT-MAGIC-COOKIE-1 key
    Invalid MIT-MAGIC-COOKIE-1 keyInvalid MIT-MAGIC-COOKIE-1 key
Flavor: r-release-osx-x86_64-mavericks

Version: 1.5
Check: Rd \usage sections
Result: NOTE
    Invalid MIT-MAGIC-COOKIE-1 keyInvalid MIT-MAGIC-COOKIE-1 key
    The \usage entries for S3 methods should use the \method markup and not
    their full name.
    See chapter ‘Writing R documentation files’ in the ‘Writing R
    Extensions’ manual.
Flavor: r-release-osx-x86_64-mavericks