CRAN Package Check Results for Package flexCWM

Last updated on 2015-02-01 20:48:34.

Flavor Version Tinstall Tcheck Ttotal Status Flags
r-devel-linux-x86_64-debian-clang 1.4 1.30 21.02 22.32 OK
r-devel-linux-x86_64-debian-gcc 1.3 1.24 21.40 22.64 NOTE
r-devel-linux-x86_64-fedora-clang 1.4 45.92 OK
r-devel-linux-x86_64-fedora-gcc 1.4 26.85 OK
r-devel-osx-x86_64-clang 1.4 53.50 OK
r-devel-windows-ix86+x86_64 1.3 8.00 34.00 42.00 OK
r-patched-linux-x86_64 1.3 1.86 29.30 31.16 OK
r-patched-solaris-sparc 1.4 324.10 OK
r-patched-solaris-x86 1.4 87.30 OK
r-release-linux-ix86 1.3 2.45 38.44 40.88 OK
r-release-linux-x86_64 1.3 1.81 29.00 30.81 OK
r-release-osx-x86_64-mavericks 1.4 OK
r-release-osx-x86_64-snowleopard 1.4 OK
r-release-windows-ix86+x86_64 1.4 10.00 51.00 61.00 OK
r-oldrel-windows-ix86+x86_64 1.4 11.00 60.00 71.00 OK

Check Details

Version: 1.3
Check: S3 generic/method consistency
Result: NOTE
    Found the following apparent S3 methods exported but not registered:
     print.cwm print.cwm.IC summary.cwm plot.cwm
    See section ‘Registering S3 methods’ in the ‘Writing R Extensions’
    manual.
Flavor: r-devel-linux-x86_64-debian-gcc