CRAN Package Check Results for Package flexclust

Last updated on 2014-10-25 23:46:40.

Flavor Version Tinstall Tcheck Ttotal Status Flags
r-devel-linux-x86_64-debian-clang 1.3-4 2.29 37.27 39.56 NOTE
r-devel-linux-x86_64-debian-gcc 1.3-4 2.37 37.28 39.65 NOTE
r-devel-linux-x86_64-fedora-clang 1.3-4 83.40 NOTE
r-devel-linux-x86_64-fedora-gcc 1.3-4 80.19 NOTE
r-devel-osx-x86_64-clang 1.3-4 74.99 NOTE
r-devel-windows-ix86+x86_64 1.3-4 10.00 72.00 82.00 NOTE
r-patched-linux-x86_64 1.3-4 2.42 39.12 41.54 NOTE
r-patched-solaris-sparc 1.3-4 389.00 NOTE --no-tests
r-patched-solaris-x86 1.3-4 109.70 NOTE
r-release-linux-ix86 1.3-4 3.23 50.34 53.57 NOTE
r-release-linux-x86_64 1.3-4 2.57 39.86 42.43 NOTE
r-release-osx-x86_64-mavericks 1.3-4 NOTE
r-release-windows-ix86+x86_64 1.3-4 9.00 85.00 94.00 NOTE
r-oldrel-windows-ix86+x86_64 1.3-4 14.00 86.00 100.00 NOTE

Check Details

Version: 1.3-4
Check: dependencies in R code
Result: NOTE
    There are ::: calls to the package's namespace in its code. A package
     almost never needs to use ::: for its own objects:
     ‘getData’ ‘newKccaObject’
    See the information on DESCRIPTION files in the chapter ‘Creating R
    packages’ of the ‘Writing R Extensions’ manual.
Flavors: r-devel-linux-x86_64-debian-clang, r-devel-linux-x86_64-debian-gcc, r-devel-linux-x86_64-fedora-clang, r-devel-linux-x86_64-fedora-gcc, r-devel-osx-x86_64-clang, r-devel-windows-ix86+x86_64, r-patched-linux-x86_64, r-patched-solaris-x86, r-release-linux-ix86, r-release-linux-x86_64, r-release-osx-x86_64-mavericks, r-release-windows-ix86+x86_64, r-oldrel-windows-ix86+x86_64

Version: 1.3-4
Check: R code for possible problems
Result: NOTE
    getDifferentCluster: no visible global function definition for
     ‘solve_LSAP’
Flavors: r-devel-linux-x86_64-debian-clang, r-devel-linux-x86_64-debian-gcc, r-devel-linux-x86_64-fedora-clang, r-devel-linux-x86_64-fedora-gcc, r-devel-osx-x86_64-clang, r-devel-windows-ix86+x86_64, r-patched-linux-x86_64, r-patched-solaris-x86

Version: 1.3-4
Flags: --no-tests
Check: dependencies in R code
Result: NOTE
    There are ::: calls to the package's namespace in its code. A package
     almost never needs to use ::: for its own objects:
     ‘getData’ ‘newKccaObject’
    See the information on DESCRIPTION files in the chapter ‘Creating R
    packages’ of the ‘Writing R Extensions’ manual.
Flavor: r-patched-solaris-sparc

Version: 1.3-4
Flags: --no-tests
Check: R code for possible problems
Result: NOTE
    getDifferentCluster: no visible global function definition for
     ‘solve_LSAP’
Flavor: r-patched-solaris-sparc