CRAN Package Check Results for Package flexclust

Last updated on 2014-07-25 19:50:13.

Flavor Version Tinstall Tcheck Ttotal Status Flags
r-devel-linux-x86_64-debian-clang 1.3-4 2.39 39.37 41.76 NOTE
r-devel-linux-x86_64-debian-gcc 1.3-4 2.33 39.49 41.82 NOTE
r-devel-linux-x86_64-fedora-clang 1.3-4 86.43 NOTE
r-devel-linux-x86_64-fedora-gcc 1.3-4 82.34 NOTE
r-devel-osx-x86_64-clang 1.3-4 74.25 NOTE
r-devel-windows-ix86+x86_64 1.3-4 10.00 78.00 88.00 NOTE
r-patched-linux-x86_64 1.3-4 2.36 38.27 40.62 NOTE
r-patched-solaris-sparc 1.3-4 389.40 NOTE --no-tests
r-patched-solaris-x86 1.3-4 91.20 NOTE --no-tests
r-release-linux-ix86 1.3-4 3.21 49.81 53.02 NOTE
r-release-linux-x86_64 1.3-4 2.46 41.18 43.65 NOTE
r-release-osx-x86_64-mavericks 1.3-4 NOTE
r-release-windows-ix86+x86_64 1.3-4 10.00 79.00 89.00 NOTE
r-oldrel-windows-ix86+x86_64 1.3-4 10.00 86.00 96.00 NOTE

Check Details

Version: 1.3-4
Check: dependencies in R code
Result: NOTE
    There are ::: calls to the package's namespace in its code. A package
     almost never needs to use ::: for its own objects:
     ‘getData’ ‘newKccaObject’
    See the information on DESCRIPTION files in the chapter ‘Creating R
    packages’ of the ‘Writing R Extensions’ manual.
Flavors: r-devel-linux-x86_64-debian-clang, r-devel-linux-x86_64-debian-gcc, r-devel-linux-x86_64-fedora-clang, r-devel-linux-x86_64-fedora-gcc, r-devel-osx-x86_64-clang, r-devel-windows-ix86+x86_64, r-patched-linux-x86_64, r-release-linux-ix86, r-release-linux-x86_64, r-release-osx-x86_64-mavericks, r-release-windows-ix86+x86_64, r-oldrel-windows-ix86+x86_64

Version: 1.3-4
Flags: --no-tests
Check: dependencies in R code
Result: NOTE
    There are ::: calls to the package's namespace in its code. A package
     almost never needs to use ::: for its own objects:
     ‘getData’ ‘newKccaObject’
    See the information on DESCRIPTION files in the chapter ‘Creating R
    packages’ of the ‘Writing R Extensions’ manual.
Flavors: r-patched-solaris-sparc, r-patched-solaris-x86