Last updated on 2022-07-06 02:52:27 CEST.
Flavor | Version | Tinstall | Tcheck | Ttotal | Status | Flags |
---|---|---|---|---|---|---|
r-devel-linux-x86_64-debian-clang | 1.4-1 | 14.99 | 90.14 | 105.13 | NOTE | |
r-devel-linux-x86_64-debian-gcc | 1.4-1 | 7.52 | 67.73 | 75.25 | NOTE | |
r-devel-linux-x86_64-fedora-clang | 1.4-1 | 136.38 | NOTE | |||
r-devel-linux-x86_64-fedora-gcc | 1.4-1 | 130.39 | NOTE | |||
r-devel-windows-x86_64 | 1.4-1 | 97.00 | 114.00 | 211.00 | NOTE | |
r-patched-linux-x86_64 | 1.4-1 | 11.96 | 82.59 | 94.55 | OK | |
r-release-linux-x86_64 | 1.4-1 | 12.20 | 84.20 | 96.40 | OK | |
r-release-macos-arm64 | 1.4-1 | 37.00 | OK | |||
r-release-macos-x86_64 | 1.4-1 | 58.00 | OK | |||
r-release-windows-x86_64 | 1.4-1 | 124.00 | 122.00 | 246.00 | OK | |
r-oldrel-macos-arm64 | 1.4-1 | 36.00 | OK | |||
r-oldrel-macos-x86_64 | 1.4-1 | 59.00 | OK | |||
r-oldrel-windows-ix86+x86_64 | 1.4-1 | 29.00 | 152.00 | 181.00 | OK |
Version: 1.4-1
Check: Rd files
Result: NOTE
checkRd: (-1) cclust.Rd:78: Escaped LaTeX specials: \&
checkRd: (-1) randIndex.Rd:53: Escaped LaTeX specials: \&
checkRd: (-1) vacmot.Rd:25: Escaped LaTeX specials: \&
checkRd: (-1) vacmot.Rd:28: Escaped LaTeX specials: \&
Flavors: r-devel-linux-x86_64-debian-clang, r-devel-linux-x86_64-debian-gcc, r-devel-linux-x86_64-fedora-clang, r-devel-linux-x86_64-fedora-gcc, r-devel-windows-x86_64