CRAN Package Check Results for Package flexclust

Last updated on 2015-05-30 17:46:35.

Flavor Version Tinstall Tcheck Ttotal Status Flags
r-devel-linux-x86_64-debian-clang 1.3-4 2.35 34.46 36.81 NOTE
r-devel-linux-x86_64-debian-gcc 1.3-4 2.18 33.78 35.96 NOTE
r-devel-linux-x86_64-fedora-clang 1.3-4 74.68 NOTE
r-devel-linux-x86_64-fedora-gcc 1.3-4 69.46 NOTE
r-devel-osx-x86_64-clang 1.3-4 66.76 NOTE
r-devel-windows-ix86+x86_64 1.3-4 9.00 84.00 93.00 NOTE
r-patched-linux-x86_64 1.3-4 2.17 34.02 36.19 NOTE
r-patched-solaris-sparc 1.3-4 374.10 NOTE --no-tests
r-patched-solaris-x86 1.3-4 93.50 NOTE
r-release-linux-x86_64 1.3-4 2.25 34.44 36.70 NOTE
r-release-osx-x86_64-mavericks 1.3-4 NOTE
r-release-osx-x86_64-snowleopard 1.3-4 NOTE
r-release-windows-ix86+x86_64 1.3-4 11.00 76.00 87.00 NOTE
r-oldrel-windows-ix86+x86_64 1.3-4 12.00 81.00 93.00 NOTE

Check Details

Version: 1.3-4
Check: dependencies in R code
Result: NOTE
    'library' or 'require' call to ‘clue’ in package code.
     Please use :: or requireNamespace() instead.
     See section 'Suggested packages' in the 'Writing R Extensions' manual.
    There are ::: calls to the package's namespace in its code. A package
     almost never needs to use ::: for its own objects:
     ‘getData’ ‘newKccaObject’
Flavors: r-devel-linux-x86_64-debian-clang, r-devel-linux-x86_64-debian-gcc, r-devel-linux-x86_64-fedora-clang, r-devel-linux-x86_64-fedora-gcc, r-devel-osx-x86_64-clang, r-devel-windows-ix86+x86_64, r-patched-linux-x86_64, r-patched-solaris-x86, r-release-linux-x86_64, r-release-osx-x86_64-mavericks, r-release-osx-x86_64-snowleopard, r-release-windows-ix86+x86_64, r-oldrel-windows-ix86+x86_64

Version: 1.3-4
Check: R code for possible problems
Result: NOTE
    getDifferentCluster: no visible global function definition for
     ‘solve_LSAP’
Flavors: r-devel-linux-x86_64-debian-clang, r-devel-linux-x86_64-debian-gcc, r-devel-linux-x86_64-fedora-clang, r-devel-linux-x86_64-fedora-gcc, r-devel-osx-x86_64-clang, r-devel-windows-ix86+x86_64, r-patched-linux-x86_64, r-patched-solaris-x86, r-release-linux-x86_64, r-release-osx-x86_64-mavericks, r-release-osx-x86_64-snowleopard, r-release-windows-ix86+x86_64, r-oldrel-windows-ix86+x86_64

Version: 1.3-4
Flags: --no-tests
Check: dependencies in R code
Result: NOTE
    'library' or 'require' call to ‘clue’ in package code.
     Please use :: or requireNamespace() instead.
     See section 'Suggested packages' in the 'Writing R Extensions' manual.
    There are ::: calls to the package's namespace in its code. A package
     almost never needs to use ::: for its own objects:
     ‘getData’ ‘newKccaObject’
Flavor: r-patched-solaris-sparc

Version: 1.3-4
Flags: --no-tests
Check: R code for possible problems
Result: NOTE
    getDifferentCluster: no visible global function definition for
     ‘solve_LSAP’
Flavor: r-patched-solaris-sparc