CRAN Package Check Results for Package flexclust

Last updated on 2014-04-21 12:43:17.

Flavor Version Tinstall Tcheck Ttotal Status Flags
r-devel-linux-x86_64-debian-clang 1.3-4 2.50 40.63 43.14 NOTE
r-devel-linux-x86_64-debian-gcc 1.3-4 2.65 40.71 43.36 NOTE
r-devel-linux-x86_64-fedora-clang 1.3-4 88.08 NOTE
r-devel-linux-x86_64-fedora-gcc 1.3-4 85.22 NOTE
r-devel-osx-x86_64-clang 1.3-4 68.93 NOTE
r-devel-osx-x86_64-gcc 1.3-4 NOTE
r-devel-windows-ix86+x86_64 1.3-4 11.00 77.00 88.00 NOTE
r-patched-linux-x86_64 1.3-4 2.50 40.29 42.79 NOTE
r-patched-solaris-sparc 1.3-4 389.40 NOTE --no-tests
r-patched-solaris-x86 1.3-4 92.20 NOTE --no-tests
r-release-linux-x86_64 1.3-4 2.55 41.48 44.03 NOTE
r-release-osx-x86_64-mavericks 1.3-4 WARN
r-release-windows-ix86+x86_64 1.3-4 14.00 85.00 99.00 NOTE
r-oldrel-windows-ix86+x86_64 1.3-4 10.00 83.00 93.00 NOTE

Check Details

Version: 1.3-4
Check: dependencies in R code
Result: NOTE
    There are ::: calls to the package's namespace in its code. A package
     almost never needs to use ::: for its own objects:
     ‘getData’ ‘newKccaObject’
    See the information on DESCRIPTION files in the chapter ‘Creating R
    packages’ of the ‘Writing R Extensions’ manual.
Flavors: r-devel-linux-x86_64-debian-clang, r-devel-linux-x86_64-debian-gcc, r-devel-linux-x86_64-fedora-clang, r-devel-linux-x86_64-fedora-gcc, r-devel-osx-x86_64-clang, r-devel-osx-x86_64-gcc, r-devel-windows-ix86+x86_64, r-patched-linux-x86_64, r-release-linux-x86_64, r-release-osx-x86_64-mavericks, r-release-windows-ix86+x86_64, r-oldrel-windows-ix86+x86_64

Version: 1.3-4
Check: package dependencies
Result: NOTE
    Package suggested but not available for checking: ‘seriation’
Flavors: r-devel-osx-x86_64-gcc, r-release-osx-x86_64-mavericks

Version: 1.3-4
Flags: --no-tests
Check: dependencies in R code
Result: NOTE
    There are ::: calls to the package's namespace in its code. A package
     almost never needs to use ::: for its own objects:
     ‘getData’ ‘newKccaObject’
    See the information on DESCRIPTION files in the chapter ‘Creating R
    packages’ of the ‘Writing R Extensions’ manual.
Flavors: r-patched-solaris-sparc, r-patched-solaris-x86

Version: 1.3-4
Check: PDF version of manual
Result: WARNING
    LaTeX errors when creating PDF version.
    This typically indicates Rd problems.
    LaTeX errors found:
    ! LaTeX Error: File `upquote.sty' not found.
    
    Type X to quit or <RETURN> to proceed,
    or enter new name. (Default extension: sty)
    
    8feda35/Rd2.tex:8: ==> Fatal error occurred, no output PDF file produced!
Flavor: r-release-osx-x86_64-mavericks