CRAN Package Check Results for Package flexclust

Last updated on 2015-02-01 11:47:11.

Flavor Version Tinstall Tcheck Ttotal Status Flags
r-devel-linux-x86_64-debian-clang 1.3-4 2.13 35.08 37.21 NOTE
r-devel-linux-x86_64-debian-gcc 1.3-4 2.14 33.79 35.94 NOTE
r-devel-linux-x86_64-fedora-clang 1.3-4 81.22 NOTE
r-devel-linux-x86_64-fedora-gcc 1.3-4 75.36 NOTE
r-devel-osx-x86_64-clang 1.3-4 76.43 NOTE
r-devel-windows-ix86+x86_64 1.3-4 16.00 75.00 91.00 NOTE
r-patched-linux-x86_64 1.3-4 2.40 39.02 41.42 NOTE
r-patched-solaris-sparc 1.3-4 404.00 NOTE --no-tests
r-patched-solaris-x86 1.3-4 108.20 NOTE
r-release-linux-ix86 1.3-4 3.04 47.89 50.93 NOTE
r-release-linux-x86_64 1.3-4 3.11 38.39 41.50 NOTE
r-release-osx-x86_64-mavericks 1.3-4 NOTE
r-release-windows-ix86+x86_64 1.3-4 12.00 85.00 97.00 NOTE
r-oldrel-windows-ix86+x86_64 1.3-4 13.00 100.00 113.00 NOTE

Check Details

Version: 1.3-4
Check: dependencies in R code
Result: NOTE
    'library' or 'require' call to ‘clue’ in package code.
     Please use :: or requireNamespace() instead.
     See section 'Suggested packages' in the 'Writing R Extensions' manual.
    There are ::: calls to the package's namespace in its code. A package
     almost never needs to use ::: for its own objects:
     ‘getData’ ‘newKccaObject’
Flavors: r-devel-linux-x86_64-debian-clang, r-devel-linux-x86_64-debian-gcc, r-devel-linux-x86_64-fedora-clang, r-devel-linux-x86_64-fedora-gcc, r-devel-osx-x86_64-clang, r-devel-windows-ix86+x86_64

Version: 1.3-4
Check: R code for possible problems
Result: NOTE
    getDifferentCluster: no visible global function definition for
     ‘solve_LSAP’
Flavors: r-devel-linux-x86_64-debian-clang, r-devel-linux-x86_64-debian-gcc, r-devel-linux-x86_64-fedora-clang, r-devel-linux-x86_64-fedora-gcc, r-devel-osx-x86_64-clang, r-devel-windows-ix86+x86_64, r-patched-linux-x86_64, r-patched-solaris-x86, r-release-linux-ix86, r-release-linux-x86_64, r-release-osx-x86_64-mavericks, r-release-windows-ix86+x86_64

Version: 1.3-4
Check: dependencies in R code
Result: NOTE
    There are ::: calls to the package's namespace in its code. A package
     almost never needs to use ::: for its own objects:
     ‘getData’ ‘newKccaObject’
    See the information on DESCRIPTION files in the chapter ‘Creating R
    packages’ of the ‘Writing R Extensions’ manual.
Flavors: r-patched-linux-x86_64, r-patched-solaris-x86, r-release-linux-ix86, r-release-linux-x86_64, r-release-osx-x86_64-mavericks, r-release-windows-ix86+x86_64, r-oldrel-windows-ix86+x86_64

Version: 1.3-4
Flags: --no-tests
Check: dependencies in R code
Result: NOTE
    There are ::: calls to the package's namespace in its code. A package
     almost never needs to use ::: for its own objects:
     ‘getData’ ‘newKccaObject’
    See the information on DESCRIPTION files in the chapter ‘Creating R
    packages’ of the ‘Writing R Extensions’ manual.
Flavor: r-patched-solaris-sparc

Version: 1.3-4
Flags: --no-tests
Check: R code for possible problems
Result: NOTE
    getDifferentCluster: no visible global function definition for
     ‘solve_LSAP’
Flavor: r-patched-solaris-sparc