CRAN Package Check Results for Package flexclust

Last updated on 2014-11-22 17:49:21.

Flavor Version Tinstall Tcheck Ttotal Status Flags
r-devel-linux-x86_64-debian-clang 1.3-4 2.34 38.62 40.96 NOTE
r-devel-linux-x86_64-debian-gcc 1.3-4 2.32 36.55 38.87 NOTE
r-devel-linux-x86_64-fedora-clang 1.3-4 84.86 NOTE
r-devel-linux-x86_64-fedora-gcc 1.3-4 81.66 NOTE
r-devel-osx-x86_64-clang 1.3-4 77.08 NOTE
r-devel-windows-ix86+x86_64 1.3-4 10.00 107.00 117.00 NOTE
r-patched-linux-x86_64 1.3-4 2.54 38.31 40.85 NOTE
r-patched-solaris-sparc 1.3-4 389.00 NOTE --no-tests
r-patched-solaris-x86 1.3-4 108.60 NOTE
r-release-linux-ix86 1.3-4 3.12 47.38 50.50 NOTE
r-release-linux-x86_64 1.3-4 2.42 38.58 41.01 NOTE
r-release-osx-x86_64-mavericks 1.3-4 NOTE
r-release-windows-ix86+x86_64 1.3-4 13.00 91.00 104.00 NOTE
r-oldrel-windows-ix86+x86_64 1.3-4 10.00 83.00 93.00 NOTE

Check Details

Version: 1.3-4
Check: dependencies in R code
Result: NOTE
    There are ::: calls to the package's namespace in its code. A package
     almost never needs to use ::: for its own objects:
     ‘getData’ ‘newKccaObject’
    See the information on DESCRIPTION files in the chapter ‘Creating R
    packages’ of the ‘Writing R Extensions’ manual.
Flavors: r-devel-linux-x86_64-debian-clang, r-devel-linux-x86_64-debian-gcc, r-devel-linux-x86_64-fedora-clang, r-devel-linux-x86_64-fedora-gcc, r-devel-osx-x86_64-clang, r-devel-windows-ix86+x86_64, r-patched-linux-x86_64, r-patched-solaris-x86, r-release-linux-ix86, r-release-linux-x86_64, r-release-osx-x86_64-mavericks, r-release-windows-ix86+x86_64, r-oldrel-windows-ix86+x86_64

Version: 1.3-4
Check: R code for possible problems
Result: NOTE
    getDifferentCluster: no visible global function definition for
     ‘solve_LSAP’
Flavors: r-devel-linux-x86_64-debian-clang, r-devel-linux-x86_64-debian-gcc, r-devel-linux-x86_64-fedora-clang, r-devel-linux-x86_64-fedora-gcc, r-devel-osx-x86_64-clang, r-devel-windows-ix86+x86_64, r-patched-linux-x86_64, r-patched-solaris-x86, r-release-linux-ix86, r-release-linux-x86_64, r-release-windows-ix86+x86_64

Version: 1.3-4
Flags: --no-tests
Check: dependencies in R code
Result: NOTE
    There are ::: calls to the package's namespace in its code. A package
     almost never needs to use ::: for its own objects:
     ‘getData’ ‘newKccaObject’
    See the information on DESCRIPTION files in the chapter ‘Creating R
    packages’ of the ‘Writing R Extensions’ manual.
Flavor: r-patched-solaris-sparc

Version: 1.3-4
Flags: --no-tests
Check: R code for possible problems
Result: NOTE
    getDifferentCluster: no visible global function definition for
     ‘solve_LSAP’
Flavor: r-patched-solaris-sparc