CRAN Package Check Results for Package flexclust

Last updated on 2016-06-28 14:48:23.

Flavor Version Tinstall Tcheck Ttotal Status Flags
r-devel-linux-x86_64-debian-gcc 1.3-4 2.31 35.80 38.11 NOTE
r-devel-linux-x86_64-fedora-clang 1.3-4 68.96 NOTE
r-devel-linux-x86_64-fedora-gcc 1.3-4 65.67 NOTE
r-devel-osx-x86_64-clang 1.3-4 57.61 NOTE
r-devel-windows-ix86+x86_64 1.3-4 16.00 126.00 142.00 NOTE
r-patched-linux-x86_64 1.3-4 2.88 37.19 40.06 NOTE
r-patched-solaris-sparc 1.3-4 350.90 NOTE --no-tests
r-patched-solaris-x86 1.3-4 86.40 NOTE
r-release-linux-x86_64 1.3-4 2.51 36.48 38.99 NOTE
r-release-osx-x86_64-mavericks 1.3-4 NOTE
r-release-windows-ix86+x86_64 1.3-4 14.00 125.00 139.00 NOTE
r-oldrel-windows-ix86+x86_64 1.3-4 18.00 78.00 96.00 NOTE

Check Details

Version: 1.3-4
Check: dependencies in R code
Result: NOTE
    'library' or 'require' call to ‘clue’ in package code.
     Please use :: or requireNamespace() instead.
     See section 'Suggested packages' in the 'Writing R Extensions' manual.
    There are ::: calls to the package's namespace in its code. A package
     almost never needs to use ::: for its own objects:
     ‘getData’ ‘newKccaObject’
Flavors: r-devel-linux-x86_64-debian-gcc, r-devel-linux-x86_64-fedora-clang, r-devel-linux-x86_64-fedora-gcc, r-devel-osx-x86_64-clang, r-devel-windows-ix86+x86_64, r-patched-linux-x86_64, r-patched-solaris-x86, r-release-linux-x86_64, r-release-osx-x86_64-mavericks, r-release-windows-ix86+x86_64, r-oldrel-windows-ix86+x86_64

Version: 1.3-4
Check: R code for possible problems
Result: NOTE
    as.kcca.hclust: no visible global function definition for ‘cutree’
    bootFlexclust: no visible global function definition for ‘runif’
    boxOverlap: no visible binding for global variable ‘quantile’
    cclust: no visible global function definition for ‘complete.cases’
    centMedian: no visible binding for global variable ‘median’
    centOptim: no visible global function definition for ‘optim’
    centOptim01: no visible global function definition for ‘optim’
    clusterEllipses: no visible global function definition for ‘cov’
    clusterHulls: no visible global function definition for
     ‘complete.cases’
    clusterHulls: no visible global function definition for ‘median’
    clusterHulls: no visible global function definition for ‘chull’
    distCor: no visible global function definition for ‘cor’
    getDifferentCluster: no visible global function definition for
     ‘solve_LSAP’
    kcca: no visible global function definition for ‘complete.cases’
    kccaFamily : <anonymous>: no visible binding for global variable
     ‘median’
    kruskalTest: no visible global function definition for ‘kruskal.test’
    kruskalTest: no visible global function definition for ‘p.adjust’
    medianInside: no visible binding for global variable ‘median’
    medianInside: no visible binding for global variable ‘quantile’
    panelShadow: no visible global function definition for ‘hcl’
    panelShadow: no visible global function definition for ‘approx’
    panelShadowBP: no visible global function definition for ‘quantile’
    panelShadowViolin: no visible global function definition for ‘density’
    perturbClusters: no visible global function definition for ‘runif’
    priceFeature : circle: no visible global function definition for
     ‘runif’
    priceFeature : square: no visible global function definition for
     ‘runif’
    propBarchart: no visible global function definition for ‘aggregate’
    propBarchart: no visible global function definition for ‘p.adjust’
    randomTourMatrix: no visible global function definition for ‘rnorm’
    randomTourRennes: no visible global function definition for ‘rnorm’
    shadowStars: no visible global function definition for ‘dist’
    stepFlexclust : bestKcca: no visible global function definition for
     ‘runif’
    stripes: no visible global function definition for ‘grey’
    placeLabels,projAxes: no visible global function definition for ‘tail’
    Undefined global functions or variables:
     aggregate approx chull complete.cases cor cov cutree density dist
     grey hcl kruskal.test median optim p.adjust quantile rnorm runif
     solve_LSAP tail
    Consider adding
     importFrom("grDevices", "chull", "grey", "hcl")
     importFrom("stats", "aggregate", "approx", "complete.cases", "cor",
     "cov", "cutree", "density", "dist", "kruskal.test",
     "median", "optim", "p.adjust", "quantile", "rnorm", "runif")
     importFrom("utils", "tail")
    to your NAMESPACE file.
Flavors: r-devel-linux-x86_64-debian-gcc, r-devel-linux-x86_64-fedora-clang, r-devel-linux-x86_64-fedora-gcc, r-devel-osx-x86_64-clang, r-devel-windows-ix86+x86_64, r-patched-linux-x86_64, r-patched-solaris-x86, r-release-linux-x86_64, r-release-osx-x86_64-mavericks, r-release-windows-ix86+x86_64

Version: 1.3-4
Flags: --no-tests
Check: dependencies in R code
Result: NOTE
    'library' or 'require' call to ‘clue’ in package code.
     Please use :: or requireNamespace() instead.
     See section 'Suggested packages' in the 'Writing R Extensions' manual.
    There are ::: calls to the package's namespace in its code. A package
     almost never needs to use ::: for its own objects:
     ‘getData’ ‘newKccaObject’
Flavor: r-patched-solaris-sparc

Version: 1.3-4
Flags: --no-tests
Check: R code for possible problems
Result: NOTE
    as.kcca.hclust: no visible global function definition for ‘cutree’
    bootFlexclust: no visible global function definition for ‘runif’
    boxOverlap: no visible binding for global variable ‘quantile’
    cclust: no visible global function definition for ‘complete.cases’
    centMedian: no visible binding for global variable ‘median’
    centOptim: no visible global function definition for ‘optim’
    centOptim01: no visible global function definition for ‘optim’
    clusterEllipses: no visible global function definition for ‘cov’
    clusterHulls: no visible global function definition for
     ‘complete.cases’
    clusterHulls: no visible global function definition for ‘median’
    clusterHulls: no visible global function definition for ‘chull’
    distCor: no visible global function definition for ‘cor’
    getDifferentCluster: no visible global function definition for
     ‘solve_LSAP’
    kcca: no visible global function definition for ‘complete.cases’
    kccaFamily : <anonymous>: no visible binding for global variable
     ‘median’
    kruskalTest: no visible global function definition for ‘kruskal.test’
    kruskalTest: no visible global function definition for ‘p.adjust’
    medianInside: no visible binding for global variable ‘median’
    medianInside: no visible binding for global variable ‘quantile’
    panelShadow: no visible global function definition for ‘hcl’
    panelShadow: no visible global function definition for ‘approx’
    panelShadowBP: no visible global function definition for ‘quantile’
    panelShadowViolin: no visible global function definition for ‘density’
    perturbClusters: no visible global function definition for ‘runif’
    priceFeature : circle: no visible global function definition for
     ‘runif’
    priceFeature : square: no visible global function definition for
     ‘runif’
    propBarchart: no visible global function definition for ‘aggregate’
    propBarchart: no visible global function definition for ‘p.adjust’
    randomTourMatrix: no visible global function definition for ‘rnorm’
    randomTourRennes: no visible global function definition for ‘rnorm’
    shadowStars: no visible global function definition for ‘dist’
    stepFlexclust : bestKcca: no visible global function definition for
     ‘runif’
    stripes: no visible global function definition for ‘grey’
    placeLabels,projAxes: no visible global function definition for ‘tail’
    Undefined global functions or variables:
     aggregate approx chull complete.cases cor cov cutree density dist
     grey hcl kruskal.test median optim p.adjust quantile rnorm runif
     solve_LSAP tail
    Consider adding
     importFrom("grDevices", "chull", "grey", "hcl")
     importFrom("stats", "aggregate", "approx", "complete.cases", "cor",
     "cov", "cutree", "density", "dist", "kruskal.test",
     "median", "optim", "p.adjust", "quantile", "rnorm", "runif")
     importFrom("utils", "tail")
    to your NAMESPACE file.
Flavor: r-patched-solaris-sparc

Version: 1.3-4
Check: R code for possible problems
Result: NOTE
    getDifferentCluster: no visible global function definition for
     'solve_LSAP'
Flavor: r-oldrel-windows-ix86+x86_64