CRAN Package Check Results for Package flexclust

Last updated on 2014-08-30 04:48:11.

Flavor Version Tinstall Tcheck Ttotal Status Flags
r-devel-linux-x86_64-debian-clang 1.3-4 2.37 38.03 40.40 NOTE
r-devel-linux-x86_64-debian-gcc 1.3-4 2.26 37.88 40.14 NOTE
r-devel-linux-x86_64-fedora-clang 1.3-4 85.97 NOTE
r-devel-linux-x86_64-fedora-gcc 1.3-4 79.65 NOTE
r-devel-osx-x86_64-clang 1.3-4 70.76 NOTE
r-devel-windows-ix86+x86_64 1.3-4 12.00 79.00 91.00 NOTE
r-patched-linux-x86_64 1.3-4 2.44 39.97 42.41 NOTE
r-patched-solaris-sparc 1.3-4 412.50 NOTE --no-tests
r-patched-solaris-x86 1.3-4 87.70 NOTE --no-tests
r-release-linux-ix86 1.3-4 3.21 50.01 53.22 NOTE
r-release-linux-x86_64 1.3-4 2.53 38.92 41.45 NOTE
r-release-osx-x86_64-mavericks 1.3-4 NOTE
r-release-windows-ix86+x86_64 1.3-4 10.00 80.00 90.00 NOTE
r-oldrel-windows-ix86+x86_64 1.3-4 11.00 86.00 97.00 NOTE

Check Details

Version: 1.3-4
Check: dependencies in R code
Result: NOTE
    There are ::: calls to the package's namespace in its code. A package
     almost never needs to use ::: for its own objects:
     ‘getData’ ‘newKccaObject’
    See the information on DESCRIPTION files in the chapter ‘Creating R
    packages’ of the ‘Writing R Extensions’ manual.
Flavors: r-devel-linux-x86_64-debian-clang, r-devel-linux-x86_64-debian-gcc, r-devel-linux-x86_64-fedora-clang, r-devel-linux-x86_64-fedora-gcc, r-devel-osx-x86_64-clang, r-devel-windows-ix86+x86_64, r-patched-linux-x86_64, r-release-linux-ix86, r-release-linux-x86_64, r-release-osx-x86_64-mavericks, r-release-windows-ix86+x86_64, r-oldrel-windows-ix86+x86_64

Version: 1.3-4
Check: R code for possible problems
Result: NOTE
    getDifferentCluster: no visible global function definition for
     ‘solve_LSAP’
Flavors: r-devel-linux-x86_64-debian-clang, r-devel-linux-x86_64-debian-gcc, r-devel-linux-x86_64-fedora-clang, r-devel-linux-x86_64-fedora-gcc, r-devel-osx-x86_64-clang, r-devel-windows-ix86+x86_64

Version: 1.3-4
Flags: --no-tests
Check: dependencies in R code
Result: NOTE
    There are ::: calls to the package's namespace in its code. A package
     almost never needs to use ::: for its own objects:
     ‘getData’ ‘newKccaObject’
    See the information on DESCRIPTION files in the chapter ‘Creating R
    packages’ of the ‘Writing R Extensions’ manual.
Flavors: r-patched-solaris-sparc, r-patched-solaris-x86