CRAN Package Check Results for Package flexclust

Last updated on 2015-03-04 19:50:16.

Flavor Version Tinstall Tcheck Ttotal Status Flags
r-devel-linux-x86_64-debian-clang 1.3-4 4.16 35.50 39.67 NOTE
r-devel-linux-x86_64-debian-gcc 1.3-4 2.24 34.72 36.97 NOTE
r-devel-linux-x86_64-fedora-clang 1.3-4 73.83 NOTE
r-devel-linux-x86_64-fedora-gcc 1.3-4 69.35 NOTE
r-devel-osx-x86_64-clang 1.3-4 68.65 NOTE
r-devel-windows-ix86+x86_64 1.3-4 12.00 78.00 90.00 NOTE
r-patched-linux-x86_64 1.3-4 2.37 38.42 40.79 NOTE
r-patched-solaris-sparc 1.3-4 409.90 NOTE --no-tests
r-patched-solaris-x86 1.3-4 106.70 NOTE
r-release-linux-ix86 1.3-4 2.97 47.57 50.54 NOTE
r-release-linux-x86_64 1.3-4 2.46 38.09 40.55 NOTE
r-release-osx-x86_64-mavericks 1.3-4 NOTE
r-release-windows-ix86+x86_64 1.3-4 10.00 87.00 97.00 NOTE
r-oldrel-windows-ix86+x86_64 1.3-4 12.00 113.00 125.00 NOTE

Check Details

Version: 1.3-4
Check: dependencies in R code
Result: NOTE
    'library' or 'require' call to ‘clue’ in package code.
     Please use :: or requireNamespace() instead.
     See section 'Suggested packages' in the 'Writing R Extensions' manual.
    There are ::: calls to the package's namespace in its code. A package
     almost never needs to use ::: for its own objects:
     ‘getData’ ‘newKccaObject’
Flavors: r-devel-linux-x86_64-debian-clang, r-devel-linux-x86_64-debian-gcc, r-devel-linux-x86_64-fedora-clang, r-devel-linux-x86_64-fedora-gcc, r-devel-osx-x86_64-clang, r-devel-windows-ix86+x86_64, r-patched-linux-x86_64, r-patched-solaris-x86

Version: 1.3-4
Check: R code for possible problems
Result: NOTE
    getDifferentCluster: no visible global function definition for
     ‘solve_LSAP’
Flavors: r-devel-linux-x86_64-debian-clang, r-devel-linux-x86_64-debian-gcc, r-devel-linux-x86_64-fedora-clang, r-devel-linux-x86_64-fedora-gcc, r-devel-osx-x86_64-clang, r-devel-windows-ix86+x86_64, r-patched-linux-x86_64, r-patched-solaris-x86, r-release-linux-ix86, r-release-linux-x86_64, r-release-osx-x86_64-mavericks, r-release-windows-ix86+x86_64

Version: 1.3-4
Flags: --no-tests
Check: dependencies in R code
Result: NOTE
    'library' or 'require' call to ‘clue’ in package code.
     Please use :: or requireNamespace() instead.
     See section 'Suggested packages' in the 'Writing R Extensions' manual.
    There are ::: calls to the package's namespace in its code. A package
     almost never needs to use ::: for its own objects:
     ‘getData’ ‘newKccaObject’
Flavor: r-patched-solaris-sparc

Version: 1.3-4
Flags: --no-tests
Check: R code for possible problems
Result: NOTE
    getDifferentCluster: no visible global function definition for
     ‘solve_LSAP’
Flavor: r-patched-solaris-sparc

Version: 1.3-4
Check: dependencies in R code
Result: NOTE
    There are ::: calls to the package's namespace in its code. A package
     almost never needs to use ::: for its own objects:
     ‘getData’ ‘newKccaObject’
    See the information on DESCRIPTION files in the chapter ‘Creating R
    packages’ of the ‘Writing R Extensions’ manual.
Flavors: r-release-linux-ix86, r-release-linux-x86_64, r-release-osx-x86_64-mavericks, r-release-windows-ix86+x86_64, r-oldrel-windows-ix86+x86_64