CRAN Package Check Results for Package flexclust

Last updated on 2015-04-25 19:47:19.

Flavor Version Tinstall Tcheck Ttotal Status Flags
r-devel-linux-x86_64-debian-clang 1.3-4 2.37 35.48 37.85 NOTE
r-devel-linux-x86_64-debian-gcc 1.3-4 2.59 34.28 36.88 NOTE
r-devel-linux-x86_64-fedora-clang 1.3-4 74.00 NOTE
r-devel-linux-x86_64-fedora-gcc 1.3-4 70.34 NOTE
r-devel-osx-x86_64-clang 1.3-4 66.53 NOTE
r-devel-windows-ix86+x86_64 1.3-4 10.00 79.00 89.00 NOTE
r-patched-linux-x86_64 1.3-4 2.36 35.41 37.78 NOTE
r-patched-solaris-sparc 1.3-4 362.50 NOTE --no-tests
r-patched-solaris-x86 1.3-4 91.90 NOTE
r-release-linux-x86_64 1.3-4 2.26 34.55 36.82 NOTE
r-release-osx-x86_64-mavericks 1.3-4 NOTE
r-release-osx-x86_64-snowleopard 1.3-4 NOTE
r-release-windows-ix86+x86_64 1.3-4 11.00 76.00 87.00 NOTE
r-oldrel-windows-ix86+x86_64 1.3-4 8.00 86.00 94.00 NOTE

Check Details

Version: 1.3-4
Check: dependencies in R code
Result: NOTE
    'library' or 'require' call to 'clue' in package code.
     Please use :: or requireNamespace() instead.
     See section 'Suggested packages' in the 'Writing R Extensions' manual.
    There are ::: calls to the package's namespace in its code. A package
     almost never needs to use ::: for its own objects:
     'getData' 'newKccaObject'
Flavors: r-devel-windows-ix86+x86_64, r-release-windows-ix86+x86_64, r-oldrel-windows-ix86+x86_64

Version: 1.3-4
Check: R code for possible problems
Result: NOTE
    getDifferentCluster: no visible global function definition for
     'solve_LSAP'
Flavors: r-devel-windows-ix86+x86_64, r-release-windows-ix86+x86_64, r-oldrel-windows-ix86+x86_64