CRAN Package Check Results for Package flexmix

Last updated on 2015-06-30 22:47:17.

Flavor Version Tinstall Tcheck Ttotal Status Flags
r-devel-linux-x86_64-debian-clang 2.3-13 4.67 163.58 168.24 NOTE
r-devel-linux-x86_64-debian-gcc 2.3-13 2.48 162.89 165.37 NOTE
r-devel-linux-x86_64-fedora-clang 2.3-13 330.69 NOTE
r-devel-linux-x86_64-fedora-gcc 2.3-13 317.49 NOTE
r-devel-osx-x86_64-clang 2.3-13 269.74 NOTE
r-devel-windows-ix86+x86_64 2.3-13 13.00 253.00 266.00 NOTE
r-patched-linux-x86_64 2.3-13 2.51 160.61 163.12 OK
r-patched-solaris-sparc 2.3-13 1311.80 OK --no-build-vignettes
r-patched-solaris-x86 2.3-13 395.70 OK
r-release-linux-x86_64 2.3-13 2.50 156.01 158.51 OK
r-release-osx-x86_64-mavericks 2.3-13 OK
r-release-windows-ix86+x86_64 2.3-13 14.00 243.00 257.00 OK
r-oldrel-windows-ix86+x86_64 2.3-13 16.00 287.00 303.00 OK

Check Details

Version: 2.3-13
Check: dependencies in R code
Result: NOTE
    Missing or unexported object: ‘lme4::sigma’
Flavors: r-devel-linux-x86_64-debian-clang, r-devel-linux-x86_64-debian-gcc, r-devel-linux-x86_64-fedora-clang, r-devel-linux-x86_64-fedora-gcc, r-devel-osx-x86_64-clang, r-devel-windows-ix86+x86_64

Version: 2.3-13
Check: R code for possible problems
Result: NOTE
    ExLinear: no visible global function definition for ‘rnorm’
    ExLinear: no visible global function definition for ‘rpois’
    ExNPreg: no visible global function definition for ‘runif’
    ExNPreg: Error while checking: invalid ‘envir’ argument
    FLXMCfactanal : <anonymous>: no visible global function definition for
     ‘cov.wt’
    FLXMCfactanal : <anonymous>: no visible global function definition for
     ‘factanal’
    FLXMCmvcombi : <anonymous>: no visible global function definition for
     ‘cov.wt’
    FLXMCmvnorm : <anonymous>: no visible global function definition for
     ‘cov.wt’
    FLXMCnorm1 : <anonymous>: no visible global function definition for
     ‘cov.wt’
    FLXMRglm : glmrefit: no visible global function definition for
     ‘glm.fit’
    FLXMRglm : glmrefit: no visible binding for global variable ‘glm.fit’
    FLXMRglm : <anonymous>: no visible global function definition for
     ‘lm.wfit’
    FLXMRglm : <anonymous>: no visible global function definition for
     ‘coef’
    FLXMRglm : <anonymous>: no visible global function definition for
     ‘glm.fit’
    FLXMRglm: Error while checking: invalid ‘envir’ argument
    FLXMRglmfix : <anonymous>: no visible global function definition for
     ‘lm.wfit’
    FLXMRglmfix : <anonymous>: no visible global function definition for
     ‘coef’
    FLXMRglmfix : <anonymous>: no visible global function definition for
     ‘glm.fit’
    FLXMRglmfix: Error while checking: invalid ‘envir’ argument
    FLXMRglmnet : <anonymous>: no visible global function definition for
     ‘lm.wfit’
    FLXMRglmnet : <anonymous>: no visible global function definition for
     ‘glm.fit’
    FLXMRglmnet: Error while checking: invalid ‘envir’ argument
    FLXMRlmer : <anonymous>: no visible global function definition for
     ‘coef’
    FLXMRlmm : lmm.wfit: no visible global function definition for ‘resid’
    FLXMRlmm : lmm.wfit: no visible global function definition for ‘coef’
    FLXMRlmm : <anonymous>: no visible binding for global variable
     ‘weighted.mean’
    FLXMRlmm : <anonymous> : <anonymous>: no visible global function
     definition for ‘coef’
    FLXMRlmm : <anonymous>: no visible global function definition for
     ‘coef’
    FLXMRlmmc : lmc.wfit: no visible global function definition for
     ‘lm.wfit’
    FLXMRlmmc : lmc.wfit: no visible global function definition for ‘resid’
    FLXMRlmmc : <anonymous> : <anonymous> : <anonymous>: no visible global
     function definition for ‘var’
    FLXMRlmmc : <anonymous> : <anonymous>: no visible global function
     definition for ‘coef’
    FLXMRlmmc : <anonymous> : <anonymous>: no visible global function
     definition for ‘var’
    FLXMRlmmc : <anonymous>: no visible global function definition for
     ‘coef’
    FLXMRlmmc : lmmc.wfit: no visible global function definition for
     ‘lm.wfit’
    FLXMRlmmc : <anonymous>: no visible binding for global variable
     ‘weighted.mean’
    FLXdist: no visible global function definition for ‘update.formula’
    FLXglm : glmrefit: no visible global function definition for ‘glm.fit’
    FLXglm : glmrefit: no visible binding for global variable ‘glm.fit’
    FLXglm : <anonymous>: no visible global function definition for
     ‘lm.wfit’
    FLXglm : <anonymous>: no visible global function definition for ‘coef’
    FLXglm : <anonymous>: no visible global function definition for
     ‘glm.fit’
    FLXglm: Error while checking: invalid ‘envir’ argument
    FLXglmFix : <anonymous>: no visible global function definition for
     ‘lm.wfit’
    FLXglmFix : <anonymous>: no visible global function definition for
     ‘coef’
    FLXglmFix : <anonymous>: no visible global function definition for
     ‘glm.fit’
    FLXglmFix: Error while checking: invalid ‘envir’ argument
    FLXmclust : <anonymous>: no visible global function definition for
     ‘cov.wt’
    confidence.panel.boot : <anonymous>: no visible global function
     definition for ‘quantile’
    confidence.panel.boot: no visible global function definition for ‘rgb’
    formattedTicksAndLabels: no visible binding for global variable
     ‘axisTicks’
    getCoefs : <anonymous>: no visible global function definition for
     ‘qnorm’
    hist.constructor: no visible global function definition for ‘hist’
    modelMatrix: no visible global function definition for ‘model.frame’
    modelMatrix: no visible global function definition for ‘model.response’
    modelMatrix: no visible global function definition for ‘.getXlevels’
    modelMatrix: no visible global function definition for ‘terms’
    modelMatrix: no visible global function definition for ‘model.matrix’
    modelMatrix: no visible global function definition for ‘update’
    moments_truncated: no visible global function definition for ‘pnorm’
    moments_truncated: no visible global function definition for ‘dnorm’
    panel.rootogram: no visible global function definition for ‘quantile’
    plotEll: no visible global function definition for ‘model.frame’
    plotEll: no visible global function definition for ‘model.response’
    plotEll: no visible global function definition for ‘lines’
    plotEll: no visible global function definition for ‘text’
    prepanel.rootogram: no visible global function definition for
     ‘quantile’
    rmvbinary : <anonymous>: no visible global function definition for
     ‘rbinom’
    rmvbinom : <anonymous>: no visible global function definition for
     ‘rbinom’
    unipolarCols: no visible global function definition for ‘hcl’
    update.Residual: no visible global function definition for ‘resid’
    weighted.glm.fit: no visible global function definition for ‘glm.fit’
    weighted.glm.fit: no visible binding for global variable ‘glm.fit’
    flexmix,formula-ANY-ANY-ANY-list: no visible global function definition
     for ‘model.frame’
    rFLXM,FLXMRglm-FLXcomponent: no visible global function definition for
     ‘rnorm’
    rFLXM,FLXMRglm-FLXcomponent: no visible global function definition for
     ‘rbinom’
    rFLXM,FLXMRglm-FLXcomponent: no visible global function definition for
     ‘rpois’
    rFLXM,FLXMRglm-FLXcomponent: no visible global function definition for
     ‘rgamma’
    show,Coefmat: no visible global function definition for ‘printCoefmat’
    show,stepFlexmix: no visible global function definition for ‘AIC’
    show,stepFlexmix: no visible global function definition for ‘BIC’
    simulate,FLXdist: no visible global function definition for ‘runif’
Flavors: r-devel-linux-x86_64-debian-clang, r-devel-linux-x86_64-debian-gcc, r-devel-linux-x86_64-fedora-clang, r-devel-linux-x86_64-fedora-gcc, r-devel-windows-ix86+x86_64