CRAN Package Check Results for Package flexmix

Last updated on 2014-04-25 09:52:14.

Flavor Version Tinstall Tcheck Ttotal Status Flags
r-devel-linux-x86_64-debian-clang 2.3-11 3.37 221.66 225.02 OK
r-devel-linux-x86_64-debian-gcc 2.3-11 3.39 215.55 218.94 OK
r-devel-linux-x86_64-fedora-clang 2.3-11 478.73 OK
r-devel-linux-x86_64-fedora-gcc 2.3-11 471.03 OK
r-devel-osx-x86_64-clang 2.3-11 307.33 OK
r-devel-osx-x86_64-gcc 2.3-11 NOTE
r-devel-windows-ix86+x86_64 2.3-11 9.00 294.00 303.00 OK
r-patched-linux-x86_64 2.3-11 3.39 218.58 221.97 OK
r-patched-solaris-sparc 2.3-11 1622.50 OK --no-build-vignettes
r-patched-solaris-x86 2.3-11 518.80 OK
r-release-linux-ix86 2.3-11 6.00 308.00 314.00 OK
r-release-linux-x86_64 2.3-11 3.45 220.12 223.58 OK
r-release-osx-x86_64-mavericks 2.3-11 WARN
r-release-windows-ix86+x86_64 2.3-11 9.00 312.00 321.00 OK
r-oldrel-windows-ix86+x86_64 2.3-11 10.00 302.00 312.00 OK

Check Details

Version: 2.3-11
Check: package dependencies
Result: NOTE
    Packages suggested but not available for checking:
     ‘lme4’ ‘mlogit’ ‘multcomp’
Flavors: r-devel-osx-x86_64-gcc, r-release-osx-x86_64-mavericks

Version: 2.3-11
Check: Rd cross-references
Result: NOTE
    Package unavailable to check Rd xrefs: ‘lme4’
Flavors: r-devel-osx-x86_64-gcc, r-release-osx-x86_64-mavericks

Version: 2.3-11
Check: PDF version of manual
Result: WARNING
    LaTeX errors when creating PDF version.
    This typically indicates Rd problems.
    LaTeX errors found:
    ! LaTeX Error: File `upquote.sty' not found.
    
    Type X to quit or <RETURN> to proceed,
    or enter new name. (Default extension: sty)
    
    1a88c99/Rd2.tex:8: ==> Fatal error occurred, no output PDF file produced!
Flavor: r-release-osx-x86_64-mavericks