CRAN Package Check Results for Package flexmix

Last updated on 2014-08-31 05:50:08.

Flavor Version Tinstall Tcheck Ttotal Status Flags
r-devel-linux-x86_64-debian-clang 2.3-11 3.12 191.54 194.66 NOTE
r-devel-linux-x86_64-debian-gcc 2.3-11 2.92 184.60 187.52 NOTE
r-devel-linux-x86_64-fedora-clang 2.3-11 439.95 NOTE
r-devel-linux-x86_64-fedora-gcc 2.3-11 422.24 NOTE
r-devel-osx-x86_64-clang 2.3-11 303.51 NOTE
r-devel-windows-ix86+x86_64 2.3-11 10.00 258.00 268.00 NOTE
r-patched-linux-x86_64 2.3-11 3.13 201.82 204.95 OK
r-patched-solaris-sparc 2.3-11 1653.80 OK --no-build-vignettes
r-patched-solaris-x86 2.3-11 535.50 OK
r-release-linux-ix86 2.3-11 4.04 257.60 261.64 OK
r-release-linux-x86_64 2.3-11 3.14 205.52 208.66 OK
r-release-osx-x86_64-mavericks 2.3-11 OK
r-release-windows-ix86+x86_64 2.3-11 9.00 277.00 286.00 OK
r-oldrel-windows-ix86+x86_64 2.3-11 12.00 286.00 298.00 OK

Check Details

Version: 2.3-11
Check: R code for possible problems
Result: NOTE
    moments_truncated : <anonymous> : <anonymous>: no visible global
     function definition for ‘dmvnorm’
Flavors: r-devel-linux-x86_64-debian-clang, r-devel-linux-x86_64-debian-gcc, r-devel-linux-x86_64-fedora-clang, r-devel-linux-x86_64-fedora-gcc, r-devel-osx-x86_64-clang, r-devel-windows-ix86+x86_64