CRAN Package Check Results for Package flexmix

Last updated on 2015-05-22 12:46:25.

Flavor Version Tinstall Tcheck Ttotal Status Flags
r-devel-linux-x86_64-debian-clang 2.3-13 2.74 170.98 173.72 OK
r-devel-linux-x86_64-debian-gcc 2.3-13 2.52 161.31 163.83 OK
r-devel-linux-x86_64-fedora-gcc 2.3-13 319.06 OK
r-devel-osx-x86_64-clang 2.3-13 285.48 OK
r-devel-windows-ix86+x86_64 2.3-13 13.00 240.00 253.00 OK
r-patched-linux-x86_64 2.3-13 2.50 158.74 161.24 OK
r-patched-solaris-sparc 2.3-13 1296.10 OK --no-build-vignettes
r-patched-solaris-x86 2.3-13 396.50 OK
r-release-linux-x86_64 2.3-13 3.20 162.74 165.95 OK
r-release-osx-x86_64-mavericks 2.3-13 OK
r-release-osx-x86_64-snowleopard 2.3-13 NOTE
r-release-windows-ix86+x86_64 2.3-13 9.00 240.00 249.00 OK
r-oldrel-windows-ix86+x86_64 2.3-13 11.00 241.00 252.00 OK

Check Details

Version: 2.3-13
Check: package dependencies
Result: NOTE
    Packages suggested but not available for checking: ‘mlogit’ ‘multcomp’
Flavor: r-release-osx-x86_64-snowleopard