CRAN Package Check Results for Package flexsurv

Last updated on 2017-10-20 06:48:46.

Flavor Version Tinstall Tcheck Ttotal Status Flags
r-devel-linux-x86_64-debian-clang 1.1 28.67 108.59 137.26 NOTE
r-devel-linux-x86_64-debian-gcc 1.1 31.00 107.86 138.86 NOTE
r-devel-linux-x86_64-fedora-clang 1.1 298.15 NOTE
r-devel-linux-x86_64-fedora-gcc 1.1 290.41 NOTE
r-devel-windows-ix86+x86_64 1.1 116.00 374.00 490.00 NOTE
r-patched-linux-x86_64 1.1 30.33 110.38 140.71 NOTE
r-patched-solaris-x86 1.1 318.80 NOTE
r-release-linux-x86_64 1.1 29.73 111.60 141.33 NOTE
r-release-windows-ix86+x86_64 1.1 131.00 271.00 402.00 OK
r-release-osx-x86_64 1.1 OK
r-oldrel-windows-ix86+x86_64 1.1 110.00 342.00 452.00 OK
r-oldrel-osx-x86_64 1.1 OK

Check Details

Version: 1.1
Check: package dependencies
Result: NOTE
    Package suggested but not available for checking: ‘ActuDistns’
Flavors: r-devel-linux-x86_64-debian-clang, r-devel-linux-x86_64-debian-gcc, r-devel-linux-x86_64-fedora-clang, r-devel-linux-x86_64-fedora-gcc, r-devel-windows-ix86+x86_64, r-patched-linux-x86_64, r-patched-solaris-x86, r-release-linux-x86_64