CRAN Package Check Results for Package flexsurv

Last updated on 2017-08-22 02:47:35.

Flavor Version Tinstall Tcheck Ttotal Status Flags
r-devel-linux-x86_64-debian-clang 1.1 28.70 111.65 140.35 NOTE
r-devel-linux-x86_64-debian-gcc 1.1 30.68 109.05 139.73 NOTE
r-devel-linux-x86_64-fedora-clang 1.1 298.74 NOTE
r-devel-linux-x86_64-fedora-gcc 1.1 285.71 NOTE
r-devel-windows-ix86+x86_64 1.1 109.00 299.00 408.00 OK
r-patched-linux-x86_64 1.1 29.30 108.16 137.45 NOTE
r-patched-solaris-x86 1.1 317.00 NOTE
r-release-linux-x86_64 1.1 29.82 111.28 141.10 NOTE
r-release-windows-ix86+x86_64 1.1 77.00 378.00 455.00 OK
r-release-osx-x86_64 1.1 OK
r-oldrel-windows-ix86+x86_64 1.1 79.00 246.00 325.00 OK
r-oldrel-osx-x86_64 1.1 OK

Check Details

Version: 1.1
Check: package dependencies
Result: NOTE
    Package suggested but not available for checking: ‘ActuDistns’
Flavors: r-devel-linux-x86_64-debian-clang, r-devel-linux-x86_64-debian-gcc, r-devel-linux-x86_64-fedora-clang, r-devel-linux-x86_64-fedora-gcc, r-patched-linux-x86_64, r-patched-solaris-x86, r-release-linux-x86_64