CRAN Package Check Results for Package flexsurv

Last updated on 2014-08-23 20:46:52.

Flavor Version Tinstall Tcheck Ttotal Status Flags
r-devel-linux-x86_64-debian-clang 0.3 0.88 46.02 46.90 NOTE
r-devel-linux-x86_64-debian-gcc 0.3 1.23 45.68 46.92 NOTE
r-devel-linux-x86_64-fedora-clang 0.3 96.69 NOTE
r-devel-linux-x86_64-fedora-gcc 0.3 88.73 NOTE
r-devel-osx-x86_64-clang 0.3 78.43 NOTE
r-devel-windows-ix86+x86_64 0.3 4.00 73.00 77.00 OK
r-patched-linux-x86_64 0.3 0.90 49.95 50.85 OK
r-patched-solaris-sparc 0.3 584.30 OK
r-patched-solaris-x86 0.3 112.00 OK
r-release-linux-ix86 0.3 1.34 63.49 64.83 OK
r-release-linux-x86_64 0.3 1.35 49.41 50.76 OK
r-release-osx-x86_64-mavericks 0.3 OK
r-release-osx-x86_64-snowleopard 0.3 OK
r-release-windows-ix86+x86_64 0.3 3.00 74.00 77.00 OK
r-oldrel-windows-ix86+x86_64 0.3 4.00 80.00 84.00 OK

Check Details

Version: 0.3
Check: R code for possible problems
Result: NOTE
    flexsurv.splineinits: no visible global function definition for ‘coxph’
Flavors: r-devel-linux-x86_64-debian-clang, r-devel-linux-x86_64-debian-gcc, r-devel-linux-x86_64-fedora-clang, r-devel-linux-x86_64-fedora-gcc, r-devel-osx-x86_64-clang