CRAN Package Check Results for Package flexsurv

Last updated on 2014-04-24 23:48:03.

Flavor Version Tinstall Tcheck Ttotal Status Flags
r-devel-linux-x86_64-debian-clang 0.3 1.06 50.17 51.23 OK
r-devel-linux-x86_64-debian-gcc 0.3 0.95 51.46 52.41 OK
r-devel-linux-x86_64-fedora-clang 0.3 99.45 OK
r-devel-linux-x86_64-fedora-gcc 0.3 98.69 OK
r-devel-osx-x86_64-clang 0.3 74.60 OK
r-devel-osx-x86_64-gcc 0.3 OK
r-devel-windows-ix86+x86_64 0.3 3.00 69.00 72.00 OK
r-patched-linux-x86_64 0.3 0.96 51.83 52.78 OK
r-patched-solaris-sparc 0.3 553.30 OK
r-patched-solaris-x86 0.3 111.30 OK
r-release-linux-ix86 0.3 2.00 79.00 81.00 OK
r-release-linux-x86_64 0.3 0.97 50.45 51.42 OK
r-release-osx-x86_64-mavericks 0.3 WARN
r-release-osx-x86_64-snowleopard 0.3 OK
r-release-windows-ix86+x86_64 0.3 5.00 80.00 85.00 OK
r-oldrel-windows-ix86+x86_64 0.3 4.00 74.00 78.00 OK

Check Details

Version: 0.3
Check: PDF version of manual
Result: WARNING
    LaTeX errors when creating PDF version.
    This typically indicates Rd problems.
    LaTeX errors found:
    ! LaTeX Error: File `upquote.sty' not found.
    
    Type X to quit or <RETURN> to proceed,
    or enter new name. (Default extension: sty)
    
    22af62af/Rd2.tex:8: ==> Fatal error occurred, no output PDF file produced!
Flavor: r-release-osx-x86_64-mavericks