CRAN Package Check Results for Package flexsurv

Last updated on 2018-09-21 21:47:32 CEST.

Flavor Version Tinstall Tcheck Ttotal Status Flags
r-devel-linux-x86_64-debian-clang 1.1 54.36 177.39 231.75 NOTE
r-devel-linux-x86_64-debian-gcc 1.1 46.35 138.26 184.61 NOTE
r-devel-linux-x86_64-fedora-clang 1.1 290.75 NOTE
r-devel-linux-x86_64-fedora-gcc 1.1 276.59 NOTE
r-devel-windows-ix86+x86_64 1.1 127.00 377.00 504.00 NOTE
r-patched-linux-x86_64 1.1 57.38 161.32 218.70 NOTE
r-patched-solaris-x86 1.1 308.20 NOTE
r-release-linux-x86_64 1.1 59.65 160.73 220.38 NOTE
r-release-windows-ix86+x86_64 1.1 117.00 253.00 370.00 NOTE
r-release-osx-x86_64 1.1 NOTE
r-oldrel-windows-ix86+x86_64 1.1 82.00 369.00 451.00 OK
r-oldrel-osx-x86_64 1.1 OK

Check Details

Version: 1.1
Check: package dependencies
Result: NOTE
    Package suggested but not available for checking: ‘ActuDistns’
Flavors: r-devel-linux-x86_64-debian-clang, r-devel-linux-x86_64-debian-gcc, r-devel-linux-x86_64-fedora-clang, r-devel-linux-x86_64-fedora-gcc, r-devel-windows-ix86+x86_64, r-patched-linux-x86_64, r-patched-solaris-x86, r-release-linux-x86_64, r-release-windows-ix86+x86_64, r-release-osx-x86_64