CRAN Package Check Results for Package flexsurv

Last updated on 2014-09-02 05:46:33.

Flavor Version Tinstall Tcheck Ttotal Status Flags
r-devel-linux-x86_64-debian-clang 0.3 0.89 46.31 47.20 NOTE
r-devel-linux-x86_64-debian-gcc 0.3 1.13 46.08 47.21 NOTE
r-devel-linux-x86_64-fedora-clang 0.3 97.30 NOTE
r-devel-linux-x86_64-fedora-gcc 0.3 90.73 NOTE
r-devel-osx-x86_64-clang 0.3 75.95 NOTE
r-devel-windows-ix86+x86_64 0.3 4.00 71.00 75.00 NOTE
r-patched-linux-x86_64 0.3 0.89 48.54 49.43 OK
r-patched-solaris-sparc 0.3 584.30 OK
r-patched-solaris-x86 0.3 111.20 OK
r-release-linux-ix86 0.3 1.32 63.08 64.40 OK
r-release-linux-x86_64 0.3 1.35 51.16 52.52 OK
r-release-osx-x86_64-mavericks 0.3 OK
r-release-osx-x86_64-snowleopard 0.3 OK
r-release-windows-ix86+x86_64 0.3 3.00 74.00 77.00 OK
r-oldrel-windows-ix86+x86_64 0.3 4.00 80.00 84.00 OK

Check Details

Version: 0.3
Check: R code for possible problems
Result: NOTE
    flexsurv.splineinits: no visible global function definition for ‘coxph’
Flavors: r-devel-linux-x86_64-debian-clang, r-devel-linux-x86_64-debian-gcc, r-devel-linux-x86_64-fedora-clang, r-devel-linux-x86_64-fedora-gcc, r-devel-osx-x86_64-clang, r-devel-windows-ix86+x86_64