CRAN Package Check Results for Package flexsurv

Last updated on 2018-12-12 01:46:25 CET.

Flavor Version Tinstall Tcheck Ttotal Status Flags
r-devel-linux-x86_64-debian-clang 1.1 50.08 175.48 225.56 NOTE
r-devel-linux-x86_64-debian-gcc 1.1 41.28 132.64 173.92 NOTE
r-devel-linux-x86_64-fedora-clang 1.1 283.68 NOTE
r-devel-linux-x86_64-fedora-gcc 1.1 266.99 NOTE
r-devel-windows-ix86+x86_64 1.1 123.00 277.00 400.00 NOTE
r-patched-linux-x86_64 1.1 56.94 162.88 219.82 NOTE
r-patched-solaris-x86 1.1 327.60 NOTE
r-release-linux-x86_64 1.1 56.51 161.96 218.47 NOTE
r-release-windows-ix86+x86_64 1.1 120.00 266.00 386.00 NOTE
r-release-osx-x86_64 1.1 NOTE
r-oldrel-windows-ix86+x86_64 1.1 85.00 391.00 476.00 OK
r-oldrel-osx-x86_64 1.1 OK

Check Details

Version: 1.1
Check: package dependencies
Result: NOTE
    Package suggested but not available for checking: ‘ActuDistns’
Flavors: r-devel-linux-x86_64-debian-clang, r-devel-linux-x86_64-debian-gcc, r-devel-linux-x86_64-fedora-clang, r-devel-linux-x86_64-fedora-gcc, r-devel-windows-ix86+x86_64, r-patched-linux-x86_64, r-patched-solaris-x86, r-release-linux-x86_64, r-release-windows-ix86+x86_64, r-release-osx-x86_64