CRAN Package Check Results for Package flexsurv

Last updated on 2015-04-21 15:50:10.

Flavor Version Tinstall Tcheck Ttotal Status Flags
r-devel-linux-x86_64-debian-clang 0.6 1.14 175.05 176.19 OK
r-devel-linux-x86_64-debian-gcc 0.6 1.25 173.67 174.92 OK
r-devel-linux-x86_64-fedora-clang 0.6 331.81 OK
r-devel-linux-x86_64-fedora-gcc 0.6 325.01 OK
r-devel-osx-x86_64-clang 0.6 251.68 OK
r-devel-windows-ix86+x86_64 0.6 3.00 228.00 231.00 OK
r-patched-linux-x86_64 0.6 1.16 182.44 183.60 OK
r-patched-solaris-sparc 0.6 1928.40 OK
r-patched-solaris-x86 0.6 371.80 OK
r-release-linux-x86_64 0.6 1.26 169.00 170.26 OK
r-release-osx-x86_64-mavericks 0.6 OK
r-release-osx-x86_64-snowleopard 0.6 ERROR
r-release-windows-ix86+x86_64 0.6 3.00 237.00 240.00 OK
r-oldrel-windows-ix86+x86_64 0.6 5.00 233.00 238.00 OK

Check Details

Version: 0.6
Check: package dependencies
Result: ERROR
    Package suggested but not available for checking: ‘knitr’
    
    VignetteBuilder package required for checking but installed: ‘knitr’
    
    See section ‘The DESCRIPTION file’ in the ‘Writing R Extensions’
    manual.
Flavor: r-release-osx-x86_64-snowleopard