CRAN Package Check Results for Package flexsurv

Last updated on 2017-12-12 12:46:31 CET.

Flavor Version Tinstall Tcheck Ttotal Status Flags
r-devel-linux-x86_64-debian-clang 1.1 37.76 173.80 211.56 NOTE
r-devel-linux-x86_64-debian-gcc 1.1 33.24 135.87 169.11 NOTE
r-devel-linux-x86_64-fedora-clang 1.1 269.78 NOTE
r-devel-linux-x86_64-fedora-gcc 1.1 259.09 NOTE
r-devel-windows-ix86+x86_64 1.1 127.00 310.00 437.00 NOTE
r-patched-linux-x86_64 1.1 39.26 180.46 219.72 NOTE
r-patched-solaris-x86 1.1 314.60 NOTE
r-release-linux-x86_64 1.1 39.79 182.52 222.31 NOTE
r-release-windows-ix86+x86_64 1.1 89.00 306.00 395.00 OK
r-release-osx-x86_64 1.1 OK
r-oldrel-windows-ix86+x86_64 1.1 121.00 253.00 374.00 OK
r-oldrel-osx-x86_64 1.1 OK

Check Details

Version: 1.1
Check: package dependencies
Result: NOTE
    Package suggested but not available for checking: ‘ActuDistns’
Flavors: r-devel-linux-x86_64-debian-clang, r-devel-linux-x86_64-debian-gcc, r-devel-linux-x86_64-fedora-clang, r-devel-linux-x86_64-fedora-gcc, r-devel-windows-ix86+x86_64, r-patched-linux-x86_64, r-patched-solaris-x86, r-release-linux-x86_64