CRAN Package Check Results for Package flexsurv

Last updated on 2018-02-24 12:47:58 CET.

Flavor Version Tinstall Tcheck Ttotal Status Flags
r-devel-linux-x86_64-debian-clang 1.1 42.22 162.90 205.12 NOTE
r-devel-linux-x86_64-debian-gcc 1.1 37.10 123.03 160.13 NOTE
r-devel-linux-x86_64-fedora-clang 1.1 273.71 NOTE
r-devel-linux-x86_64-fedora-gcc 1.1 250.91 NOTE
r-devel-windows-ix86+x86_64 1.1 87.00 335.00 422.00 NOTE
r-patched-linux-x86_64 1.1 38.90 179.97 218.87 NOTE
r-patched-solaris-x86 1.1 320.70 NOTE
r-release-linux-x86_64 1.1 43.53 176.39 219.92 NOTE
r-release-windows-ix86+x86_64 1.1 127.00 361.00 488.00 OK
r-release-osx-x86_64 1.1 OK
r-oldrel-windows-ix86+x86_64 1.1 89.00 278.00 367.00 OK
r-oldrel-osx-x86_64 1.1 OK

Check Details

Version: 1.1
Check: package dependencies
Result: NOTE
    Package suggested but not available for checking: ‘ActuDistns’
Flavors: r-devel-linux-x86_64-debian-clang, r-devel-linux-x86_64-debian-gcc, r-devel-linux-x86_64-fedora-clang, r-devel-linux-x86_64-fedora-gcc, r-devel-windows-ix86+x86_64, r-patched-linux-x86_64, r-patched-solaris-x86, r-release-linux-x86_64