CRAN Package Check Results for Package flexsurv

Last updated on 2016-06-30 12:52:37.

Flavor Version Tinstall Tcheck Ttotal Status Flags
r-devel-linux-x86_64-debian-gcc 1.0.0 3.58 133.39 136.97 OK
r-devel-linux-x86_64-fedora-clang 1.0.0 250.21 OK
r-devel-linux-x86_64-fedora-gcc 1.0.0 241.94 OK
r-devel-osx-x86_64-clang 1.0.0 183.09 OK
r-devel-windows-ix86+x86_64 1.0.0 9.00 225.00 234.00 OK
r-patched-linux-x86_64 1.0.0 3.86 137.70 141.57 OK
r-patched-solaris-sparc 1.0.0 1585.50 OK
r-patched-solaris-x86 1.0.0 296.30 OK
r-release-linux-x86_64 1.0.0 3.67 128.82 132.49 OK
r-release-osx-x86_64-mavericks 1.0.0 OK
r-release-windows-ix86+x86_64 1.0.0 3.00 5.00 8.00 ERROR
r-oldrel-windows-ix86+x86_64 1.0.0 13.00 266.00 279.00 OK

Check Details

Version: 1.0.0
Check: whether package can be installed
Result: ERROR
    Installation failed.
Flavor: r-release-windows-ix86+x86_64