CRAN Package Check Results for Package flexsurv

Last updated on 2015-05-25 08:48:24.

Flavor Version Tinstall Tcheck Ttotal Status Flags
r-devel-linux-x86_64-debian-clang 0.6 1.14 158.72 159.87 OK
r-devel-linux-x86_64-debian-gcc 0.6 1.29 153.96 155.25 OK
r-devel-linux-x86_64-fedora-clang 0.6 305.65 OK
r-devel-linux-x86_64-fedora-gcc 0.6 299.28 OK
r-devel-osx-x86_64-clang 0.6 244.99 OK
r-devel-windows-ix86+x86_64 0.6 4.00 230.00 234.00 OK
r-patched-linux-x86_64 0.6 1.09 158.28 159.37 OK
r-patched-solaris-sparc 0.6 1943.20 OK
r-patched-solaris-x86 0.6 343.10 OK
r-release-linux-x86_64 0.6 1.10 160.28 161.38 OK
r-release-osx-x86_64-mavericks 0.6 OK
r-release-osx-x86_64-snowleopard 0.6 ERROR
r-release-windows-ix86+x86_64 0.6 5.00 226.00 231.00 OK
r-oldrel-windows-ix86+x86_64 0.6 6.00 223.00 229.00 OK

Check Details

Version: 0.6
Check: package dependencies
Result: ERROR
    Package suggested but not available for checking: ‘knitr’
    
    VignetteBuilder package required for checking but not installed: ‘knitr’
    
    See section ‘The DESCRIPTION file’ in the ‘Writing R Extensions’
    manual.
Flavor: r-release-osx-x86_64-snowleopard