CRAN Package Check Results for Package flexsurv

Last updated on 2018-06-20 12:48:35 CEST.

Flavor Version Tinstall Tcheck Ttotal Status Flags
r-devel-linux-x86_64-debian-clang 1.1 49.11 178.05 227.16 NOTE
r-devel-linux-x86_64-debian-gcc 1.1 43.91 133.98 177.89 NOTE
r-devel-linux-x86_64-fedora-clang 1.1 277.98 NOTE
r-devel-linux-x86_64-fedora-gcc 1.1 259.56 NOTE
r-devel-windows-ix86+x86_64 1.1 128.00 369.00 497.00 NOTE
r-patched-linux-x86_64 1.1 54.61 162.69 217.30 NOTE
r-patched-solaris-x86 1.1 309.70 NOTE
r-release-linux-x86_64 1.1 53.52 161.20 214.72 NOTE
r-release-windows-ix86+x86_64 1.1 82.00 280.00 362.00 NOTE
r-release-osx-x86_64 1.1 NOTE
r-oldrel-windows-ix86+x86_64 1.1 120.00 295.00 415.00 OK
r-oldrel-osx-x86_64 1.1 OK

Check Details

Version: 1.1
Check: package dependencies
Result: NOTE
    Package suggested but not available for checking: ‘ActuDistns’
Flavors: r-devel-linux-x86_64-debian-clang, r-devel-linux-x86_64-debian-gcc, r-devel-linux-x86_64-fedora-clang, r-devel-linux-x86_64-fedora-gcc, r-devel-windows-ix86+x86_64, r-patched-linux-x86_64, r-patched-solaris-x86, r-release-linux-x86_64, r-release-windows-ix86+x86_64, r-release-osx-x86_64