Last updated on 2023-03-30 22:54:58 CEST.
Flavor | Version | Tinstall | Tcheck | Ttotal | Status | Flags |
---|---|---|---|---|---|---|
r-devel-linux-x86_64-debian-clang | 0.9.0 | 20.99 | 267.33 | 288.32 | OK | |
r-devel-linux-x86_64-debian-gcc | 0.9.0 | 14.49 | 193.48 | 207.97 | OK | |
r-devel-linux-x86_64-fedora-clang | 0.9.0 | 372.42 | OK | |||
r-devel-linux-x86_64-fedora-gcc | 0.9.0 | 362.22 | OK | |||
r-devel-windows-x86_64 | 0.9.0 | 225.00 | 372.00 | 597.00 | OK | |
r-patched-linux-x86_64 | 0.9.0 | 36.46 | 249.06 | 285.52 | OK | |
r-release-linux-x86_64 | 0.9.0 | 14.49 | 239.84 | 254.33 | OK | |
r-release-macos-arm64 | 0.9.0 | 83.00 | OK | |||
r-release-macos-x86_64 | 0.9.0 | 116.00 | OK | |||
r-release-windows-x86_64 | 0.9.0 | 93.00 | 341.00 | 434.00 | OK | |
r-oldrel-macos-arm64 | 0.9.0 | 85.00 | OK | |||
r-oldrel-macos-x86_64 | 0.9.0 | 116.00 | OK | |||
r-oldrel-windows-ix86+x86_64 | 0.9.0 | 40.00 | 322.00 | 362.00 | NOTE |
Version: 0.9.0
Check: R code for possible problems
Result: NOTE
Initiating curl with CURL_SSL_BACKEND: openssl
Flavor: r-oldrel-windows-ix86+x86_64