CRAN Package Check Results for Package flextable

Last updated on 2019-03-26 21:48:34 CET.

Flavor Version Tinstall Tcheck Ttotal Status Flags
r-devel-linux-x86_64-debian-clang 0.5.1 6.98 110.71 117.69 OK
r-devel-linux-x86_64-debian-gcc 0.5.1 5.58 238.20 243.78 OK
r-devel-linux-x86_64-fedora-clang 0.5.1 179.41 OK
r-devel-linux-x86_64-fedora-gcc 0.5.1 144.97 OK
r-devel-windows-ix86+x86_64 0.5.1 18.00 125.00 143.00 OK
r-patched-linux-x86_64 0.5.1 5.51 201.25 206.76 OK
r-patched-solaris-x86 0.5.1 142.50 WARN
r-release-linux-x86_64 0.5.1 5.19 214.44 219.63 OK
r-release-windows-ix86+x86_64 0.5.1 16.00 158.00 174.00 OK
r-release-osx-x86_64 0.5.1 WARN
r-oldrel-windows-ix86+x86_64 0.5.1 8.00 137.00 145.00 OK
r-oldrel-osx-x86_64 0.5.1 WARN

Check Details

Version: 0.5.1
Check: re-building of vignette outputs
Result: WARN
    Error in re-building vignettes:
     ...
    Warning in engine$weave(file, quiet = quiet, encoding = enc) :
     Pandoc (>= 1.12.3) and/or pandoc-citeproc not available. Falling back to R Markdown v1.
    Warning in engine$weave(file, quiet = quiet, encoding = enc) :
     Pandoc (>= 1.12.3) and/or pandoc-citeproc not available. Falling back to R Markdown v1.
    Quitting from lines 46-49 (layout.Rmd)
    Error: processing vignette 'layout.Rmd' failed with diagnostics:
    `render_flextable` needs to be used as a renderer for a knitr/rmarkdown R code chunk (render by rmarkdown)
    Execution halted
Flavor: r-patched-solaris-x86

Version: 0.5.1
Check: re-building of vignette outputs
Result: WARN
    Error in re-building vignettes:
     ...
    Fontconfig error: "/Volumes/SSD-Data/Builds/R-dev-web/QA/Simon/packages/el-capitan-x86_64/Rlib/3.5/magick/etc/fonts/conf.d/65-nonlatin.conf", line 6: invalid attribute 'version'
    Fontconfig warning: "/Volumes/SSD-Data/Builds/R-dev-web/QA/Simon/packages/el-capitan-x86_64/Rlib/3.5/magick/etc/fonts/conf.d/65-nonlatin.conf", line 8: unknown element "description"
    Fontconfig warning: "/Volumes/SSD-Data/Builds/R-dev-web/QA/Simon/packages/el-capitan-x86_64/Rlib/3.5/magick/etc/fonts/conf.d/69-unifont.conf", line 4: unknown element "its:rules"
    Fontconfig warning: "/Volumes/SSD-Data/Builds/R-dev-web/QA/Simon/packages/el-capitan-x86_64/Rlib/3.5/magick/etc/fonts/conf.d/69-unifont.conf", line 5: unknown element "its:translateRule"
    Fontconfig error: "/Volumes/SSD-Data/Builds/R-dev-web/QA/Simon/packages/el-capitan-x86_64/Rlib/3.5/magick/etc/fonts/conf.d/69-unifont.conf", line 5: invalid attribute 'translate'
    Fontconfig error: "/Volumes/SSD-Data/Builds/R-dev-web/QA/Simon/packages/el-capitan-x86_64/Rlib/3.5/magick/etc/fonts/conf.d/69-unifont.conf", line 5: invalid attribute 'selector'
    Fontconfig error: "/Volumes/SSD-Data/Builds/R-dev-web/QA/Simon/packages/el-capitan-x86_64/Rlib/3.5/magick/etc/fonts/conf.d/69-unifont.conf", line 6: invalid attribute 'xmlns:its'
    Fontconfig error: "/Volumes/SSD-Data/Builds/R-dev-web/QA/Simon/packages/el-capitan-x86_64/Rlib/3.5/magick/etc/fonts/conf.d/69-unifont.conf", line 6: invalid attribute 'version'
    Fontconfig warning: "/Volumes/SSD-Data/Builds/R-dev-web/QA/Simon/packages/el-capitan-x86_64/Rlib/3.5/magick/etc/fonts/conf.d/80-delicious.conf", line 4: unknown element "its:rules"
    Fontconfig warning: "/Volumes/SSD-Data/Builds/R-dev-web/QA/Simon/packages/el-capitan-x86_64/Rlib/3.5/magick/etc/fonts/conf.d/80-delicious.conf", line 5: unknown element "its:translateRule"
    Fontconfig error: "/Volumes/SSD-Data/Builds/R-dev-web/QA/Simon/packages/el-capitan-x86_64/Rlib/3.5/magick/etc/fonts/conf.d/80-delicious.conf", line 5: invalid attribute 'translate'
    Fontconfig error: "/Volumes/SSD-Data/Builds/R-dev-web/QA/Simon/packages/el-capitan-x86_64/Rlib/3.5/magick/etc/fonts/conf.d/80-delicious.conf", line 5: invalid attribute 'selector'
    Fontconfig error: "/Volumes/SSD-Data/Builds/R-dev-web/QA/Simon/packages/el-capitan-x86_64/Rlib/3.5/magick/etc/fonts/conf.d/80-delicious.conf", line 6: invalid attribute 'xmlns:its'
    Fontconfig error: "/Volumes/SSD-Data/Builds/R-dev-web/QA/Simon/packages/el-capitan-x86_64/Rlib/3.5/magick/etc/fonts/conf.d/80-delicious.conf", line 6: invalid attribute 'version'
    Fontconfig warning: "/Volumes/SSD-Data/Builds/R-dev-web/QA/Simon/packages/el-capitan-x86_64/Rlib/3.5/magick/etc/fonts/conf.d/90-synthetic.conf", line 4: unknown element "its:rules"
    Fontconfig warning: "/Volumes/SSD-Data/Builds/R-dev-web/QA/Simon/packages/el-capitan-x86_64/Rlib/3.5/magick/etc/fonts/conf.d/90-synthetic.conf", line 5: unknown element "its:translateRule"
    Fontconfig error: "/Volumes/SSD-Data/Builds/R-dev-web/QA/Simon/packages/el-capitan-x86_64/Rlib/3.5/magick/etc/fonts/conf.d/90-synthetic.conf", line 5: invalid attribute 'translate'
    Fontconfig error: "/Volumes/SSD-Data/Builds/R-dev-web/QA/Simon/packages/el-capitan-x86_64/Rlib/3.5/magick/etc/fonts/conf.d/90-synthetic.conf", line 5: invalid attribute 'selector'
    Fontconfig error: "/Volumes/SSD-Data/Builds/R-dev-web/QA/Simon/packages/el-capitan-x86_64/Rlib/3.5/magick/etc/fonts/conf.d/90-synthetic.conf", line 6: invalid attribute 'xmlns:its'
    Fontconfig error: "/Volumes/SSD-Data/Builds/R-dev-web/QA/Simon/packages/el-capitan-x86_64/Rlib/3.5/magick/etc/fonts/conf.d/90-synthetic.conf", line 6: invalid attribute 'version'
    Fontconfig error: Cannot load default config file
    Quitting from lines 46-49 (layout.Rmd)
    Error: processing vignette 'layout.Rmd' failed with diagnostics:
    `render_flextable` needs to be used as a renderer for a knitr/rmarkdown R code chunk (render by rmarkdown)
    Execution halted
Flavor: r-release-osx-x86_64

Version: 0.5.1
Check: re-building of vignette outputs
Result: WARN
    Error in re-building vignettes:
     ...
    Fontconfig error: "/Volumes/SSD-Data/Builds/R-dev-web/QA/Simon/packages/el-capitan-x86_64/Rlib/3.4/magick/etc/fonts/conf.d/65-nonlatin.conf", line 6: invalid attribute 'version'
    Fontconfig warning: "/Volumes/SSD-Data/Builds/R-dev-web/QA/Simon/packages/el-capitan-x86_64/Rlib/3.4/magick/etc/fonts/conf.d/65-nonlatin.conf", line 8: unknown element "description"
    Fontconfig warning: "/Volumes/SSD-Data/Builds/R-dev-web/QA/Simon/packages/el-capitan-x86_64/Rlib/3.4/magick/etc/fonts/conf.d/69-unifont.conf", line 4: unknown element "its:rules"
    Fontconfig warning: "/Volumes/SSD-Data/Builds/R-dev-web/QA/Simon/packages/el-capitan-x86_64/Rlib/3.4/magick/etc/fonts/conf.d/69-unifont.conf", line 5: unknown element "its:translateRule"
    Fontconfig error: "/Volumes/SSD-Data/Builds/R-dev-web/QA/Simon/packages/el-capitan-x86_64/Rlib/3.4/magick/etc/fonts/conf.d/69-unifont.conf", line 5: invalid attribute 'translate'
    Fontconfig error: "/Volumes/SSD-Data/Builds/R-dev-web/QA/Simon/packages/el-capitan-x86_64/Rlib/3.4/magick/etc/fonts/conf.d/69-unifont.conf", line 5: invalid attribute 'selector'
    Fontconfig error: "/Volumes/SSD-Data/Builds/R-dev-web/QA/Simon/packages/el-capitan-x86_64/Rlib/3.4/magick/etc/fonts/conf.d/69-unifont.conf", line 6: invalid attribute 'xmlns:its'
    Fontconfig error: "/Volumes/SSD-Data/Builds/R-dev-web/QA/Simon/packages/el-capitan-x86_64/Rlib/3.4/magick/etc/fonts/conf.d/69-unifont.conf", line 6: invalid attribute 'version'
    Fontconfig warning: "/Volumes/SSD-Data/Builds/R-dev-web/QA/Simon/packages/el-capitan-x86_64/Rlib/3.4/magick/etc/fonts/conf.d/80-delicious.conf", line 4: unknown element "its:rules"
    Fontconfig warning: "/Volumes/SSD-Data/Builds/R-dev-web/QA/Simon/packages/el-capitan-x86_64/Rlib/3.4/magick/etc/fonts/conf.d/80-delicious.conf", line 5: unknown element "its:translateRule"
    Fontconfig error: "/Volumes/SSD-Data/Builds/R-dev-web/QA/Simon/packages/el-capitan-x86_64/Rlib/3.4/magick/etc/fonts/conf.d/80-delicious.conf", line 5: invalid attribute 'translate'
    Fontconfig error: "/Volumes/SSD-Data/Builds/R-dev-web/QA/Simon/packages/el-capitan-x86_64/Rlib/3.4/magick/etc/fonts/conf.d/80-delicious.conf", line 5: invalid attribute 'selector'
    Fontconfig error: "/Volumes/SSD-Data/Builds/R-dev-web/QA/Simon/packages/el-capitan-x86_64/Rlib/3.4/magick/etc/fonts/conf.d/80-delicious.conf", line 6: invalid attribute 'xmlns:its'
    Fontconfig error: "/Volumes/SSD-Data/Builds/R-dev-web/QA/Simon/packages/el-capitan-x86_64/Rlib/3.4/magick/etc/fonts/conf.d/80-delicious.conf", line 6: invalid attribute 'version'
    Fontconfig warning: "/Volumes/SSD-Data/Builds/R-dev-web/QA/Simon/packages/el-capitan-x86_64/Rlib/3.4/magick/etc/fonts/conf.d/90-synthetic.conf", line 4: unknown element "its:rules"
    Fontconfig warning: "/Volumes/SSD-Data/Builds/R-dev-web/QA/Simon/packages/el-capitan-x86_64/Rlib/3.4/magick/etc/fonts/conf.d/90-synthetic.conf", line 5: unknown element "its:translateRule"
    Fontconfig error: "/Volumes/SSD-Data/Builds/R-dev-web/QA/Simon/packages/el-capitan-x86_64/Rlib/3.4/magick/etc/fonts/conf.d/90-synthetic.conf", line 5: invalid attribute 'translate'
    Fontconfig error: "/Volumes/SSD-Data/Builds/R-dev-web/QA/Simon/packages/el-capitan-x86_64/Rlib/3.4/magick/etc/fonts/conf.d/90-synthetic.conf", line 5: invalid attribute 'selector'
    Fontconfig error: "/Volumes/SSD-Data/Builds/R-dev-web/QA/Simon/packages/el-capitan-x86_64/Rlib/3.4/magick/etc/fonts/conf.d/90-synthetic.conf", line 6: invalid attribute 'xmlns:its'
    Fontconfig error: "/Volumes/SSD-Data/Builds/R-dev-web/QA/Simon/packages/el-capitan-x86_64/Rlib/3.4/magick/etc/fonts/conf.d/90-synthetic.conf", line 6: invalid attribute 'version'
    Fontconfig error: Cannot load default config file
    Quitting from lines 46-49 (layout.Rmd)
    Error: processing vignette 'layout.Rmd' failed with diagnostics:
    `render_flextable` needs to be used as a renderer for a knitr/rmarkdown R code chunk (render by rmarkdown)
    Execution halted
Flavor: r-oldrel-osx-x86_64