CRAN Package Check Results for Package flip

Last updated on 2014-09-02 23:47:30.

Flavor Version Tinstall Tcheck Ttotal Status Flags
r-devel-linux-x86_64-debian-clang 2.4.3 11.94 53.63 65.56 NOTE
r-devel-linux-x86_64-debian-gcc 2.4.3 13.10 52.02 65.12 NOTE
r-devel-linux-x86_64-fedora-clang 2.4.3 158.46 NOTE
r-devel-linux-x86_64-fedora-gcc 2.4.3 146.47 NOTE
r-devel-osx-x86_64-clang 2.4.3 117.43 NOTE
r-devel-windows-ix86+x86_64 2.4.3 38.00 106.00 144.00 NOTE
r-patched-linux-x86_64 2.4.3 14.84 55.98 70.82 OK
r-patched-solaris-sparc 2.4.3 841.70 OK
r-patched-solaris-x86 2.4.3 194.50 OK
r-release-linux-ix86 2.4.3 16.36 70.59 86.95 OK
r-release-linux-x86_64 2.4.3 13.20 55.13 68.33 OK
r-release-osx-x86_64-mavericks 2.4.3 OK
r-release-osx-x86_64-snowleopard 2.4.3 OK
r-release-windows-ix86+x86_64 2.4.3 35.00 113.00 148.00 OK
r-oldrel-windows-ix86+x86_64 2.4.3 42.00 110.00 152.00 OK

Check Details

Version: 2.4.3
Check: R code for possible problems
Result: NOTE
    flip.adjust : <anonymous>: no visible global function definition for
     ‘adjusted’
Flavors: r-devel-linux-x86_64-debian-clang, r-devel-linux-x86_64-debian-gcc, r-devel-linux-x86_64-fedora-clang, r-devel-linux-x86_64-fedora-gcc, r-devel-osx-x86_64-clang, r-devel-windows-ix86+x86_64