CRAN Package Check Results for Package flip

Last updated on 2014-12-21 18:52:05.

Flavor Version Tinstall Tcheck Ttotal Status Flags
r-devel-linux-x86_64-debian-clang 2.4.3 11.87 53.39 65.26 NOTE
r-devel-linux-x86_64-debian-gcc 2.4.3 12.77 51.35 64.12 NOTE
r-devel-linux-x86_64-fedora-clang 2.4.3 159.41 NOTE
r-devel-linux-x86_64-fedora-gcc 2.4.3 148.02 NOTE
r-devel-osx-x86_64-clang 2.4.3 124.16 NOTE
r-devel-windows-ix86+x86_64 2.4.3 42.00 103.00 145.00 NOTE
r-patched-linux-x86_64 2.4.3 13.11 54.82 67.92 NOTE
r-patched-solaris-sparc 2.4.3 841.50 NOTE
r-patched-solaris-x86 2.4.3 192.10 NOTE
r-release-linux-ix86 2.4.3 15.48 64.86 80.34 NOTE
r-release-linux-x86_64 2.4.3 13.94 54.71 68.65 NOTE
r-release-osx-x86_64-mavericks 2.4.3 OK
r-release-osx-x86_64-snowleopard 2.4.3 OK
r-release-windows-ix86+x86_64 2.4.3 37.00 112.00 149.00 NOTE
r-oldrel-windows-ix86+x86_64 2.4.3 35.00 104.00 139.00 OK

Check Details

Version: 2.4.3
Check: R code for possible problems
Result: NOTE
    flip.adjust : <anonymous>: no visible global function definition for
     ‘adjusted’
Flavors: r-devel-linux-x86_64-debian-clang, r-devel-linux-x86_64-debian-gcc, r-devel-linux-x86_64-fedora-clang, r-devel-linux-x86_64-fedora-gcc, r-devel-osx-x86_64-clang, r-devel-windows-ix86+x86_64, r-patched-linux-x86_64, r-patched-solaris-sparc, r-patched-solaris-x86, r-release-linux-ix86, r-release-linux-x86_64, r-release-windows-ix86+x86_64