CRAN Package Check Results for Package flip

Last updated on 2015-02-28 12:51:11.

Flavor Version Tinstall Tcheck Ttotal Status Flags
r-devel-linux-x86_64-debian-clang 2.4.3 11.18 44.82 56.00 NOTE
r-devel-linux-x86_64-debian-gcc 2.4.3 12.06 42.80 54.86 NOTE
r-devel-linux-x86_64-fedora-clang 2.4.3 119.84 NOTE
r-devel-linux-x86_64-fedora-gcc 2.4.3 115.26 NOTE
r-devel-osx-x86_64-clang 2.4.3 95.60 NOTE
r-devel-windows-ix86+x86_64 2.4.3 52.00 93.00 145.00 NOTE
r-patched-linux-x86_64 2.4.3 13.41 56.27 69.68 NOTE
r-patched-solaris-sparc 2.4.3 886.40 NOTE
r-patched-solaris-x86 2.4.3 190.80 NOTE
r-release-linux-ix86 2.4.3 15.92 66.44 82.36 NOTE
r-release-linux-x86_64 2.4.3 13.38 55.42 68.80 NOTE
r-release-osx-x86_64-mavericks 2.4.3 NOTE
r-release-osx-x86_64-snowleopard 2.4.3 OK
r-release-windows-ix86+x86_64 2.4.3 42.00 104.00 146.00 NOTE
r-oldrel-windows-ix86+x86_64 2.4.3 34.00 116.00 150.00 OK

Check Details

Version: 2.4.3
Check: R code for possible problems
Result: NOTE
    flip.adjust : <anonymous>: no visible global function definition for
     ‘adjusted’
Flavors: r-devel-linux-x86_64-debian-clang, r-devel-linux-x86_64-debian-gcc, r-devel-linux-x86_64-fedora-clang, r-devel-linux-x86_64-fedora-gcc, r-devel-osx-x86_64-clang, r-devel-windows-ix86+x86_64, r-patched-linux-x86_64, r-patched-solaris-sparc, r-patched-solaris-x86, r-release-linux-ix86, r-release-linux-x86_64, r-release-osx-x86_64-mavericks, r-release-windows-ix86+x86_64