CRAN Package Check Results for Package flip

Last updated on 2014-11-27 17:47:30.

Flavor Version Tinstall Tcheck Ttotal Status Flags
r-devel-linux-x86_64-debian-clang 2.4.3 12.11 54.01 66.12 NOTE
r-devel-linux-x86_64-debian-gcc 2.4.3 13.10 51.50 64.60 NOTE
r-devel-linux-x86_64-fedora-clang 2.4.3 155.79 NOTE
r-devel-linux-x86_64-fedora-gcc 2.4.3 166.26 NOTE
r-devel-osx-x86_64-clang 2.4.3 121.59 NOTE
r-devel-windows-ix86+x86_64 2.4.3 40.00 101.00 141.00 NOTE
r-patched-linux-x86_64 2.4.3 15.04 55.60 70.64 NOTE
r-patched-solaris-sparc 2.4.3 841.50 NOTE
r-patched-solaris-x86 2.4.3 192.50 NOTE
r-release-linux-ix86 2.4.3 15.50 65.11 80.62 NOTE
r-release-linux-x86_64 2.4.3 14.23 55.57 69.80 NOTE
r-release-osx-x86_64-mavericks 2.4.3 OK
r-release-osx-x86_64-snowleopard 2.4.3 OK
r-release-windows-ix86+x86_64 2.4.3 36.00 102.00 138.00 NOTE
r-oldrel-windows-ix86+x86_64 2.4.3 39.00 118.00 157.00 OK

Check Details

Version: 2.4.3
Check: R code for possible problems
Result: NOTE
    flip.adjust : <anonymous>: no visible global function definition for
     ‘adjusted’
Flavors: r-devel-linux-x86_64-debian-clang, r-devel-linux-x86_64-debian-gcc, r-devel-linux-x86_64-fedora-clang, r-devel-linux-x86_64-fedora-gcc, r-devel-osx-x86_64-clang, r-devel-windows-ix86+x86_64, r-patched-linux-x86_64, r-patched-solaris-sparc, r-patched-solaris-x86, r-release-linux-ix86, r-release-linux-x86_64, r-release-windows-ix86+x86_64