CRAN Package Check Results for Package flip

Last updated on 2015-07-04 23:47:13.

Flavor Version Tinstall Tcheck Ttotal Status Flags
r-devel-linux-x86_64-debian-clang 2.4.3 13.15 46.41 59.56 NOTE
r-devel-linux-x86_64-debian-gcc 2.4.3 12.40 43.39 55.80 NOTE
r-devel-linux-x86_64-fedora-clang 2.4.3 119.59 NOTE
r-devel-linux-x86_64-fedora-gcc 2.4.3 108.37 NOTE
r-devel-osx-x86_64-clang 2.4.3 90.70 NOTE
r-devel-windows-ix86+x86_64 2.4.3 53.00 92.00 145.00 NOTE
r-patched-linux-x86_64 2.4.3 12.30 43.46 55.76 NOTE
r-patched-solaris-sparc 2.4.3 717.50 NOTE
r-patched-solaris-x86 2.4.3 151.10 NOTE
r-release-linux-x86_64 2.4.3 12.29 43.75 56.04 NOTE
r-release-osx-x86_64-mavericks 2.4.3 NOTE
r-release-windows-ix86+x86_64 2.4.3 51.00 95.00 146.00 NOTE
r-oldrel-windows-ix86+x86_64 2.4.3 41.00 155.00 196.00 NOTE

Check Details

Version: 2.4.3
Check: R code for possible problems
Result: NOTE
    .F.between.nptest: no visible binding for global variable ‘tail’
    .NA.dependence.nptest: no visible binding for global variable ‘var’
    .NA.dependence.nptest: no visible binding for global variable ‘tail’
    .chisq.dependence.nptest: no visible binding for global variable ‘tail’
    .custom.nptest : test: no visible global function definition for
     ‘flush.console’
    .fillX : <anonymous>: no visible global function definition for ‘lm’
    .fillX : <anonymous>: no visible global function definition for ‘coef’
    .fixDataREff: no visible global function definition for ‘model.frame’
    .getLinCombAndWeights: no visible global function definition for
     ‘prcomp’
    .getNull: no visible global function definition for ‘terms’
    .getNull: no visible global function definition for ‘model.offset’
    .getNull: no visible global function definition for ‘model.frame’
    .getStrata: no visible global function definition for ‘terms’
    .getStrata: no visible global function definition for ‘model.frame’
    .getSubsetWeights : <anonymous>: no visible binding for global variable
     ‘tail’
    .getXY: no visible global function definition for ‘terms’
    .getXY: no visible global function definition for ‘formula’
    .getXY: no visible global function definition for ‘model.frame’
    .getXY: no visible binding for global variable ‘na.pass’
    .make.PermSpace : <anonymous>: no visible binding for global variable
     ‘data’
    .make.RotSpace : <anonymous>: no visible binding for global variable
     ‘data’
    .make.SimSpace : <anonymous>: no visible global function definition for
     ‘rnorm’
    .makeContrasts: no visible global function definition for ‘model.frame’
    .makeContrasts: no visible binding for global variable ‘na.pass’
    .makeContrasts: no visible global function definition for ‘terms’
    .mcnemar.symmetry.nptest: no visible binding for global variable ‘tail’
    .obs2coeffWithin.glm: no visible global function definition for
     ‘update’
    .obs2coeffWithin.lm: no visible global function definition for ‘vcov’
    .obs2coeffWithin.lm: no visible global function definition for ‘update’
    .obs2coeffWithin.lm: no visible binding for global variable ‘na.omit’
    .obs2coeffWithin.lm: no visible global function definition for ‘coef’
    .prod.perms: no visible global function definition for ‘flush.console’
    .prod.perms.P: no visible global function definition for
     ‘flush.console’
    .rank.dependence.nptest: no visible binding for global variable ‘tail’
    .rank.symmetry.nptest: no visible binding for global variable ‘tail’
    .t.between.nptest: no visible binding for global variable ‘tail’
    .t.rotation.nptest.1sample: no visible global function definition for
     ‘flush.console’
    .t.rotation.nptest.1sample: no visible binding for global variable
     ‘tail’
    .t.symmetry.nptest: no visible binding for global variable ‘tail’
    .t2stdt: no visible binding for global variable ‘sd’
    .trace.between.nptest: no visible binding for global variable ‘data’
    flip.adjust : <anonymous>: no visible global function definition for
     ‘adjusted’
    make.signSpace : <anonymous>: no visible binding for global variable
     ‘data’
    make.signSpace: no visible global function definition for ‘rbinom’
    npc: no visible binding for global variable ‘tail’
    npc: no visible global function definition for ‘qnorm’
    npc : test: no visible global function definition for ‘qnorm’
    npc : <anonymous>: no visible global function definition for
     ‘flush.console’
    obs2coeffWithin: no visible global function definition for ‘lm’
    obs2coeffWithin: no visible global function definition for
     ‘model.frame’
    hist,flip.object : flip.hist: no visible global function definition for
     ‘arrows’
    hist,flip.object : flip.hist: no visible global function definition for
     ‘text’
    plot,flip.object : plot.flip: no visible global function definition for
     ‘points’
    plot,flip.object : plot.flip: no visible global function definition for
     ‘text’
    plot,flip.object : plot.flip: no visible global function definition for
     ‘prcomp’
    plot,flip.object : plot.flip: no visible global function definition for
     ‘arrows’
    Undefined global functions or variables:
     adjusted arrows coef data flush.console formula lm model.frame
     model.offset na.omit na.pass points prcomp qnorm rbinom rnorm sd tail
     terms text update var vcov
Flavors: r-devel-linux-x86_64-debian-clang, r-devel-linux-x86_64-debian-gcc, r-devel-linux-x86_64-fedora-clang, r-devel-linux-x86_64-fedora-gcc, r-devel-windows-ix86+x86_64

Version: 2.4.3
Check: R code for possible problems
Result: NOTE
    flip.adjust : <anonymous>: no visible global function definition for
     ‘adjusted’
    Undefined global functions or variables:
     adjusted
Flavor: r-devel-osx-x86_64-clang

Version: 2.4.3
Check: R code for possible problems
Result: NOTE
    flip.adjust : <anonymous>: no visible global function definition for
     ‘adjusted’
Flavors: r-patched-linux-x86_64, r-patched-solaris-sparc, r-patched-solaris-x86, r-release-linux-x86_64, r-release-osx-x86_64-mavericks, r-release-windows-ix86+x86_64, r-oldrel-windows-ix86+x86_64