CRAN Package Check Results for Package flip

Last updated on 2015-05-30 13:47:15.

Flavor Version Tinstall Tcheck Ttotal Status Flags
r-devel-linux-x86_64-debian-clang 2.4.3 11.83 44.21 56.04 NOTE
r-devel-linux-x86_64-debian-gcc 2.4.3 12.22 43.73 55.95 NOTE
r-devel-linux-x86_64-fedora-clang 2.4.3 125.65 NOTE
r-devel-linux-x86_64-fedora-gcc 2.4.3 111.74 NOTE
r-devel-osx-x86_64-clang 2.4.3 95.90 NOTE
r-devel-windows-ix86+x86_64 2.4.3 40.00 88.00 128.00 NOTE
r-patched-linux-x86_64 2.4.3 12.60 44.76 57.36 NOTE
r-patched-solaris-sparc 2.4.3 717.50 NOTE
r-patched-solaris-x86 2.4.3 149.60 NOTE
r-release-linux-x86_64 2.4.3 12.48 45.42 57.90 NOTE
r-release-osx-x86_64-mavericks 2.4.3 NOTE
r-release-osx-x86_64-snowleopard 2.4.3 ERROR
r-release-windows-ix86+x86_64 2.4.3 39.00 91.00 130.00 NOTE
r-oldrel-windows-ix86+x86_64 2.4.3 35.00 160.00 195.00 NOTE

Check Details

Version: 2.4.3
Check: R code for possible problems
Result: NOTE
    flip.adjust : <anonymous>: no visible global function definition for
     ‘adjusted’
Flavors: r-devel-linux-x86_64-debian-clang, r-devel-linux-x86_64-debian-gcc, r-devel-linux-x86_64-fedora-clang, r-devel-linux-x86_64-fedora-gcc, r-devel-osx-x86_64-clang, r-devel-windows-ix86+x86_64, r-patched-linux-x86_64, r-patched-solaris-sparc, r-patched-solaris-x86, r-release-linux-x86_64, r-release-osx-x86_64-mavericks, r-release-windows-ix86+x86_64, r-oldrel-windows-ix86+x86_64

Version: 2.4.3
Check: package dependencies
Result: ERROR
    Package required but not available: ‘cherry’
    
    See section ‘The DESCRIPTION file’ in the ‘Writing R Extensions’
    manual.
Flavor: r-release-osx-x86_64-snowleopard