CRAN Package Check Results for Package flip

Last updated on 2015-03-29 17:51:34.

Flavor Version Tinstall Tcheck Ttotal Status Flags
r-devel-linux-x86_64-debian-clang 2.4.3 13.13 45.00 58.12 NOTE
r-devel-linux-x86_64-debian-gcc 2.4.3 13.69 44.09 57.78 NOTE
r-devel-linux-x86_64-fedora-clang 2.4.3 119.77 NOTE
r-devel-linux-x86_64-fedora-gcc 2.4.3 114.30 NOTE
r-devel-osx-x86_64-clang 2.4.3 99.08 NOTE
r-prerel-windows-ix86+x86_64 2.4.3 49.00 85.00 134.00 NOTE
r-prerel-linux-x86_64 2.4.3 12.02 44.34 56.37 NOTE
r-prerel-solaris-sparc 2.4.3 656.60 NOTE
r-prerel-solaris-x86 2.4.3 142.60 NOTE
r-release-linux-x86_64 2.4.3 13.31 57.11 70.42 NOTE
r-release-osx-x86_64-mavericks 2.4.3 NOTE
r-release-osx-x86_64-snowleopard 2.4.3 OK
r-release-windows-ix86+x86_64 2.4.3 37.00 108.00 145.00 NOTE
r-oldrel-windows-ix86+x86_64 2.4.3 42.00 113.00 155.00 OK

Check Details

Version: 2.4.3
Check: R code for possible problems
Result: NOTE
    flip.adjust : <anonymous>: no visible global function definition for
     ‘adjusted’
Flavors: r-devel-linux-x86_64-debian-clang, r-devel-linux-x86_64-debian-gcc, r-devel-linux-x86_64-fedora-clang, r-devel-linux-x86_64-fedora-gcc, r-devel-osx-x86_64-clang, r-prerel-windows-ix86+x86_64, r-prerel-linux-x86_64, r-prerel-solaris-sparc, r-prerel-solaris-x86, r-release-linux-x86_64, r-release-osx-x86_64-mavericks, r-release-windows-ix86+x86_64