CRAN Package Check Results for Package flip

Last updated on 2015-01-31 17:49:36.

Flavor Version Tinstall Tcheck Ttotal Status Flags
r-devel-linux-x86_64-debian-clang 2.4.3 11.29 44.38 55.67 NOTE
r-devel-linux-x86_64-debian-gcc 2.4.3 12.12 41.96 54.08 NOTE
r-devel-linux-x86_64-fedora-clang 2.4.3 147.81 NOTE
r-devel-linux-x86_64-fedora-gcc 2.4.3 134.86 NOTE
r-devel-osx-x86_64-clang 2.4.3 123.00 NOTE
r-devel-windows-ix86+x86_64 2.4.3 56.00 81.00 137.00 NOTE
r-patched-linux-x86_64 2.4.3 13.30 55.69 68.98 NOTE
r-patched-solaris-sparc 2.4.3 886.40 NOTE
r-patched-solaris-x86 2.4.3 194.90 NOTE
r-release-linux-ix86 2.4.3 15.79 66.28 82.08 NOTE
r-release-linux-x86_64 2.4.3 13.50 55.20 68.70 NOTE
r-release-osx-x86_64-mavericks 2.4.3 NOTE
r-release-osx-x86_64-snowleopard 2.4.3 OK
r-release-windows-ix86+x86_64 2.4.3 46.00 111.00 157.00 NOTE
r-oldrel-windows-ix86+x86_64 2.4.3 43.00 117.00 160.00 OK

Check Details

Version: 2.4.3
Check: R code for possible problems
Result: NOTE
    flip.adjust : <anonymous>: no visible global function definition for
     ‘adjusted’
Flavors: r-devel-linux-x86_64-debian-clang, r-devel-linux-x86_64-debian-gcc, r-devel-linux-x86_64-fedora-clang, r-devel-linux-x86_64-fedora-gcc, r-devel-osx-x86_64-clang, r-devel-windows-ix86+x86_64, r-patched-linux-x86_64, r-patched-solaris-sparc, r-patched-solaris-x86, r-release-linux-ix86, r-release-linux-x86_64, r-release-osx-x86_64-mavericks, r-release-windows-ix86+x86_64