CRAN Package Check Results for Package flip

Last updated on 2015-08-01 23:47:14.

Flavor Version Tinstall Tcheck Ttotal Status Flags
r-devel-linux-x86_64-debian-clang 2.4.3 12.11 46.89 59.00 NOTE
r-devel-linux-x86_64-debian-gcc 2.4.3 12.26 44.05 56.31 NOTE
r-devel-linux-x86_64-fedora-clang 2.4.3 125.26 NOTE
r-devel-linux-x86_64-fedora-gcc 2.4.3 112.34 NOTE
r-devel-osx-x86_64-clang 2.4.3 89.54 NOTE
r-devel-windows-ix86+x86_64 2.4.3 49.00 134.00 183.00 NOTE
r-patched-linux-x86_64 2.4.3 12.58 43.64 56.22 NOTE
r-patched-solaris-sparc 2.4.3 699.80 NOTE
r-patched-solaris-x86 2.4.3 150.90 NOTE
r-release-linux-x86_64 2.4.3 12.57 44.02 56.59 NOTE
r-release-osx-x86_64-mavericks 2.4.3 NOTE
r-release-windows-ix86+x86_64 2.4.3 56.00 132.00 188.00 NOTE
r-oldrel-windows-ix86+x86_64 2.4.3 56.00 129.00 185.00 NOTE

Check Details

Version: 2.4.3
Check: R code for possible problems
Result: NOTE
    .F.between.nptest: no visible binding for global variable ‘tail’
    .NA.dependence.nptest: no visible binding for global variable ‘var’
    .NA.dependence.nptest: no visible binding for global variable ‘tail’
    .chisq.dependence.nptest: no visible binding for global variable ‘tail’
    .custom.nptest : test: no visible global function definition for
     ‘flush.console’
    .fillX : <anonymous>: no visible global function definition for ‘lm’
    .fillX : <anonymous>: no visible global function definition for ‘coef’
    .fixDataREff: no visible global function definition for ‘model.frame’
    .getLinCombAndWeights: no visible global function definition for
     ‘prcomp’
    .getNull: no visible global function definition for ‘terms’
    .getNull: no visible global function definition for ‘model.offset’
    .getNull: no visible global function definition for ‘model.frame’
    .getStrata: no visible global function definition for ‘terms’
    .getStrata: no visible global function definition for ‘model.frame’
    .getSubsetWeights : <anonymous>: no visible binding for global variable
     ‘tail’
    .getXY: no visible global function definition for ‘terms’
    .getXY: no visible global function definition for ‘formula’
    .getXY: no visible global function definition for ‘model.frame’
    .getXY: no visible binding for global variable ‘na.pass’
    .make.PermSpace : <anonymous>: no visible binding for global variable
     ‘data’
    .make.RotSpace : <anonymous>: no visible binding for global variable
     ‘data’
    .make.SimSpace : <anonymous>: no visible global function definition for
     ‘rnorm’
    .makeContrasts: no visible global function definition for ‘model.frame’
    .makeContrasts: no visible binding for global variable ‘na.pass’
    .makeContrasts: no visible global function definition for ‘terms’
    .mcnemar.symmetry.nptest: no visible binding for global variable ‘tail’
    .obs2coeffWithin.glm: no visible global function definition for
     ‘update’
    .obs2coeffWithin.lm: no visible global function definition for ‘vcov’
    .obs2coeffWithin.lm: no visible global function definition for ‘update’
    .obs2coeffWithin.lm: no visible binding for global variable ‘na.omit’
    .obs2coeffWithin.lm: no visible global function definition for ‘coef’
    .prod.perms: no visible global function definition for ‘flush.console’
    .prod.perms.P: no visible global function definition for
     ‘flush.console’
    .rank.dependence.nptest: no visible binding for global variable ‘tail’
    .rank.symmetry.nptest: no visible binding for global variable ‘tail’
    .t.between.nptest: no visible binding for global variable ‘tail’
    .t.rotation.nptest.1sample: no visible global function definition for
     ‘flush.console’
    .t.rotation.nptest.1sample: no visible binding for global variable
     ‘tail’
    .t.symmetry.nptest: no visible binding for global variable ‘tail’
    .t2stdt: no visible binding for global variable ‘sd’
    .trace.between.nptest: no visible binding for global variable ‘data’
    flip.adjust : <anonymous>: no visible global function definition for
     ‘adjusted’
    make.signSpace : <anonymous>: no visible binding for global variable
     ‘data’
    make.signSpace: no visible global function definition for ‘rbinom’
    npc: no visible binding for global variable ‘tail’
    npc: no visible global function definition for ‘qnorm’
    npc : test: no visible global function definition for ‘qnorm’
    npc : <anonymous>: no visible global function definition for
     ‘flush.console’
    obs2coeffWithin: no visible global function definition for ‘lm’
    obs2coeffWithin: no visible global function definition for
     ‘model.frame’
    hist,flip.object : flip.hist: no visible global function definition for
     ‘arrows’
    hist,flip.object : flip.hist: no visible global function definition for
     ‘text’
    plot,flip.object : plot.flip: no visible global function definition for
     ‘points’
    plot,flip.object : plot.flip: no visible global function definition for
     ‘text’
    plot,flip.object : plot.flip: no visible global function definition for
     ‘prcomp’
    plot,flip.object : plot.flip: no visible global function definition for
     ‘arrows’
    Undefined global functions or variables:
     adjusted arrows coef data flush.console formula lm model.frame
     model.offset na.omit na.pass points prcomp qnorm rbinom rnorm sd tail
     terms text update var vcov
    Consider adding
     importFrom("graphics", "arrows", "points", "text")
     importFrom("stats", "coef", "formula", "lm", "model.frame",
     "model.offset", "na.omit", "na.pass", "prcomp", "qnorm",
     "rbinom", "rnorm", "sd", "terms", "update", "var", "vcov")
     importFrom("utils", "data", "flush.console", "tail")
    to your NAMESPACE.
Flavors: r-devel-linux-x86_64-debian-clang, r-devel-linux-x86_64-debian-gcc, r-devel-linux-x86_64-fedora-clang, r-devel-linux-x86_64-fedora-gcc, r-devel-windows-ix86+x86_64

Version: 2.4.3
Check: R code for possible problems
Result: NOTE
    flip.adjust : <anonymous>: no visible global function definition for
     ‘adjusted’
    Undefined global functions or variables:
     adjusted
Flavor: r-devel-osx-x86_64-clang

Version: 2.4.3
Check: R code for possible problems
Result: NOTE
    flip.adjust : <anonymous>: no visible global function definition for
     ‘adjusted’
Flavors: r-patched-linux-x86_64, r-patched-solaris-sparc, r-patched-solaris-x86, r-release-linux-x86_64, r-release-osx-x86_64-mavericks, r-release-windows-ix86+x86_64, r-oldrel-windows-ix86+x86_64