CRAN Package Check Results for Package flip

Last updated on 2014-04-23 17:47:44.

Flavor Version Tinstall Tcheck Ttotal Status Flags
r-devel-linux-x86_64-debian-clang 2.4.1 9.22 30.80 40.02 OK
r-devel-linux-x86_64-debian-gcc 2.4.1 10.30 30.24 40.55 OK
r-devel-linux-x86_64-fedora-clang 2.4.1 82.82 OK
r-devel-linux-x86_64-fedora-gcc 2.4.1 78.60 OK
r-devel-osx-x86_64-clang 2.4.1 64.66 OK
r-devel-osx-x86_64-gcc 2.4.1 ERROR
r-devel-windows-ix86+x86_64 2.4.1 31.00 58.00 89.00 OK
r-patched-linux-x86_64 2.4.1 10.22 30.60 40.82 OK
r-patched-solaris-sparc 2.4.1 450.10 OK
r-patched-solaris-x86 2.4.1 98.10 OK
r-release-linux-ix86 2.4.1 16.00 52.00 68.00 OK
r-release-linux-x86_64 2.4.1 10.12 30.68 40.80 OK
r-release-osx-x86_64-mavericks 2.4.1 OK
r-release-osx-x86_64-snowleopard 2.4.1 OK
r-release-windows-ix86+x86_64 2.4.1 31.00 65.00 96.00 OK
r-oldrel-windows-ix86+x86_64 2.4.1 31.00 65.00 96.00 OK

Memtest notes: valgrind

Check Details

Version: 2.4.1
Check: package dependencies
Result: ERROR
    Package required but not available: ‘cherry’
    
    See the information on DESCRIPTION files in the chapter ‘Creating R
    packages’ of the ‘Writing R Extensions’ manual.
Flavor: r-devel-osx-x86_64-gcc