CRAN Package Check Results for Package flip

Last updated on 2014-10-31 17:49:11.

Flavor Version Tinstall Tcheck Ttotal Status Flags
r-devel-linux-x86_64-debian-clang 2.4.3 12.13 53.18 65.31 NOTE
r-devel-linux-x86_64-debian-gcc 2.4.3 13.05 52.92 65.98 NOTE
r-devel-linux-x86_64-fedora-clang 2.4.3 153.71 NOTE
r-devel-linux-x86_64-fedora-gcc 2.4.3 145.55 NOTE
r-devel-osx-x86_64-clang 2.4.3 121.76 NOTE
r-devel-windows-ix86+x86_64 2.4.3 38.00 100.00 138.00 NOTE
r-patched-linux-x86_64 2.4.3 13.08 56.80 69.88 NOTE
r-patched-solaris-sparc 2.4.3 841.50 NOTE
r-patched-solaris-x86 2.4.3 193.40 NOTE
r-release-linux-ix86 2.4.3 16.35 68.82 85.17 OK
r-release-linux-x86_64 2.4.3 16.02 55.54 71.56 OK
r-release-osx-x86_64-mavericks 2.4.3 OK
r-release-osx-x86_64-snowleopard 2.4.3 OK
r-release-windows-ix86+x86_64 2.4.3 34.00 108.00 142.00 OK
r-oldrel-windows-ix86+x86_64 2.4.3 38.00 107.00 145.00 OK

Check Details

Version: 2.4.3
Check: R code for possible problems
Result: NOTE
    flip.adjust : <anonymous>: no visible global function definition for
     ‘adjusted’
Flavors: r-devel-linux-x86_64-debian-clang, r-devel-linux-x86_64-debian-gcc, r-devel-linux-x86_64-fedora-clang, r-devel-linux-x86_64-fedora-gcc, r-devel-osx-x86_64-clang, r-devel-windows-ix86+x86_64, r-patched-linux-x86_64, r-patched-solaris-sparc, r-patched-solaris-x86