CRAN Package Check Results for Package flock

Last updated on 2024-03-01 13:54:22 CET.

Flavor Version Tinstall Tcheck Ttotal Status Flags
r-devel-linux-x86_64-debian-clang 0.7 21.41 26.53 47.94 OK
r-devel-linux-x86_64-debian-gcc 0.7 15.18 20.76 35.94 OK
r-devel-linux-x86_64-fedora-clang 0.7 68.00 NOTE
r-devel-linux-x86_64-fedora-gcc 0.7 63.66 NOTE
r-devel-windows-x86_64 0.7 20.00 67.00 87.00 OK
r-patched-linux-x86_64 0.7 21.82 26.55 48.37 OK
r-release-linux-x86_64 0.7 18.10 26.25 44.35 OK
r-release-macos-arm64 0.7 22.00 OK
r-release-macos-x86_64 0.7 32.00 OK
r-release-windows-x86_64 0.7 24.00 65.00 89.00 OK
r-oldrel-macos-arm64 0.7 23.00 OK
r-oldrel-windows-x86_64 0.7 24.00 70.00 94.00 OK

Check Details

Version: 0.7
Check: compiled code
Result: NOTE File ‘flock/libs/flock.so’: Found no calls to: ‘R_registerRoutines’, ‘R_useDynamicSymbols’ It is good practice to register native routines and to disable symbol search. See ‘Writing portable packages’ in the ‘Writing R Extensions’ manual. Flavors: r-devel-linux-x86_64-fedora-clang, r-devel-linux-x86_64-fedora-gcc