CRAN Package Check Results for Package flora

Last updated on 2016-02-12 18:49:39.

Flavor Version Tinstall Tcheck Ttotal Status Flags
r-devel-linux-x86_64-debian-gcc 0.2.4 14.22 18.81 33.03 NOTE
r-devel-linux-x86_64-fedora-clang 0.2.4 55.49 NOTE
r-devel-linux-x86_64-fedora-gcc 0.2.4 53.75 NOTE
r-devel-osx-x86_64-clang 0.2.4 60.80 NOTE
r-devel-windows-ix86+x86_64 0.2.4 26.00 31.00 57.00 NOTE
r-patched-linux-x86_64 0.2.4 14.35 18.69 33.04 OK
r-patched-solaris-sparc 0.2.4 393.80 OK
r-patched-solaris-x86 0.2.4 96.10 OK
r-release-linux-x86_64 0.2.4 14.55 19.28 33.84 OK
r-release-osx-x86_64-mavericks 0.2.4 OK
r-release-windows-ix86+x86_64 0.2.4 27.00 31.00 58.00 OK
r-oldrel-windows-ix86+x86_64 0.2.4 35.00 57.00 92.00 OK

Check Details

Version: 0.2.4
Check: R code for possible problems
Result: NOTE
    suggest.names: no visible global function definition for ‘adist’
    Undefined global functions or variables:
     adist
    Consider adding
     importFrom("utils", "adist")
    to your NAMESPACE file.
Flavors: r-devel-linux-x86_64-debian-gcc, r-devel-linux-x86_64-fedora-clang, r-devel-linux-x86_64-fedora-gcc, r-devel-osx-x86_64-clang, r-devel-windows-ix86+x86_64