CRAN Package Check Results for Package flora

Last updated on 2018-02-24 08:49:01 CET.

Flavor Version Tinstall Tcheck Ttotal Status Flags
r-devel-linux-x86_64-debian-clang 0.3.0 33.23 44.79 78.02 OK
r-devel-linux-x86_64-debian-gcc 0.3.0 29.22 37.62 66.84 OK
r-devel-linux-x86_64-fedora-clang 0.3.0 103.60 NOTE
r-devel-linux-x86_64-fedora-gcc 0.3.0 98.03 NOTE
r-devel-windows-ix86+x86_64 0.3.0 55.00 80.00 135.00 NOTE
r-patched-linux-x86_64 0.3.0 30.71 46.45 77.16 OK
r-patched-solaris-x86 0.3.0 168.70 NOTE
r-release-linux-x86_64 0.3.0 33.12 46.32 79.44 OK
r-release-windows-ix86+x86_64 0.3.0 58.00 75.00 133.00 NOTE
r-release-osx-x86_64 0.3.0 NOTE
r-oldrel-windows-ix86+x86_64 0.3.0 48.00 55.00 103.00 NOTE
r-oldrel-osx-x86_64 0.3.0 NOTE

Check Details

Version: 0.3.0
Check: installed package size
Result: NOTE
     installed size is 6.5Mb
     sub-directories of 1Mb or more:
     R 6.4Mb
Flavors: r-devel-linux-x86_64-fedora-clang, r-devel-linux-x86_64-fedora-gcc, r-devel-windows-ix86+x86_64, r-patched-solaris-x86, r-release-windows-ix86+x86_64, r-release-osx-x86_64, r-oldrel-windows-ix86+x86_64, r-oldrel-osx-x86_64