CRAN Package Check Results for Package flora

Last updated on 2018-06-25 11:52:34 CEST.

Flavor Version Tinstall Tcheck Ttotal Status Flags
r-devel-linux-x86_64-debian-clang 0.3.0 34.59 46.26 80.85 OK
r-devel-linux-x86_64-debian-gcc 0.3.0 27.87 40.36 68.23 OK
r-devel-linux-x86_64-fedora-clang 0.3.0 105.89 NOTE
r-devel-linux-x86_64-fedora-gcc 0.3.0 101.83 OK
r-devel-windows-ix86+x86_64 0.3.0 49.00 61.00 110.00 NOTE
r-patched-linux-x86_64 0.3.0 29.65 45.88 75.53 OK
r-patched-solaris-x86 0.3.0 175.50 NOTE
r-release-linux-x86_64 0.3.0 29.67 45.66 75.33 OK
r-release-windows-ix86+x86_64 0.3.0 59.00 87.00 146.00 NOTE
r-release-osx-x86_64 0.3.0 NOTE
r-oldrel-windows-ix86+x86_64 0.3.0 57.00 61.00 118.00 NOTE
r-oldrel-osx-x86_64 0.3.0 NOTE

Check Details

Version: 0.3.0
Check: installed package size
Result: NOTE
     installed size is 6.5Mb
     sub-directories of 1Mb or more:
     R 6.4Mb
Flavors: r-devel-linux-x86_64-fedora-clang, r-devel-windows-ix86+x86_64, r-patched-solaris-x86, r-release-windows-ix86+x86_64, r-release-osx-x86_64, r-oldrel-windows-ix86+x86_64, r-oldrel-osx-x86_64