CRAN Package Check Results for Package flora

Last updated on 2014-04-20 15:46:50.

Flavor Version Tinstall Tcheck Ttotal Status Flags
r-devel-linux-x86_64-debian-clang 0.1 2.37 22.04 24.42 OK
r-devel-linux-x86_64-debian-gcc 0.1 2.38 21.64 24.01 OK
r-devel-linux-x86_64-fedora-clang 0.1 49.92 OK
r-devel-linux-x86_64-fedora-gcc 0.1 48.41 OK
r-devel-macosx-x86_64-clang 0.1 43.15 OK
r-devel-macosx-x86_64-gcc 0.1 ERROR
r-devel-windows-ix86+x86_64 0.1 9.00 38.00 47.00 OK
r-patched-linux-x86_64 0.1 2.50 21.61 24.11 OK
r-patched-solaris-sparc 0.1 277.40 OK
r-patched-solaris-x86 0.1 70.10 OK
r-release-linux-ix86 OK
r-release-linux-x86_64 0.1 2.38 21.94 24.32 OK
r-release-windows-ix86+x86_64 0.1 16.00 58.00 74.00 OK
r-oldrel-windows-ix86+x86_64 0.1 9.00 41.00 50.00 OK

Check Details

Version: 0.1
Check: package dependencies
Result: ERROR
    Package required but not available: ‘XML’
    
    See the information on DESCRIPTION files in the chapter ‘Creating R
    packages’ of the ‘Writing R Extensions’ manual.
Flavor: r-devel-macosx-x86_64-gcc