CRAN Package Check Results for Package flora

Last updated on 2015-07-28 23:47:31.

Flavor Version Tinstall Tcheck Ttotal Status Flags
r-devel-linux-x86_64-debian-clang 0.2.4 14.90 19.55 34.45 NOTE
r-devel-linux-x86_64-debian-gcc 0.2.4 14.22 18.33 32.55 NOTE
r-devel-linux-x86_64-fedora-clang 0.2.4 61.38 NOTE
r-devel-linux-x86_64-fedora-gcc 0.2.4 61.68 NOTE
r-devel-osx-x86_64-clang 0.2.4 50.94 OK
r-devel-windows-ix86+x86_64 0.2.4 24.00 27.00 51.00 NOTE
r-patched-linux-x86_64 0.2.4 14.10 19.09 33.19 OK
r-patched-solaris-sparc 0.2.4 414.70 OK
r-patched-solaris-x86 0.2.4 98.40 OK
r-release-linux-x86_64 0.2.4 13.93 18.33 32.26 OK
r-release-osx-x86_64-mavericks 0.2.4 OK
r-release-windows-ix86+x86_64 0.2.4 29.00 30.00 59.00 OK
r-oldrel-windows-ix86+x86_64 0.2.4 25.00 40.00 65.00 OK

Check Details

Version: 0.2.4
Check: R code for possible problems
Result: NOTE
    suggest.names: no visible global function definition for ‘adist’
    Undefined global functions or variables:
     adist
    Consider adding
     importFrom("utils", "adist")
    to your NAMESPACE.
Flavors: r-devel-linux-x86_64-debian-clang, r-devel-linux-x86_64-debian-gcc, r-devel-linux-x86_64-fedora-clang, r-devel-linux-x86_64-fedora-gcc, r-devel-windows-ix86+x86_64