CRAN Package Check Results for Package flora

Last updated on 2018-04-22 23:50:09 CEST.

Flavor Version Tinstall Tcheck Ttotal Status Flags
r-devel-linux-x86_64-debian-clang 0.3.0 29.68 41.74 71.42 OK
r-devel-linux-x86_64-debian-gcc 0.3.0 31.43 36.85 68.28 OK
r-devel-linux-x86_64-fedora-clang 0.3.0 101.91 NOTE
r-devel-linux-x86_64-fedora-gcc 0.3.0 99.12 NOTE
r-devel-windows-ix86+x86_64 0.3.0 56.00 59.00 115.00 NOTE
r-devel-osx-x86_64 0.3.0 NOTE
r-patched-linux-x86_64 0.3.0 31.20 44.30 75.50 OK
r-patched-solaris-x86 0.3.0 174.60 NOTE
r-release-linux-x86_64 0.3.0 29.92 46.27 76.19 OK
r-release-windows-ix86+x86_64 0.3.0 41.00 58.00 99.00 NOTE
r-release-osx-x86_64 0.3.0 NOTE
r-oldrel-windows-ix86+x86_64 0.3.0 57.00 52.00 109.00 NOTE

Check Details

Version: 0.3.0
Check: installed package size
Result: NOTE
     installed size is 6.5Mb
     sub-directories of 1Mb or more:
     R 6.4Mb
Flavors: r-devel-linux-x86_64-fedora-clang, r-devel-linux-x86_64-fedora-gcc, r-devel-windows-ix86+x86_64, r-devel-osx-x86_64, r-patched-solaris-x86, r-release-windows-ix86+x86_64, r-release-osx-x86_64, r-oldrel-windows-ix86+x86_64