CRAN Package Check Results for Package flowDiv

Last updated on 2020-02-25 04:48:02 CET.

Flavor Version Tinstall Tcheck Ttotal Status Flags
r-devel-linux-x86_64-debian-clang 2.0 15.97 130.20 146.17 NOTE
r-devel-linux-x86_64-debian-gcc 2.0 14.51 101.83 116.34 NOTE
r-devel-linux-x86_64-fedora-clang 2.0 184.09 NOTE
r-devel-linux-x86_64-fedora-gcc 2.0 175.62 NOTE
r-devel-windows-ix86+x86_64 2.0 31.00 131.00 162.00 NOTE
r-devel-windows-ix86+x86_64-gcc8 2.0 1.00 8.00 9.00 ERROR
r-patched-linux-x86_64 2.0 14.71 114.39 129.10 NOTE
r-patched-solaris-x86 2.0 252.60 NOTE
r-release-linux-x86_64 2.0 12.59 114.39 126.98 NOTE
r-release-windows-ix86+x86_64 2.0 32.00 125.00 157.00 NOTE
r-release-osx-x86_64 2.0 NOTE
r-oldrel-windows-ix86+x86_64 2.0 20.00 146.00 166.00 OK
r-oldrel-osx-x86_64 2.0 ERROR

Check Details

Version: 2.0
Check: R code for possible problems
Result: NOTE
    opc : <anonymous>: no visible global function definition for
     'parseWorkspace'
    opc : <anonymous>: no visible global function definition for
     'closeWorkspace'
    Undefined global functions or variables:
     closeWorkspace parseWorkspace
Flavors: r-devel-linux-x86_64-debian-clang, r-devel-linux-x86_64-debian-gcc, r-devel-linux-x86_64-fedora-clang, r-devel-linux-x86_64-fedora-gcc, r-devel-windows-ix86+x86_64, r-patched-linux-x86_64, r-patched-solaris-x86, r-release-linux-x86_64, r-release-windows-ix86+x86_64, r-release-osx-x86_64

Version: 2.0
Check: package dependencies
Result: ERROR
    Package required but not available: 'flowWorkspace'
    
    See section 'The DESCRIPTION file' in the 'Writing R Extensions'
    manual.
Flavors: r-devel-windows-ix86+x86_64-gcc8, r-oldrel-osx-x86_64