CRAN Package Check Results for Package flsa

Last updated on 2014-04-24 21:47:40.

Flavor Version Tinstall Tcheck Ttotal Status Flags
r-devel-linux-x86_64-debian-clang 1.05 5.36 9.64 15.00 OK
r-devel-linux-x86_64-debian-gcc 1.05 6.97 9.56 16.53 OK
r-devel-linux-x86_64-fedora-clang 1.05 35.09 NOTE
r-devel-linux-x86_64-fedora-gcc 1.05 29.97 NOTE
r-devel-osx-x86_64-clang 1.05 31.15 OK
r-devel-osx-x86_64-gcc 1.05 OK
r-devel-windows-ix86+x86_64 1.05 28.00 24.00 52.00 OK
r-patched-linux-x86_64 1.05 7.01 9.61 16.62 OK
r-patched-solaris-sparc 1.05 170.90 OK
r-patched-solaris-x86 1.05 45.50 OK
r-release-linux-ix86 1.05 12.00 23.00 35.00 OK
r-release-linux-x86_64 1.05 6.98 9.93 16.91 OK
r-release-osx-x86_64-mavericks 1.05 OK
r-release-windows-ix86+x86_64 1.05 47.00 33.00 80.00 OK
r-oldrel-windows-ix86+x86_64 1.05 28.00 24.00 52.00 OK

Memtest notes: valgrind valgrind

Check Details

Version: 1.05
Check: Rd line widths
Result: NOTE
    Rd file 'flsa.Rd':
     \usage lines wider than 90 characters:
     flsa(y, lambda1=0, lambda2=NULL, connListObj = NULL, splitCheckSize=1e+09, verbose=FALSE, thr = 1e-09, maxGrpNum=4*length(y))
     \examples lines wider than 100 characters:
     ### therefore, res2Dim does not give out the solution as a 2 dimensional matrix (unlike the direct version above)
    
    These lines will be truncated in the PDF manual.
Flavors: r-devel-linux-x86_64-fedora-clang, r-devel-linux-x86_64-fedora-gcc