CRAN Package Check Results for Package flsa

Last updated on 2017-08-18 00:49:56.

Flavor Version Tinstall Tcheck Ttotal Status Flags
r-devel-linux-x86_64-debian-clang 1.05 8.68 11.57 20.25 NOTE
r-devel-linux-x86_64-debian-gcc 1.05 8.17 11.32 19.49 NOTE
r-devel-linux-x86_64-fedora-clang 1.05 42.94 NOTE
r-devel-linux-x86_64-fedora-gcc 1.05 32.15 NOTE
r-devel-windows-ix86+x86_64 1.05 35.00 39.00 74.00 NOTE
r-patched-linux-x86_64 1.05 8.21 11.13 19.34 NOTE
r-patched-solaris-x86 1.05 55.30 NOTE
r-release-linux-x86_64 1.05 7.99 11.38 19.37 NOTE
r-release-windows-ix86+x86_64 1.05 40.00 35.00 75.00 NOTE
r-release-osx-x86_64 1.05 NOTE
r-oldrel-windows-ix86+x86_64 1.05 34.00 52.00 86.00 NOTE
r-oldrel-osx-x86_64 1.05 NOTE

Additional issues

rchk valgrind

Check Details

Version: 1.05
Check: DESCRIPTION meta-information
Result: NOTE
    Malformed Description field: should contain one or more complete sentences.
Flavors: r-devel-linux-x86_64-debian-clang, r-devel-linux-x86_64-debian-gcc, r-devel-linux-x86_64-fedora-clang, r-devel-linux-x86_64-fedora-gcc, r-devel-windows-ix86+x86_64, r-patched-linux-x86_64, r-patched-solaris-x86, r-release-linux-x86_64, r-release-windows-ix86+x86_64, r-release-osx-x86_64, r-oldrel-windows-ix86+x86_64, r-oldrel-osx-x86_64

Version: 1.05
Check: Rd line widths
Result: NOTE
    Rd file 'flsa.Rd':
     \usage lines wider than 90 characters:
     flsa(y, lambda1=0, lambda2=NULL, connListObj = NULL, splitCheckSize=1e+09, verbose=FALSE, thr = 1e-09, maxGrpNum=4*length(y))
     \examples lines wider than 100 characters:
     ### therefore, res2Dim does not give out the solution as a 2 dimensional matrix (unlike the direct version above)
    
    These lines will be truncated in the PDF manual.
Flavors: r-devel-linux-x86_64-debian-clang, r-devel-linux-x86_64-debian-gcc, r-devel-linux-x86_64-fedora-clang, r-devel-linux-x86_64-fedora-gcc, r-patched-linux-x86_64, r-release-linux-x86_64

Version: 1.05
Check: compiled code
Result: NOTE
    File ‘flsa/libs/flsa.so’:
     Found no call to: ‘R_useDynamicSymbols’
    
    It is good practice to register native routines and to disable symbol
    search.
    
    See ‘Writing portable packages’ in the ‘Writing R Extensions’ manual.
Flavors: r-devel-linux-x86_64-debian-clang, r-devel-linux-x86_64-debian-gcc, r-devel-linux-x86_64-fedora-clang, r-devel-linux-x86_64-fedora-gcc, r-patched-linux-x86_64, r-release-linux-x86_64