CRAN Package Check Results for Package flsa

Last updated on 2014-10-01 03:48:10.

Flavor Version Tinstall Tcheck Ttotal Status Flags
r-devel-linux-x86_64-debian-clang 1.05 5.96 9.52 15.48 NOTE
r-devel-linux-x86_64-debian-gcc 1.05 7.40 9.84 17.24 NOTE
r-devel-linux-x86_64-fedora-clang 1.05 37.75 NOTE
r-devel-linux-x86_64-fedora-gcc 1.05 30.83 NOTE
r-devel-osx-x86_64-clang 1.05 34.88 OK
r-devel-windows-ix86+x86_64 1.05 31.00 23.00 54.00 OK
r-patched-linux-x86_64 1.05 7.32 10.20 17.52 NOTE
r-patched-solaris-sparc 1.05 182.10 OK
r-patched-solaris-x86 1.05 48.00 OK
r-release-linux-ix86 1.05 9.81 15.63 25.44 OK
r-release-linux-x86_64 1.05 7.10 9.43 16.54 NOTE
r-release-osx-x86_64-mavericks 1.05 OK
r-release-windows-ix86+x86_64 1.05 32.00 27.00 59.00 OK
r-oldrel-windows-ix86+x86_64 1.05 33.00 28.00 61.00 OK

Memtest notes: valgrind

Check Details

Version: 1.05
Check: Rd line widths
Result: NOTE
    Rd file 'flsa.Rd':
     \usage lines wider than 90 characters:
     flsa(y, lambda1=0, lambda2=NULL, connListObj = NULL, splitCheckSize=1e+09, verbose=FALSE, thr = 1e-09, maxGrpNum=4*length(y))
     \examples lines wider than 100 characters:
     ### therefore, res2Dim does not give out the solution as a 2 dimensional matrix (unlike the direct version above)
    
    These lines will be truncated in the PDF manual.
Flavors: r-devel-linux-x86_64-debian-clang, r-devel-linux-x86_64-debian-gcc, r-devel-linux-x86_64-fedora-clang, r-devel-linux-x86_64-fedora-gcc, r-patched-linux-x86_64, r-release-linux-x86_64