CRAN Package Check Results for Package flsa

Last updated on 2014-12-22 12:49:45.

Flavor Version Tinstall Tcheck Ttotal Status Flags
r-devel-linux-x86_64-debian-clang 1.05 6.01 9.82 15.83 NOTE
r-devel-linux-x86_64-debian-gcc 1.05 7.16 10.54 17.70 NOTE
r-devel-linux-x86_64-fedora-clang 1.05 37.96 NOTE
r-devel-linux-x86_64-fedora-gcc 1.05 33.09 NOTE
r-devel-osx-x86_64-clang 1.05 33.31 OK
r-devel-windows-ix86+x86_64 1.05 31.00 26.00 57.00 OK
r-patched-linux-x86_64 1.05 7.24 9.36 16.61 NOTE
r-patched-solaris-sparc 1.05 193.10 OK
r-patched-solaris-x86 1.05 46.90 OK
r-release-linux-ix86 1.05 9.37 15.26 24.64 OK
r-release-linux-x86_64 1.05 7.10 9.71 16.81 NOTE
r-release-osx-x86_64-mavericks 1.05 OK
r-release-windows-ix86+x86_64 1.05 33.00 26.00 59.00 OK
r-oldrel-windows-ix86+x86_64 1.05 29.00 27.00 56.00 OK

Memtest notes: UBSAN-clang-trunk UBSAN-clang-trunk valgrind valgrind

Check Details

Version: 1.05
Check: Rd line widths
Result: NOTE
    Rd file 'flsa.Rd':
     \usage lines wider than 90 characters:
     flsa(y, lambda1=0, lambda2=NULL, connListObj = NULL, splitCheckSize=1e+09, verbose=FALSE, thr = 1e-09, maxGrpNum=4*length(y))
     \examples lines wider than 100 characters:
     ### therefore, res2Dim does not give out the solution as a 2 dimensional matrix (unlike the direct version above)
    
    These lines will be truncated in the PDF manual.
Flavors: r-devel-linux-x86_64-debian-clang, r-devel-linux-x86_64-debian-gcc, r-devel-linux-x86_64-fedora-clang, r-devel-linux-x86_64-fedora-gcc, r-patched-linux-x86_64, r-release-linux-x86_64