CRAN Package Check Results for Package flsa

Last updated on 2017-02-19 23:48:09.

Flavor Version Tinstall Tcheck Ttotal Status Flags
r-devel-linux-x86_64-debian-clang 1.05 8.19 10.95 19.14 NOTE
r-devel-linux-x86_64-debian-gcc 1.05 8.14 10.83 18.97 NOTE
r-devel-linux-x86_64-fedora-clang 1.05 40.42 NOTE --no-stop-on-test-error
r-devel-linux-x86_64-fedora-gcc 1.05 31.39 NOTE --no-stop-on-test-error
r-devel-macos-x86_64-clang 1.05 31.07 NOTE --no-stop-on-test-error
r-devel-windows-ix86+x86_64 1.05 32.00 47.00 79.00 NOTE
r-patched-linux-x86_64 1.05 7.04 9.07 16.12 NOTE
r-patched-solaris-sparc 1.05 155.50 NOTE
r-patched-solaris-x86 1.05 37.90 NOTE
r-release-linux-x86_64 1.05 7.14 8.78 15.93 NOTE
r-release-osx-x86_64-mavericks 1.05 NOTE
r-release-windows-ix86+x86_64 1.05 29.00 35.00 64.00 NOTE
r-oldrel-windows-ix86+x86_64 1.05 49.00 45.00 94.00 NOTE

Memtest notes: valgrind valgrind

Check Details

Version: 1.05
Check: DESCRIPTION meta-information
Result: NOTE
    Malformed Description field: should contain one or more complete sentences.
Flavors: r-devel-linux-x86_64-debian-clang, r-devel-linux-x86_64-debian-gcc, r-devel-windows-ix86+x86_64, r-patched-linux-x86_64, r-patched-solaris-sparc, r-patched-solaris-x86, r-release-linux-x86_64, r-release-osx-x86_64-mavericks, r-release-windows-ix86+x86_64, r-oldrel-windows-ix86+x86_64

Version: 1.05
Check: Rd line widths
Result: NOTE
    Rd file 'flsa.Rd':
     \usage lines wider than 90 characters:
     flsa(y, lambda1=0, lambda2=NULL, connListObj = NULL, splitCheckSize=1e+09, verbose=FALSE, thr = 1e-09, maxGrpNum=4*length(y))
     \examples lines wider than 100 characters:
     ### therefore, res2Dim does not give out the solution as a 2 dimensional matrix (unlike the direct version above)
    
    These lines will be truncated in the PDF manual.
Flavors: r-devel-linux-x86_64-debian-clang, r-devel-linux-x86_64-debian-gcc, r-patched-linux-x86_64, r-release-linux-x86_64

Version: 1.05
Check: compiled code
Result: NOTE
    File ‘flsa/libs/flsa.so’:
     Found no call to: ‘R_useDynamicSymbols’
    
    It is good practice to register native routines and to disable symbol
    search.
    
    See ‘Writing portable packages’ in the ‘Writing R Extensions’ manual.
Flavors: r-devel-linux-x86_64-debian-clang, r-devel-linux-x86_64-debian-gcc

Version: 1.05
Flags: --no-stop-on-test-error
Check: DESCRIPTION meta-information
Result: NOTE
    Malformed Description field: should contain one or more complete sentences.
Flavors: r-devel-linux-x86_64-fedora-clang, r-devel-linux-x86_64-fedora-gcc, r-devel-macos-x86_64-clang

Version: 1.05
Flags: --no-stop-on-test-error
Check: Rd line widths
Result: NOTE
    Rd file 'flsa.Rd':
     \usage lines wider than 90 characters:
     flsa(y, lambda1=0, lambda2=NULL, connListObj = NULL, splitCheckSize=1e+09, verbose=FALSE, thr = 1e-09, maxGrpNum=4*length(y))
     \examples lines wider than 100 characters:
     ### therefore, res2Dim does not give out the solution as a 2 dimensional matrix (unlike the direct version above)
    
    These lines will be truncated in the PDF manual.
Flavors: r-devel-linux-x86_64-fedora-clang, r-devel-linux-x86_64-fedora-gcc

Version: 1.05
Flags: --no-stop-on-test-error
Check: compiled code
Result: NOTE
    File ‘flsa/libs/flsa.so’:
     Found no call to: ‘R_useDynamicSymbols’
    
    It is good practice to register native routines and to disable symbol
    search.
    
    See ‘Writing portable packages’ in the ‘Writing R Extensions’ manual.
Flavors: r-devel-linux-x86_64-fedora-clang, r-devel-linux-x86_64-fedora-gcc, r-devel-macos-x86_64-clang