CRAN Package Check Results for Package flsa

Last updated on 2015-03-27 21:47:48.

Flavor Version Tinstall Tcheck Ttotal Status Flags
r-devel-linux-x86_64-debian-clang 1.05 6.33 9.18 15.51 NOTE
r-devel-linux-x86_64-debian-gcc 1.05 7.44 9.48 16.92 NOTE
r-devel-linux-x86_64-fedora-clang 1.05 36.87 NOTE
r-devel-linux-x86_64-fedora-gcc 1.05 29.42 NOTE
r-devel-osx-x86_64-clang 1.05 35.57 NOTE
r-prerel-windows-ix86+x86_64 1.05 42.00 27.00 69.00 NOTE
r-prerel-linux-x86_64 1.05 7.15 9.37 16.52 NOTE
r-prerel-solaris-sparc 1.05 158.40 NOTE
r-prerel-solaris-x86 1.05 42.60 NOTE
r-release-linux-x86_64 1.05 7.30 9.90 17.20 NOTE
r-release-osx-x86_64-mavericks 1.05 OK
r-release-windows-ix86+x86_64 1.05 30.00 27.00 57.00 OK
r-oldrel-windows-ix86+x86_64 1.05 31.00 31.00 62.00 OK

Memtest notes: valgrind valgrind

Check Details

Version: 1.05
Check: DESCRIPTION meta-information
Result: NOTE
    Malformed Description field: should contain one or more complete sentences.
Flavors: r-devel-linux-x86_64-debian-clang, r-devel-linux-x86_64-debian-gcc, r-devel-linux-x86_64-fedora-clang, r-devel-linux-x86_64-fedora-gcc, r-devel-osx-x86_64-clang, r-prerel-windows-ix86+x86_64, r-prerel-linux-x86_64, r-prerel-solaris-sparc, r-prerel-solaris-x86

Version: 1.05
Check: Rd line widths
Result: NOTE
    Rd file 'flsa.Rd':
     \usage lines wider than 90 characters:
     flsa(y, lambda1=0, lambda2=NULL, connListObj = NULL, splitCheckSize=1e+09, verbose=FALSE, thr = 1e-09, maxGrpNum=4*length(y))
     \examples lines wider than 100 characters:
     ### therefore, res2Dim does not give out the solution as a 2 dimensional matrix (unlike the direct version above)
    
    These lines will be truncated in the PDF manual.
Flavors: r-devel-linux-x86_64-debian-clang, r-devel-linux-x86_64-debian-gcc, r-devel-linux-x86_64-fedora-clang, r-devel-linux-x86_64-fedora-gcc, r-prerel-linux-x86_64, r-release-linux-x86_64