CRAN Package Check Results for Package flsa

Last updated on 2015-05-26 06:46:54.

Flavor Version Tinstall Tcheck Ttotal Status Flags
r-devel-linux-x86_64-debian-clang 1.05 6.16 9.08 15.24 NOTE
r-devel-linux-x86_64-debian-gcc 1.05 7.34 9.04 16.37 NOTE
r-devel-linux-x86_64-fedora-clang 1.05 37.05 NOTE
r-devel-linux-x86_64-fedora-gcc 1.05 29.70 NOTE
r-devel-osx-x86_64-clang 1.05 33.92 NOTE
r-devel-windows-ix86+x86_64 1.05 33.00 25.00 58.00 NOTE
r-patched-linux-x86_64 1.05 7.22 9.08 16.30 NOTE
r-patched-solaris-sparc 1.05 185.00 NOTE
r-patched-solaris-x86 1.05 44.00 NOTE
r-release-linux-x86_64 1.05 7.31 9.06 16.37 NOTE
r-release-osx-x86_64-mavericks 1.05 NOTE
r-release-osx-x86_64-snowleopard 1.05 NOTE
r-release-windows-ix86+x86_64 1.05 32.00 28.00 60.00 NOTE
r-oldrel-windows-ix86+x86_64 1.05 32.00 28.00 60.00 OK

Memtest notes: valgrind valgrind

Check Details

Version: 1.05
Check: DESCRIPTION meta-information
Result: NOTE
    Malformed Description field: should contain one or more complete sentences.
Flavors: r-devel-linux-x86_64-debian-clang, r-devel-linux-x86_64-debian-gcc, r-devel-linux-x86_64-fedora-clang, r-devel-linux-x86_64-fedora-gcc, r-devel-osx-x86_64-clang, r-devel-windows-ix86+x86_64, r-patched-linux-x86_64, r-patched-solaris-sparc, r-patched-solaris-x86, r-release-linux-x86_64, r-release-osx-x86_64-mavericks, r-release-osx-x86_64-snowleopard, r-release-windows-ix86+x86_64

Version: 1.05
Check: Rd line widths
Result: NOTE
    Rd file 'flsa.Rd':
     \usage lines wider than 90 characters:
     flsa(y, lambda1=0, lambda2=NULL, connListObj = NULL, splitCheckSize=1e+09, verbose=FALSE, thr = 1e-09, maxGrpNum=4*length(y))
     \examples lines wider than 100 characters:
     ### therefore, res2Dim does not give out the solution as a 2 dimensional matrix (unlike the direct version above)
    
    These lines will be truncated in the PDF manual.
Flavors: r-devel-linux-x86_64-debian-clang, r-devel-linux-x86_64-debian-gcc, r-devel-linux-x86_64-fedora-clang, r-devel-linux-x86_64-fedora-gcc, r-patched-linux-x86_64, r-release-linux-x86_64