CRAN Package Check Results for Package flsa

Last updated on 2014-09-03 05:47:42.

Flavor Version Tinstall Tcheck Ttotal Status Flags
r-devel-linux-x86_64-debian-clang 1.05 5.30 8.86 14.16 OK
r-devel-linux-x86_64-debian-gcc 1.05 7.06 8.77 15.82 OK
r-devel-linux-x86_64-fedora-clang 1.05 36.39 NOTE
r-devel-linux-x86_64-fedora-gcc 1.05 29.35 NOTE
r-devel-osx-x86_64-clang 1.05 33.54 OK
r-devel-windows-ix86+x86_64 1.05 29.00 23.00 52.00 OK
r-patched-linux-x86_64 1.05 7.37 9.12 16.48 OK
r-patched-solaris-sparc 1.05 182.10 OK
r-patched-solaris-x86 1.05 45.60 OK
r-release-linux-ix86 1.05 9.86 16.19 26.04 OK
r-release-linux-x86_64 1.05 7.12 9.44 16.56 OK
r-release-osx-x86_64-mavericks 1.05 OK
r-release-windows-ix86+x86_64 1.05 37.00 37.00 74.00 OK
r-oldrel-windows-ix86+x86_64 1.05 28.00 24.00 52.00 OK

Memtest notes: valgrind valgrind

Check Details

Version: 1.05
Check: Rd line widths
Result: NOTE
    Rd file 'flsa.Rd':
     \usage lines wider than 90 characters:
     flsa(y, lambda1=0, lambda2=NULL, connListObj = NULL, splitCheckSize=1e+09, verbose=FALSE, thr = 1e-09, maxGrpNum=4*length(y))
     \examples lines wider than 100 characters:
     ### therefore, res2Dim does not give out the solution as a 2 dimensional matrix (unlike the direct version above)
    
    These lines will be truncated in the PDF manual.
Flavors: r-devel-linux-x86_64-fedora-clang, r-devel-linux-x86_64-fedora-gcc