CRAN Package Check Results for Package flsa

Last updated on 2014-11-22 08:49:40.

Flavor Version Tinstall Tcheck Ttotal Status Flags
r-devel-linux-x86_64-debian-clang 1.05 5.90 9.61 15.52 NOTE
r-devel-linux-x86_64-debian-gcc 1.05 7.21 9.59 16.80 NOTE
r-devel-linux-x86_64-fedora-clang 1.05 37.95 NOTE
r-devel-linux-x86_64-fedora-gcc 1.05 32.00 NOTE
r-devel-osx-x86_64-clang 1.05 36.12 OK
r-devel-windows-ix86+x86_64 1.05 29.00 34.00 63.00 OK
r-patched-linux-x86_64 1.05 7.23 9.89 17.12 NOTE
r-patched-solaris-sparc 1.05 182.10 OK
r-patched-solaris-x86 1.05 48.50 OK
r-release-linux-ix86 1.05 9.76 15.28 25.04 OK
r-release-linux-x86_64 1.05 7.24 9.43 16.66 NOTE
r-release-osx-x86_64-mavericks 1.05 OK
r-release-windows-ix86+x86_64 1.05 36.00 29.00 65.00 OK
r-oldrel-windows-ix86+x86_64 1.05 29.00 31.00 60.00 OK

Memtest notes: valgrind valgrind

Check Details

Version: 1.05
Check: Rd line widths
Result: NOTE
    Rd file 'flsa.Rd':
     \usage lines wider than 90 characters:
     flsa(y, lambda1=0, lambda2=NULL, connListObj = NULL, splitCheckSize=1e+09, verbose=FALSE, thr = 1e-09, maxGrpNum=4*length(y))
     \examples lines wider than 100 characters:
     ### therefore, res2Dim does not give out the solution as a 2 dimensional matrix (unlike the direct version above)
    
    These lines will be truncated in the PDF manual.
Flavors: r-devel-linux-x86_64-debian-clang, r-devel-linux-x86_64-debian-gcc, r-devel-linux-x86_64-fedora-clang, r-devel-linux-x86_64-fedora-gcc, r-patched-linux-x86_64, r-release-linux-x86_64