CRAN Package Check Results for Package flsa

Last updated on 2014-07-25 01:48:45.

Flavor Version Tinstall Tcheck Ttotal Status Flags
r-devel-linux-x86_64-debian-clang 1.05 5.35 9.21 14.56 OK
r-devel-linux-x86_64-debian-gcc 1.05 7.22 9.34 16.57 OK
r-devel-linux-x86_64-fedora-clang 1.05 34.86 NOTE
r-devel-linux-x86_64-fedora-gcc 1.05 30.49 NOTE
r-devel-osx-x86_64-clang 1.05 34.41 OK
r-devel-windows-ix86+x86_64 1.05 30.00 26.00 56.00 OK
r-patched-linux-x86_64 1.05 7.03 8.86 15.89 OK
r-patched-solaris-sparc 1.05 170.90 OK
r-patched-solaris-x86 1.05 45.40 OK
r-release-linux-ix86 1.05 9.76 15.52 25.28 OK
r-release-linux-x86_64 1.05 7.09 9.14 16.23 OK
r-release-osx-x86_64-mavericks 1.05 OK
r-release-windows-ix86+x86_64 1.05 37.00 37.00 74.00 OK
r-oldrel-windows-ix86+x86_64 1.05 28.00 24.00 52.00 OK

Memtest notes: valgrind valgrind

Check Details

Version: 1.05
Check: Rd line widths
Result: NOTE
    Rd file 'flsa.Rd':
     \usage lines wider than 90 characters:
     flsa(y, lambda1=0, lambda2=NULL, connListObj = NULL, splitCheckSize=1e+09, verbose=FALSE, thr = 1e-09, maxGrpNum=4*length(y))
     \examples lines wider than 100 characters:
     ### therefore, res2Dim does not give out the solution as a 2 dimensional matrix (unlike the direct version above)
    
    These lines will be truncated in the PDF manual.
Flavors: r-devel-linux-x86_64-fedora-clang, r-devel-linux-x86_64-fedora-gcc