CRAN Package Check Results for Package flsa

Last updated on 2016-07-28 06:47:19.

Flavor Version Tinstall Tcheck Ttotal Status Flags
r-devel-linux-x86_64-debian-clang 1.05 10.74 10.37 21.11 NOTE
r-devel-linux-x86_64-debian-gcc 1.05 11.72 10.84 22.56 NOTE
r-devel-linux-x86_64-fedora-clang 1.05 36.52 NOTE
r-devel-linux-x86_64-fedora-gcc 1.05 26.77 NOTE
r-devel-osx-x86_64-clang 1.05 28.13 NOTE
r-devel-windows-ix86+x86_64 1.05 36.00 31.00 67.00 NOTE
r-patched-linux-x86_64 1.05 8.68 10.43 19.11 NOTE
r-patched-solaris-sparc 1.05 152.70 NOTE
r-patched-solaris-x86 1.05 37.50 NOTE
r-release-linux-x86_64 1.05 7.97 10.12 18.10 NOTE
r-release-osx-x86_64-mavericks 1.05 NOTE
r-release-windows-ix86+x86_64 1.05 37.00 35.00 72.00 NOTE
r-oldrel-windows-ix86+x86_64 1.05 36.00 42.00 78.00 NOTE

Memtest notes: valgrind valgrind

Check Details

Version: 1.05
Check: DESCRIPTION meta-information
Result: NOTE
    Malformed Description field: should contain one or more complete sentences.
Flavors: r-devel-linux-x86_64-debian-clang, r-devel-linux-x86_64-debian-gcc, r-devel-linux-x86_64-fedora-clang, r-devel-linux-x86_64-fedora-gcc, r-devel-osx-x86_64-clang, r-devel-windows-ix86+x86_64, r-patched-linux-x86_64, r-patched-solaris-sparc, r-patched-solaris-x86, r-release-linux-x86_64, r-release-osx-x86_64-mavericks, r-release-windows-ix86+x86_64, r-oldrel-windows-ix86+x86_64

Version: 1.05
Check: Rd line widths
Result: NOTE
    Rd file 'flsa.Rd':
     \usage lines wider than 90 characters:
     flsa(y, lambda1=0, lambda2=NULL, connListObj = NULL, splitCheckSize=1e+09, verbose=FALSE, thr = 1e-09, maxGrpNum=4*length(y))
     \examples lines wider than 100 characters:
     ### therefore, res2Dim does not give out the solution as a 2 dimensional matrix (unlike the direct version above)
    
    These lines will be truncated in the PDF manual.
Flavors: r-devel-linux-x86_64-debian-clang, r-devel-linux-x86_64-debian-gcc, r-devel-linux-x86_64-fedora-clang, r-devel-linux-x86_64-fedora-gcc, r-patched-linux-x86_64, r-release-linux-x86_64