CRAN Package Check Results for Package flsa

Last updated on 2015-07-28 17:48:20.

Flavor Version Tinstall Tcheck Ttotal Status Flags
r-devel-linux-x86_64-debian-clang 1.05 6.18 8.49 14.67 NOTE
r-devel-linux-x86_64-debian-gcc 1.05 7.49 8.60 16.09 NOTE
r-devel-linux-x86_64-fedora-clang 1.05 35.34 NOTE
r-devel-linux-x86_64-fedora-gcc 1.05 28.71 NOTE
r-devel-osx-x86_64-clang 1.05 30.94 NOTE
r-devel-windows-ix86+x86_64 1.05 32.00 26.00 58.00 NOTE
r-patched-linux-x86_64 1.05 7.72 9.07 16.80 NOTE
r-patched-solaris-sparc 1.05 179.70 NOTE
r-patched-solaris-x86 1.05 43.80 NOTE
r-release-linux-x86_64 1.05 7.17 9.12 16.28 NOTE
r-release-osx-x86_64-mavericks 1.05 NOTE
r-release-windows-ix86+x86_64 1.05 46.00 28.00 74.00 NOTE
r-oldrel-windows-ix86+x86_64 1.05 40.00 48.00 88.00 OK

Memtest notes: valgrind valgrind

Check Details

Version: 1.05
Check: DESCRIPTION meta-information
Result: NOTE
    Malformed Description field: should contain one or more complete sentences.
Flavors: r-devel-linux-x86_64-debian-clang, r-devel-linux-x86_64-debian-gcc, r-devel-linux-x86_64-fedora-clang, r-devel-linux-x86_64-fedora-gcc, r-devel-osx-x86_64-clang, r-devel-windows-ix86+x86_64, r-patched-linux-x86_64, r-patched-solaris-sparc, r-patched-solaris-x86, r-release-linux-x86_64, r-release-osx-x86_64-mavericks, r-release-windows-ix86+x86_64

Version: 1.05
Check: Rd line widths
Result: NOTE
    Rd file 'flsa.Rd':
     \usage lines wider than 90 characters:
     flsa(y, lambda1=0, lambda2=NULL, connListObj = NULL, splitCheckSize=1e+09, verbose=FALSE, thr = 1e-09, maxGrpNum=4*length(y))
     \examples lines wider than 100 characters:
     ### therefore, res2Dim does not give out the solution as a 2 dimensional matrix (unlike the direct version above)
    
    These lines will be truncated in the PDF manual.
Flavors: r-devel-linux-x86_64-debian-clang, r-devel-linux-x86_64-debian-gcc, r-devel-linux-x86_64-fedora-clang, r-devel-linux-x86_64-fedora-gcc, r-patched-linux-x86_64, r-release-linux-x86_64