CRAN Package Check Results for Package flux

Last updated on 2020-09-24 05:51:02 CEST.

Flavor Version Tinstall Tcheck Ttotal Status Flags
r-devel-linux-x86_64-debian-clang 0.3-0 6.01 48.70 54.71 NOTE
r-devel-linux-x86_64-debian-gcc 0.3-0 5.01 36.76 41.77 NOTE
r-devel-linux-x86_64-fedora-clang 0.3-0 73.03 NOTE
r-devel-linux-x86_64-fedora-gcc 0.3-0 63.39 NOTE
r-devel-windows-ix86+x86_64 0.3-0 11.00 50.00 61.00 NOTE
r-patched-linux-x86_64 0.3-0 5.55 46.03 51.58 NOTE
r-patched-solaris-x86 0.3-0 83.80 NOTE
r-release-linux-x86_64 0.3-0 6.05 46.78 52.83 NOTE
r-release-macos-x86_64 0.3-0 NOTE
r-release-windows-ix86+x86_64 0.3-0 9.00 67.00 76.00 NOTE
r-oldrel-macos-x86_64 0.3-0 NOTE
r-oldrel-windows-ix86+x86_64 0.3-0 9.00 65.00 74.00 NOTE

Check Details

Version: 0.3-0
Check: R code for possible problems
Result: NOTE
    export: no visible global function definition for 'write.table'
    flux.odae : <anonymous>: no visible global function definition for
     'combn'
    mf.flux: no visible global function definition for 'runsd'
    plot.fluss: no visible global function definition for 'dev.new'
    plot.fluss: no visible global function definition for 'pdf'
    plot.fluss: no visible global function definition for 'dev.off'
    plot.fluxes: no visible global function definition for 'dev.new'
    plot.fluxes: no visible global function definition for 'devAskNewPage'
    plot.fluxes: no visible global function definition for 'pdf'
    plot.fluxes: no visible global function definition for 'dev.off'
    plot.fluxxes: no visible global function definition for 'dev.new'
    plot.fluxxes: no visible global function definition for 'devAskNewPage'
    plot.fluxxes: no visible global function definition for 'pdf'
    plot.fluxxes: no visible global function definition for 'dev.off'
    reco.bulk : get.out: no visible global function definition for
     'boxplot.stats'
    Undefined global functions or variables:
     boxplot.stats combn dev.new dev.off devAskNewPage pdf runsd
     write.table
    Consider adding
     importFrom("grDevices", "boxplot.stats", "dev.new", "dev.off",
     "devAskNewPage", "pdf")
     importFrom("utils", "combn", "write.table")
    to your NAMESPACE file.
Flavors: r-devel-linux-x86_64-debian-clang, r-devel-linux-x86_64-debian-gcc, r-devel-linux-x86_64-fedora-clang, r-devel-linux-x86_64-fedora-gcc, r-devel-windows-ix86+x86_64, r-patched-linux-x86_64, r-patched-solaris-x86, r-release-linux-x86_64, r-release-macos-x86_64, r-release-windows-ix86+x86_64, r-oldrel-macos-x86_64, r-oldrel-windows-ix86+x86_64

Version: 0.3-0
Check: for non-standard things in the check directory
Result: NOTE
    Found the following files/directories:
     'flux.CH4.txt'
Flavors: r-devel-linux-x86_64-debian-clang, r-devel-linux-x86_64-debian-gcc, r-devel-linux-x86_64-fedora-clang, r-devel-linux-x86_64-fedora-gcc, r-patched-linux-x86_64, r-patched-solaris-x86, r-release-linux-x86_64

Version: 0.3-0
Check: Rd cross-references
Result: NOTE
    Undeclared package ‘HMR’ in Rd xrefs
Flavor: r-devel-linux-x86_64-fedora-clang