CRAN Package Check Results for Package fma

Last updated on 2015-05-29 07:47:24.

Flavor Version Tinstall Tcheck Ttotal Status Flags
r-devel-linux-x86_64-debian-clang 2.01 1.68 12.09 13.78 OK
r-devel-linux-x86_64-debian-gcc 2.01 2.04 12.16 14.20 OK
r-devel-linux-x86_64-fedora-clang 2.01 27.30 OK
r-devel-linux-x86_64-fedora-gcc 2.01 25.50 OK
r-devel-osx-x86_64-clang 2.01 30.78 OK
r-devel-windows-ix86+x86_64 2.01 9.00 24.00 33.00 OK
r-patched-linux-x86_64 2.01 1.63 11.80 13.42 OK
r-patched-solaris-sparc 2.01 184.00 OK
r-patched-solaris-x86 2.01 37.70 OK
r-release-linux-x86_64 2.01 1.64 12.15 13.80 OK
r-release-osx-x86_64-mavericks 2.01 OK
r-release-osx-x86_64-snowleopard 2.01 ERROR
r-release-windows-ix86+x86_64 2.01 6.00 23.00 29.00 OK
r-oldrel-windows-ix86+x86_64 2.01 11.00 27.00 38.00 OK

Check Details

Version: 2.01
Check: package dependencies
Result: ERROR
    Packages required but not available: ‘tseries’ ‘forecast’
    
    See section ‘The DESCRIPTION file’ in the ‘Writing R Extensions’
    manual.
Flavor: r-release-osx-x86_64-snowleopard