CRAN Package Check Results for Package fma

Last updated on 2015-04-28 19:49:05.

Flavor Version Tinstall Tcheck Ttotal Status Flags
r-devel-linux-x86_64-debian-clang 2.01 2.39 11.82 14.21 OK
r-devel-linux-x86_64-debian-gcc 2.01 1.64 11.82 13.46 OK
r-devel-linux-x86_64-fedora-clang 2.01 26.78 OK
r-devel-linux-x86_64-fedora-gcc 2.01 25.74 OK
r-devel-osx-x86_64-clang 2.01 31.20 OK
r-devel-windows-ix86+x86_64 2.01 7.00 22.00 29.00 OK
r-patched-linux-x86_64 2.01 1.64 11.92 13.56 OK
r-patched-solaris-sparc 2.01 181.40 OK
r-patched-solaris-x86 2.01 37.30 OK
r-release-linux-x86_64 2.01 1.64 11.92 13.55 OK
r-release-osx-x86_64-mavericks 2.01 OK
r-release-osx-x86_64-snowleopard 2.01 ERROR
r-release-windows-ix86+x86_64 2.01 8.00 23.00 31.00 OK
r-oldrel-windows-ix86+x86_64 2.01 9.00 26.00 35.00 OK

Check Details

Version: 2.01
Check: package dependencies
Result: ERROR
    Packages required but not available: ‘tseries’ ‘forecast’
    
    See section ‘The DESCRIPTION file’ in the ‘Writing R Extensions’
    manual.
Flavor: r-release-osx-x86_64-snowleopard