CRAN Package Check Results for Package fma

Last updated on 2014-04-24 17:49:43.

Flavor Version Tinstall Tcheck Ttotal Status Flags
r-devel-linux-x86_64-debian-clang 2.01 2.56 14.18 16.74 OK
r-devel-linux-x86_64-debian-gcc 2.01 2.51 14.63 17.14 OK
r-devel-linux-x86_64-fedora-clang 2.01 33.39 OK
r-devel-linux-x86_64-fedora-gcc 2.01 33.33 OK
r-devel-osx-x86_64-clang 2.01 32.80 OK
r-devel-osx-x86_64-gcc 2.01 ERROR
r-devel-windows-ix86+x86_64 2.01 8.00 23.00 31.00 OK
r-patched-linux-x86_64 2.01 2.48 14.24 16.72 OK
r-patched-solaris-sparc 2.01 192.80 OK
r-patched-solaris-x86 2.01 46.00 OK
r-release-linux-ix86 2.01 4.00 27.00 31.00 OK
r-release-linux-x86_64 2.01 2.50 14.76 17.26 OK
r-release-osx-x86_64-mavericks 2.01 ERROR
r-release-osx-x86_64-snowleopard 2.01 OK
r-release-windows-ix86+x86_64 2.01 7.00 24.00 31.00 OK
r-oldrel-windows-ix86+x86_64 2.01 9.00 25.00 34.00 OK

Check Details

Version: 2.01
Check: package dependencies
Result: ERROR
    Packages required but not available: ‘tseries’ ‘forecast’
    
    See the information on DESCRIPTION files in the chapter ‘Creating R
    packages’ of the ‘Writing R Extensions’ manual.
Flavor: r-devel-osx-x86_64-gcc

Version: 2.01
Check: package dependencies
Result: ERROR
    Package required but not available: ‘forecast’
    
    See the information on DESCRIPTION files in the chapter ‘Creating R
    packages’ of the ‘Writing R Extensions’ manual.
Flavor: r-release-osx-x86_64-mavericks