CRAN Package Check Results for Package fmbasics

Last updated on 2024-02-29 05:56:15 CET.

Flavor Version Tinstall Tcheck Ttotal Status Flags
r-devel-linux-x86_64-debian-clang 0.3.0 8.13 74.86 82.99 NOTE
r-devel-linux-x86_64-debian-gcc 0.3.0 5.97 57.49 63.46 NOTE
r-devel-linux-x86_64-fedora-clang 0.3.0 102.79 NOTE
r-devel-linux-x86_64-fedora-gcc 0.3.0 117.64 NOTE
r-devel-windows-x86_64 0.3.0 8.00 80.00 88.00 NOTE
r-patched-linux-x86_64 0.3.0 12.73 72.57 85.30 NOTE
r-release-linux-x86_64 0.3.0 8.38 73.17 81.55 NOTE
r-release-macos-arm64 0.3.0 36.00 NOTE
r-release-macos-x86_64 0.3.0 59.00 NOTE
r-release-windows-x86_64 0.3.0 10.00 89.00 99.00 NOTE
r-oldrel-macos-arm64 0.3.0 27.00 NOTE
r-oldrel-windows-x86_64 0.3.0 9.00 87.00 96.00 NOTE

Check Details

Version: 0.3.0
Check: LazyData
Result: NOTE 'LazyData' is specified without a 'data' directory Flavors: r-devel-linux-x86_64-debian-clang, r-devel-linux-x86_64-debian-gcc, r-devel-linux-x86_64-fedora-clang, r-devel-linux-x86_64-fedora-gcc, r-devel-windows-x86_64, r-patched-linux-x86_64, r-release-linux-x86_64, r-release-macos-arm64, r-release-macos-x86_64, r-release-windows-x86_64, r-oldrel-macos-arm64, r-oldrel-windows-x86_64