CRAN Package Check Results for Package fmcmc

Last updated on 2022-01-22 17:49:19 CET.

Flavor Version Tinstall Tcheck Ttotal Status Flags
r-devel-linux-x86_64-debian-clang 0.5-1 2.90 123.96 126.86 OK
r-devel-linux-x86_64-debian-gcc 0.5-1 3.78 92.56 96.34 OK
r-devel-linux-x86_64-fedora-clang 0.5-1 154.93 OK
r-devel-linux-x86_64-fedora-gcc 0.5-1 144.54 OK
r-devel-windows-x86_64-new-UL 0.5-1 58.00 177.00 235.00 OK
r-devel-windows-x86_64-new-TK 0.5-1 OK
r-patched-linux-x86_64 0.5-1 4.37 119.44 123.81 OK
r-release-linux-x86_64 0.5-1 4.83 120.22 125.05 OK
r-release-macos-arm64 0.5-1 OK
r-release-macos-x86_64 0.5-1 OK
r-release-windows-ix86+x86_64 0.5-1 9.00 174.00 183.00 OK
r-oldrel-macos-x86_64 0.5-0 ERROR
r-oldrel-windows-ix86+x86_64 0.5-1 10.00 183.00 193.00 OK

Check Details

Version: 0.5-0
Check: R code for possible problems
Result: NOTE
    MCMC_init: no visible global function definition for ‘...names’
    Undefined global functions or variables:
     ...names
Flavor: r-oldrel-macos-x86_64

Version: 0.5-0
Check: tests
Result: ERROR
     Running ‘tinytest.R’ [13s/13s]
    Running the tests in ‘tests/tinytest.R’ failed.
    Last 13 lines of output:
     test-mcmc.R................... 4 tests <1b>[0;32mOK<1b>[0m
     test-mcmc.R................... 4 tests <1b>[0;32mOK<1b>[0m
     test-mcmc.R................... 4 tests <1b>[0;32mOK<1b>[0m
     test-mcmc.R................... 5 tests <1b>[0;32mOK<1b>[0m
     test-mcmc.R................... 5 tests <1b>[0;32mOK<1b>[0m
     test-mcmc.R................... 5 tests <1b>[0;32mOK<1b>[0m
     test-mcmc.R................... 5 tests <1b>[0;32mOK<1b>[0m
     test-mcmc.R................... 5 tests <1b>[0;32mOK<1b>[0m
     test-mcmc.R................... 5 tests <1b>[0;32mOK<1b>[0m
     test-mcmc.R................... 6 tests <1b>[0;32mOK<1b>[0m
     test-mcmc.R................... 6 tests <1b>[0;32mOK<1b>[0m
     test-mcmc.R................... 6 tests <1b>[0;32mOK<1b>[0m
     test-mcmc.R................... 6 tests <1b>[0;32mOK<1b>[0m Error in ...names() : could not find function "...names"
     Calls: <Anonymous> -> run_test_dir -> lapply -> FUN -> eval -> eval
     Execution halted
Flavor: r-oldrel-macos-x86_64

Version: 0.5-0
Check: re-building of vignette outputs
Result: WARN
    Error(s) in re-building vignettes:
     ...
    --- re-building ‘advanced-features.Rmd’ using rmarkdown
    Quitting from lines 111-125 (advanced-features.Rmd)
    Error: processing vignette 'advanced-features.Rmd' failed with diagnostics:
    could not find function "...names"
    --- failed re-building ‘advanced-features.Rmd’
    
    --- re-building ‘user-defined-kernels.Rmd’ using rmarkdown
    Quitting from lines 101-109 (user-defined-kernels.Rmd)
    Error: processing vignette 'user-defined-kernels.Rmd' failed with diagnostics:
    could not find function "...names"
    --- failed re-building ‘user-defined-kernels.Rmd’
    
    --- re-building ‘workflow-with-fmcmc.Rmd’ using rmarkdown
    --- finished re-building ‘workflow-with-fmcmc.Rmd’
    
    SUMMARY: processing the following files failed:
     ‘advanced-features.Rmd’ ‘user-defined-kernels.Rmd’
    
    Error: Vignette re-building failed.
    Execution halted
Flavor: r-oldrel-macos-x86_64