CRAN Package Check Results for Package fmeffects

Last updated on 2024-02-27 10:54:14 CET.

Flavor Version Tinstall Tcheck Ttotal Status Flags
r-devel-linux-x86_64-debian-clang 0.1.1 24.06 1972.20 1996.26 ERROR
r-devel-linux-x86_64-debian-gcc 0.1.1 18.33 113.88 132.21 ERROR
r-devel-linux-x86_64-fedora-clang 0.1.1 222.48 ERROR
r-devel-linux-x86_64-fedora-gcc 0.1.1 236.40 ERROR
r-devel-windows-x86_64 0.1.1 21.00 155.00 176.00 OK
r-patched-linux-x86_64 0.1.1 15.65 193.37 209.02 OK
r-release-linux-x86_64 0.1.1 16.91 145.28 162.19 ERROR
r-release-macos-arm64 0.1.1 92.00 OK
r-release-macos-x86_64 0.1.1 235.00 OK
r-release-windows-x86_64 0.1.1 27.00 153.00 180.00 ERROR
r-oldrel-macos-arm64 0.1.1 182.00 OK
r-oldrel-windows-x86_64 0.1.1 29.00 150.00 179.00 ERROR

Check Details

Version: 0.1.1
Check: re-building of vignette outputs
Result: ERROR Error(s) in re-building vignettes: ... --- re-building ‘fme_theory.Rmd’ using rmarkdown --- finished re-building ‘fme_theory.Rmd’ --- re-building ‘fmeffects.Rmd’ using rmarkdown --- finished re-building ‘fmeffects.Rmd’ +-+fmeffects.html Assertion failure at kmp_runtime.cpp(6891): temp_reg_status_file_name. OMP: Error #13: Assertion failure at kmp_runtime.cpp(6891). OMP: Hint Please submit a bug report with this message, compile and run commands used, and machine configuration info including native compiler and operating system versions. Faster response will be obtained by including all program sources. For information on submitting this issue, please see https://github.com/llvm/llvm-project/issues/. Assertion failure at kmp_runtime.cpp(6891): temp_reg_status_file_name. OMP: Error #13: Assertion failure at kmp_runtime.cpp(6891). OMP: Hint Please submit a bug report with this message, compile and run commands used, and machine configuration info including native compiler and operating system versions. Faster response will be obtained by including all program sources. For information on submitting this issue, please see https://github.com/llvm/llvm-project/issues/. Killed SUMMARY: processing the following file failed: ‘fmeffects.Rmd’ Error: Vignette re-building failed. Execution halted Flavor: r-devel-linux-x86_64-debian-clang

Version: 0.1.1
Check: examples
Result: ERROR Running examples in ‘fmeffects-Ex.R’ failed The error most likely occurred in: > base::assign(".ptime", proc.time(), pos = "CheckExEnv") > ### Name: ForwardMarginalEffect > ### Title: R6 Class representing a forward marginal effect (FME) > ### Aliases: ForwardMarginalEffect > > ### ** Examples > > > ## ------------------------------------------------ > ## Method `ForwardMarginalEffect$new` > ## ------------------------------------------------ > > > # Train a model: > > library(mlr3verse) Loading required package: mlr3 > library(ranger) > data(bikes, package = "fmeffects") > forest = lrn("regr.ranger")$train(as_task_regr(x = bikes, id = "bikes", target = "count")) > > # Create an `ForwardMarginalEffect` object: > effects = ForwardMarginalEffect$new(makePredictor(forest, bikes, "count"), + feature = c("temp", "humidity"), + step.size = c(1, 0.01), + ep.method = "envelope") > > ## ------------------------------------------------ > ## Method `ForwardMarginalEffect$compute` > ## ------------------------------------------------ > > # Compute results: > effects$compute() > > ## ------------------------------------------------ > ## Method `ForwardMarginalEffect$plot` > ## ------------------------------------------------ > > # Compute results: > effects$plot() Warning in ggplot2::geom_segment(ggplot2::aes(x = (0.5 * min(x1) + 0.5 * : All aesthetics have length 1, but the data has 699 rows. ℹ Did you mean to use `annotate()`? Warning in ggplot2::geom_segment(ggplot2::aes(y = (0.5 * min(x2) + 0.5 * : All aesthetics have length 1, but the data has 699 rows. ℹ Did you mean to use `annotate()`? Error in as.vector(x, "character") : cannot coerce type 'environment' to vector of type 'character' Calls: <Anonymous> ... validDetails.text -> as.character -> as.character.default Execution halted Flavors: r-devel-linux-x86_64-debian-gcc, r-release-linux-x86_64

Version: 0.1.1
Check: re-building of vignette outputs
Result: ERROR Error(s) in re-building vignettes: ... --- re-building ‘fme_theory.Rmd’ using rmarkdown --- finished re-building ‘fme_theory.Rmd’ --- re-building ‘fmeffects.Rmd’ using rmarkdown Quitting from lines 92-100 [unnamed-chunk-7] (fmeffects.Rmd) Error: processing vignette 'fmeffects.Rmd' failed with diagnostics: cannot coerce type 'environment' to vector of type 'character' --- failed re-building ‘fmeffects.Rmd’ SUMMARY: processing the following file failed: ‘fmeffects.Rmd’ Error: Vignette re-building failed. Execution halted Flavors: r-devel-linux-x86_64-debian-gcc, r-release-linux-x86_64

Version: 0.1.1
Check: examples
Result: ERROR Running examples in ‘fmeffects-Ex.R’ failed The error most likely occurred in: > ### Name: ForwardMarginalEffect > ### Title: R6 Class representing a forward marginal effect (FME) > ### Aliases: ForwardMarginalEffect > > ### ** Examples > > > ## ------------------------------------------------ > ## Method `ForwardMarginalEffect$new` > ## ------------------------------------------------ > > > # Train a model: > > library(mlr3verse) Loading required package: mlr3 > library(ranger) > data(bikes, package = "fmeffects") > forest = lrn("regr.ranger")$train(as_task_regr(x = bikes, id = "bikes", target = "count")) > > # Create an `ForwardMarginalEffect` object: > effects = ForwardMarginalEffect$new(makePredictor(forest, bikes, "count"), + feature = c("temp", "humidity"), + step.size = c(1, 0.01), + ep.method = "envelope") > > ## ------------------------------------------------ > ## Method `ForwardMarginalEffect$compute` > ## ------------------------------------------------ > > # Compute results: > effects$compute() > > ## ------------------------------------------------ > ## Method `ForwardMarginalEffect$plot` > ## ------------------------------------------------ > > # Compute results: > effects$plot() Warning in ggplot2::geom_segment(ggplot2::aes(x = (0.5 * min(x1) + 0.5 * : All aesthetics have length 1, but the data has 699 rows. ℹ Did you mean to use `annotate()`? Warning in ggplot2::geom_segment(ggplot2::aes(y = (0.5 * min(x2) + 0.5 * : All aesthetics have length 1, but the data has 699 rows. ℹ Did you mean to use `annotate()`? Error in as.vector(x, "character") : cannot coerce type 'environment' to vector of type 'character' Calls: <Anonymous> ... validDetails.text -> as.character -> as.character.default Execution halted Flavors: r-devel-linux-x86_64-fedora-clang, r-devel-linux-x86_64-fedora-gcc, r-release-windows-x86_64, r-oldrel-windows-x86_64

Version: 0.1.1
Check: re-building of vignette outputs
Result: ERROR Error(s) in re-building vignettes: --- re-building ‘fme_theory.Rmd’ using rmarkdown --- finished re-building ‘fme_theory.Rmd’ --- re-building ‘fmeffects.Rmd’ using rmarkdown Quitting from lines 92-100 [unnamed-chunk-7] (fmeffects.Rmd) Error: processing vignette 'fmeffects.Rmd' failed with diagnostics: cannot coerce type 'environment' to vector of type 'character' --- failed re-building ‘fmeffects.Rmd’ SUMMARY: processing the following file failed: ‘fmeffects.Rmd’ Error: Vignette re-building failed. Execution halted Flavors: r-devel-linux-x86_64-fedora-clang, r-devel-linux-x86_64-fedora-gcc, r-release-windows-x86_64, r-oldrel-windows-x86_64