CRAN Package Check Results for Package fmri

Last updated on 2017-02-22 17:48:39.

Flavor Version Tinstall Tcheck Ttotal Status Flags
r-devel-linux-x86_64-debian-clang 1.7-2 5.14 61.56 66.70 NOTE
r-devel-linux-x86_64-debian-gcc 1.7-2 5.22 58.76 63.98 NOTE
r-devel-linux-x86_64-fedora-clang 1.7-2 133.93 NOTE --no-stop-on-test-error
r-devel-linux-x86_64-fedora-gcc 1.7-2 128.51 NOTE --no-stop-on-test-error
r-devel-macos-x86_64-clang 1.7-2 103.69 NOTE --no-stop-on-test-error
r-devel-windows-ix86+x86_64 1.7-2 27.00 156.00 183.00 OK
r-patched-linux-x86_64 1.7-2 4.95 57.32 62.27 OK
r-patched-solaris-sparc 1.7-2 744.40 OK
r-patched-solaris-x86 1.7-2 137.10 OK
r-release-linux-x86_64 1.7-2 4.88 58.16 63.04 OK
r-release-osx-x86_64-mavericks 1.7-2 OK
r-release-windows-ix86+x86_64 1.7-2 37.00 147.00 184.00 OK
r-oldrel-windows-ix86+x86_64 1.7-2 23.00 112.00 135.00 OK

Check Details

Version: 1.7-2
Check: compiled code
Result: NOTE
    File ‘fmri/libs/fmri.so’:
     Found no calls to: ‘R_registerRoutines’, ‘R_useDynamicSymbols’
    
    It is good practice to register native routines and to disable symbol
    search.
    
    See ‘Writing portable packages’ in the ‘Writing R Extensions’ manual.
Flavors: r-devel-linux-x86_64-debian-clang, r-devel-linux-x86_64-debian-gcc

Version: 1.7-2
Flags: --no-stop-on-test-error
Check: compiled code
Result: NOTE
    File ‘fmri/libs/fmri.so’:
     Found no calls to: ‘R_registerRoutines’, ‘R_useDynamicSymbols’
    
    It is good practice to register native routines and to disable symbol
    search.
    
    See ‘Writing portable packages’ in the ‘Writing R Extensions’ manual.
Flavors: r-devel-linux-x86_64-fedora-clang, r-devel-linux-x86_64-fedora-gcc, r-devel-macos-x86_64-clang