CRAN Package Check Results for Package fmri

Last updated on 2017-03-27 13:55:31.

Flavor Version Tinstall Tcheck Ttotal Status Flags
r-devel-linux-x86_64-debian-clang 1.7-2 5.08 62.59 67.66 NOTE
r-devel-linux-x86_64-debian-gcc 1.7-2 5.08 58.94 64.02 NOTE
r-devel-linux-x86_64-fedora-clang 1.7-2 136.31 NOTE --no-stop-on-test-error
r-devel-linux-x86_64-fedora-gcc 1.7-2 131.77 NOTE --no-stop-on-test-error
r-devel-macos-x86_64-clang 1.7-2 103.85 NOTE --no-stop-on-test-error
r-devel-windows-ix86+x86_64 1.7-2 20.00 128.00 148.00 OK
r-patched-linux-x86_64 1.7-2 4.73 59.58 64.31 NOTE
r-patched-solaris-sparc 1.7-2 786.10 OK
r-patched-solaris-x86 1.7-2 165.70 OK
r-release-linux-x86_64 1.7-2 5.16 57.01 62.16 OK
r-release-osx-x86_64-mavericks 1.7-2 OK
r-release-windows-ix86+x86_64 1.7-2 25.00 112.00 137.00 OK
r-oldrel-windows-ix86+x86_64 1.7-2 19.00 105.00 124.00 OK

Check Details

Version: 1.7-2
Check: compiled code
Result: NOTE
    File ‘fmri/libs/fmri.so’:
     Found no calls to: ‘R_registerRoutines’, ‘R_useDynamicSymbols’
    
    It is good practice to register native routines and to disable symbol
    search.
    
    See ‘Writing portable packages’ in the ‘Writing R Extensions’ manual.
Flavors: r-devel-linux-x86_64-debian-clang, r-devel-linux-x86_64-debian-gcc, r-patched-linux-x86_64

Version: 1.7-2
Flags: --no-stop-on-test-error
Check: compiled code
Result: NOTE
    File ‘fmri/libs/fmri.so’:
     Found no calls to: ‘R_registerRoutines’, ‘R_useDynamicSymbols’
    
    It is good practice to register native routines and to disable symbol
    search.
    
    See ‘Writing portable packages’ in the ‘Writing R Extensions’ manual.
Flavors: r-devel-linux-x86_64-fedora-clang, r-devel-linux-x86_64-fedora-gcc, r-devel-macos-x86_64-clang