CRAN Package Check Results for Package fmri

Last updated on 2018-04-27 04:50:29 CEST.

Flavor Version Tinstall Tcheck Ttotal Status Flags
r-devel-linux-x86_64-debian-clang 1.7-2 17.02 82.88 99.90 NOTE
r-devel-linux-x86_64-debian-gcc 1.7-2 16.09 72.38 88.47 NOTE
r-devel-linux-x86_64-fedora-clang 1.7-2 138.21 NOTE
r-devel-linux-x86_64-fedora-gcc 1.7-2 131.01 NOTE
r-devel-windows-ix86+x86_64 1.7-2 46.00 155.00 201.00 OK
r-patched-linux-x86_64 1.7-2 18.45 92.55 111.00 NOTE
r-patched-solaris-x86 1.7-2 181.60 OK
r-release-linux-x86_64 1.7-2 17.31 92.68 109.99 NOTE
r-release-windows-ix86+x86_64 1.7-2 46.00 155.00 201.00 OK
r-release-osx-x86_64 1.7-2 OK
r-oldrel-windows-ix86+x86_64 1.7-2 15.00 116.00 131.00 OK
r-oldrel-osx-x86_64 1.7-2 OK

Check Details

Version: 1.7-2
Check: compiled code
Result: NOTE
    File ‘fmri/libs/fmri.so’:
     Found no calls to: ‘R_registerRoutines’, ‘R_useDynamicSymbols’
    
    It is good practice to register native routines and to disable symbol
    search.
    
    See ‘Writing portable packages’ in the ‘Writing R Extensions’ manual.
Flavors: r-devel-linux-x86_64-debian-clang, r-devel-linux-x86_64-debian-gcc, r-devel-linux-x86_64-fedora-clang, r-devel-linux-x86_64-fedora-gcc, r-patched-linux-x86_64, r-release-linux-x86_64