CRAN Package Check Results for Package fmri

Last updated on 2017-09-20 16:47:05.

Flavor Version Tinstall Tcheck Ttotal Status Flags
r-devel-linux-x86_64-debian-clang 1.7-2 4.97 61.81 66.78 NOTE
r-devel-linux-x86_64-debian-gcc 1.7-2 4.68 58.84 63.51 NOTE
r-devel-linux-x86_64-fedora-clang 1.7-2 132.17 NOTE
r-devel-linux-x86_64-fedora-gcc 1.7-2 132.37 NOTE
r-devel-windows-ix86+x86_64 1.7-2 21.00 155.00 176.00 OK
r-patched-linux-x86_64 1.7-2 4.73 60.01 64.74 NOTE
r-patched-solaris-x86 1.7-2 176.10 OK
r-release-linux-x86_64 1.7-2 4.68 60.11 64.79 NOTE
r-release-windows-ix86+x86_64 1.7-2 19.00 121.00 140.00 OK
r-release-osx-x86_64 1.7-2 OK
r-oldrel-windows-ix86+x86_64 1.7-2 16.00 103.00 119.00 OK
r-oldrel-osx-x86_64 1.7-2 OK

Check Details

Version: 1.7-2
Check: compiled code
Result: NOTE
    File ‘fmri/libs/fmri.so’:
     Found no calls to: ‘R_registerRoutines’, ‘R_useDynamicSymbols’
    
    It is good practice to register native routines and to disable symbol
    search.
    
    See ‘Writing portable packages’ in the ‘Writing R Extensions’ manual.
Flavors: r-devel-linux-x86_64-debian-clang, r-devel-linux-x86_64-debian-gcc, r-devel-linux-x86_64-fedora-clang, r-devel-linux-x86_64-fedora-gcc, r-patched-linux-x86_64, r-release-linux-x86_64