CRAN Package Check Results for Package fmri

Last updated on 2017-04-24 08:47:51.

Flavor Version Tinstall Tcheck Ttotal Status Flags
r-devel-linux-x86_64-debian-clang 1.7-2 5.23 61.22 66.45 NOTE
r-devel-linux-x86_64-debian-gcc 1.7-2 5.01 58.70 63.71 NOTE
r-devel-linux-x86_64-fedora-clang 1.7-2 136.91 NOTE --no-stop-on-test-error
r-devel-linux-x86_64-fedora-gcc 1.7-2 130.54 NOTE --no-stop-on-test-error
r-devel-windows-ix86+x86_64 1.7-2 28.00 123.00 151.00 OK
r-patched-linux-x86_64 1.7-2 5.24 57.89 63.13 NOTE
r-patched-solaris-sparc 1.7-2 786.10 OK
r-patched-solaris-x86 1.7-2 162.40 OK
r-release-linux-x86_64 1.7-2 4.94 58.37 63.32 NOTE
r-release-windows-ix86+x86_64 1.7-2 19.00 129.00 148.00 OK
r-release-osx-x86_64 1.7-2 OK
r-oldrel-windows-ix86+x86_64 1.7-2 19.00 113.00 132.00 OK
r-oldrel-osx-x86_64 1.7-2 OK

Check Details

Version: 1.7-2
Check: compiled code
Result: NOTE
    File ‘fmri/libs/fmri.so’:
     Found no calls to: ‘R_registerRoutines’, ‘R_useDynamicSymbols’
    
    It is good practice to register native routines and to disable symbol
    search.
    
    See ‘Writing portable packages’ in the ‘Writing R Extensions’ manual.
Flavors: r-devel-linux-x86_64-debian-clang, r-devel-linux-x86_64-debian-gcc, r-patched-linux-x86_64, r-release-linux-x86_64

Version: 1.7-2
Flags: --no-stop-on-test-error
Check: compiled code
Result: NOTE
    File ‘fmri/libs/fmri.so’:
     Found no calls to: ‘R_registerRoutines’, ‘R_useDynamicSymbols’
    
    It is good practice to register native routines and to disable symbol
    search.
    
    See ‘Writing portable packages’ in the ‘Writing R Extensions’ manual.
Flavors: r-devel-linux-x86_64-fedora-clang, r-devel-linux-x86_64-fedora-gcc