CRAN Package Check Results for Package fmri

Last updated on 2020-08-11 12:49:58 CEST.

Flavor Version Tinstall Tcheck Ttotal Status Flags
r-devel-linux-x86_64-debian-clang 1.9.3 21.06 110.02 131.08 OK
r-devel-linux-x86_64-debian-gcc 1.9.3 15.96 82.93 98.89 OK
r-devel-linux-x86_64-fedora-clang 1.9.3 161.44 OK
r-devel-linux-x86_64-fedora-gcc 1.9.3 150.52 OK
r-devel-windows-ix86+x86_64 1.9.3 49.00 176.00 225.00 OK
r-patched-linux-x86_64 1.9.3 18.94 108.64 127.58 OK
r-patched-solaris-x86 1.9.3 190.90 OK
r-release-linux-x86_64 1.9.3 18.60 106.70 125.30 OK
r-release-macos-x86_64 1.9.3 OK
r-release-windows-ix86+x86_64 1.9.3 47.00 175.00 222.00 OK
r-oldrel-macos-x86_64 1.9.3 NOTE
r-oldrel-windows-ix86+x86_64 1.9.3 32.00 124.00 156.00 OK

Check Details

Version: 1.9.3
Check: dependencies in R code
Result: NOTE
    No protocol specified
    No protocol specified
    No protocol specified
    No protocol specified
Flavor: r-oldrel-macos-x86_64