CRAN Package Check Results for Package fmri

Last updated on 2017-07-25 03:49:22.

Flavor Version Tinstall Tcheck Ttotal Status Flags
r-devel-linux-x86_64-debian-clang 1.7-2 5.16 68.07 73.24 NOTE
r-devel-linux-x86_64-debian-gcc 1.7-2 4.98 64.96 69.95 NOTE
r-devel-linux-x86_64-fedora-clang 1.7-2 134.77 NOTE
r-devel-linux-x86_64-fedora-gcc 1.7-2 130.54 NOTE
r-devel-windows-ix86+x86_64 1.7-2 20.00 106.00 126.00 OK
r-patched-linux-x86_64 1.7-2 5.22 67.49 72.71 NOTE
r-patched-solaris-x86 1.7-2 166.40 OK
r-release-linux-x86_64 1.7-2 5.02 66.89 71.92 NOTE
r-release-windows-ix86+x86_64 1.7-2 21.00 142.00 163.00 OK
r-release-osx-x86_64 1.7-2 OK
r-oldrel-windows-ix86+x86_64 1.7-2 18.00 112.00 130.00 OK
r-oldrel-osx-x86_64 1.7-2 OK

Check Details

Version: 1.7-2
Check: compiled code
Result: NOTE
    File ‘fmri/libs/fmri.so’:
     Found no calls to: ‘R_registerRoutines’, ‘R_useDynamicSymbols’
    
    It is good practice to register native routines and to disable symbol
    search.
    
    See ‘Writing portable packages’ in the ‘Writing R Extensions’ manual.
Flavors: r-devel-linux-x86_64-debian-clang, r-devel-linux-x86_64-debian-gcc, r-devel-linux-x86_64-fedora-clang, r-devel-linux-x86_64-fedora-gcc, r-patched-linux-x86_64, r-release-linux-x86_64