CRAN Package Check Results for Package fmri

Last updated on 2017-05-25 23:52:45.

Flavor Version Tinstall Tcheck Ttotal Status Flags
r-devel-linux-x86_64-debian-clang 1.7-2 5.39 61.31 66.70 NOTE
r-devel-linux-x86_64-debian-gcc 1.7-2 5.06 58.54 63.60 NOTE
r-devel-linux-x86_64-fedora-clang 1.7-2 135.29 NOTE --no-stop-on-test-error
r-devel-linux-x86_64-fedora-gcc 1.7-2 130.99 NOTE --no-stop-on-test-error
r-devel-windows-ix86+x86_64 1.7-2 21.00 113.00 134.00 OK
r-patched-linux-x86_64 1.7-2 5.04 58.68 63.72 NOTE
r-patched-solaris-sparc 1.7-2 786.10 OK
r-patched-solaris-x86 1.7-2 162.50 OK
r-release-linux-x86_64 1.7-2 5.33 58.34 63.67 NOTE
r-release-windows-ix86+x86_64 1.7-2 24.00 193.00 217.00 OK
r-release-osx-x86_64 1.7-2 OK
r-oldrel-windows-ix86+x86_64 1.7-2 23.00 103.00 126.00 OK
r-oldrel-osx-x86_64 1.7-2 OK

Check Details

Version: 1.7-2
Check: compiled code
Result: NOTE
    File ‘fmri/libs/fmri.so’:
     Found no calls to: ‘R_registerRoutines’, ‘R_useDynamicSymbols’
    
    It is good practice to register native routines and to disable symbol
    search.
    
    See ‘Writing portable packages’ in the ‘Writing R Extensions’ manual.
Flavors: r-devel-linux-x86_64-debian-clang, r-devel-linux-x86_64-debian-gcc, r-patched-linux-x86_64, r-release-linux-x86_64

Version: 1.7-2
Flags: --no-stop-on-test-error
Check: compiled code
Result: NOTE
    File ‘fmri/libs/fmri.so’:
     Found no calls to: ‘R_registerRoutines’, ‘R_useDynamicSymbols’
    
    It is good practice to register native routines and to disable symbol
    search.
    
    See ‘Writing portable packages’ in the ‘Writing R Extensions’ manual.
Flavors: r-devel-linux-x86_64-fedora-clang, r-devel-linux-x86_64-fedora-gcc