CRAN Package Check Results for Package fmri

Last updated on 2016-04-30 21:46:59.

Flavor Version Tinstall Tcheck Ttotal Status Flags
r-devel-linux-x86_64-debian-gcc 1.5-1 2.88 37.61 40.50 NOTE
r-devel-linux-x86_64-fedora-clang 1.5-1 69.79 NOTE
r-devel-linux-x86_64-fedora-gcc 1.5-1 64.66 NOTE
r-devel-osx-x86_64-clang 1.5-1 79.43 NOTE
r-devel-windows-ix86+x86_64 1.5-1 11.00 72.00 83.00 NOTE
r-patched-linux-x86_64 1.5-1 2.86 36.80 39.66 NOTE
r-patched-solaris-sparc 1.5-1 456.40 NOTE
r-patched-solaris-x86 1.5-1 92.90 NOTE
r-release-linux-x86_64 1.5-1 2.98 37.54 40.52 NOTE
r-release-osx-x86_64-mavericks 1.5-1 NOTE
r-release-windows-ix86+x86_64 1.5-1 22.00 82.00 104.00 NOTE
r-oldrel-windows-ix86+x86_64 1.5-1 22.00 90.00 112.00 NOTE

Check Details

Version: 1.5-1
Check: dependencies in R code
Result: NOTE
    'library' or 'require' calls in package code:
     ‘adimpro’ ‘fastICA’ ‘oro.nifti’ ‘tcltk’ ‘tkrplot’
     Please use :: or requireNamespace() instead.
     See section 'Suggested packages' in the 'Writing R Extensions' manual.
Flavors: r-devel-linux-x86_64-debian-gcc, r-devel-linux-x86_64-fedora-clang, r-devel-linux-x86_64-fedora-gcc, r-devel-osx-x86_64-clang, r-devel-windows-ix86+x86_64, r-patched-linux-x86_64, r-patched-solaris-sparc, r-patched-solaris-x86, r-release-linux-x86_64, r-release-osx-x86_64-mavericks, r-release-windows-ix86+x86_64, r-oldrel-windows-ix86+x86_64

Version: 1.5-1
Check: S3 generic/method consistency
Result: NOTE
    Found the following apparent S3 methods exported but not registered:
     plot.fmridata plot.fmrisegment print.fmridata summary.fmridata
    See section ‘Registering S3 methods’ in the ‘Writing R Extensions’
    manual.
Flavors: r-devel-linux-x86_64-debian-gcc, r-devel-linux-x86_64-fedora-clang, r-devel-linux-x86_64-fedora-gcc, r-devel-osx-x86_64-clang, r-patched-linux-x86_64, r-patched-solaris-sparc, r-patched-solaris-x86, r-release-linux-x86_64

Version: 1.5-1
Check: R code for possible problems
Result: NOTE
    Spatialvar.gauss: no visible global function definition for ‘dnorm’
    Varcor.gauss: no visible global function definition for ‘dnorm’
    correlation : varpos: no visible global function definition for ‘var’
    displayImage: no visible global function definition for ‘image’
    fmri.design: no visible global function definition for ‘lm’
    fmri.detrend: no visible global function definition for ‘poly’
    fmri.gui : selectFirstDataFile: no visible global function definition
     for ‘tclvalue<-’
    fmri.gui : selectFirstDataFile: no visible global function definition
     for ‘tkgetOpenFile’
    fmri.gui : selectDesignFileSave: no visible global function definition
     for ‘tclvalue<-’
    fmri.gui : selectDesignFileSave: no visible global function definition
     for ‘tkgetSaveFile’
    fmri.gui : selectDesignFileLoad: no visible global function definition
     for ‘tclvalue<-’
    fmri.gui : selectDesignFileLoad: no visible global function definition
     for ‘tkgetOpenFile’
    fmri.gui : results3D: no visible global function definition for
     ‘tclvalue’
    fmri.gui : results3D: no visible global function definition for ‘plot’
    fmri.gui : resultsSlices: no visible global function definition for
     ‘tclvalue’
    fmri.gui : resultsSlices: no visible global function definition for
     ‘plot’
    fmri.gui : resultsSegmentation: no visible global function definition
     for ‘plot’
    fmri.gui : saveDesign: no visible global function definition for
     ‘tclvalue’
    fmri.gui : saveDesign : onOk: no visible global function definition for
     ‘tkdestroy’
    fmri.gui : saveDesign: no visible global function definition for
     ‘tktoplevel’
    fmri.gui : saveDesign: no visible global function definition for
     ‘tkwm.title’
    fmri.gui : saveDesign: no visible global function definition for
     ‘tkframe’
    fmri.gui : saveDesign: no visible global function definition for
     ‘tklabel’
    fmri.gui : saveDesign: no visible global function definition for
     ‘tkbutton’
    fmri.gui : saveDesign: no visible global function definition for
     ‘tkgrid’
    fmri.gui : loadDesignHelp : onYes: no visible global function
     definition for ‘tkdestroy’
    fmri.gui : loadDesignHelp : onNo: no visible global function definition
     for ‘tkdestroy’
    fmri.gui : loadDesignHelp: no visible global function definition for
     ‘tktoplevel’
    fmri.gui : loadDesignHelp: no visible global function definition for
     ‘tkwm.title’
    fmri.gui : loadDesignHelp: no visible global function definition for
     ‘tkframe’
    fmri.gui : loadDesignHelp: no visible global function definition for
     ‘tklabel’
    fmri.gui : loadDesignHelp: no visible global function definition for
     ‘tkbutton’
    fmri.gui : loadDesignHelp: no visible global function definition for
     ‘tkgrid’
    fmri.gui : createDesignHelp : onYes: no visible global function
     definition for ‘tkdestroy’
    fmri.gui : createDesignHelp : onNo: no visible global function
     definition for ‘tkdestroy’
    fmri.gui : createDesignHelp: no visible global function definition for
     ‘tktoplevel’
    fmri.gui : createDesignHelp: no visible global function definition for
     ‘tkwm.title’
    fmri.gui : createDesignHelp: no visible global function definition for
     ‘tkframe’
    fmri.gui : createDesignHelp: no visible global function definition for
     ‘tklabel’
    fmri.gui : createDesignHelp: no visible global function definition for
     ‘tkbutton’
    fmri.gui : createDesignHelp: no visible global function definition for
     ‘tkgrid’
    fmri.gui : loadDesign: no visible global function definition for
     ‘tclvalue’
    fmri.gui : loadDesign: no visible global function definition for
     ‘tclvalue<-’
    fmri.gui : createDesign: no visible global function definition for
     ‘flush.console’
    fmri.gui : createDesign: no visible global function definition for
     ‘tktoplevel’
    fmri.gui : createDesign: no visible global function definition for
     ‘tkwm.title’
    fmri.gui : createDesign : design.quit : onYes: no visible global
     function definition for ‘tkdestroy’
    fmri.gui : createDesign : design.quit : onNo: no visible global
     function definition for ‘tkdestroy’
    fmri.gui : createDesign : design.quit: no visible global function
     definition for ‘tktoplevel’
    fmri.gui : createDesign : design.quit: no visible global function
     definition for ‘tkwm.title’
    fmri.gui : createDesign : design.quit: no visible global function
     definition for ‘tkframe’
    fmri.gui : createDesign : design.quit: no visible global function
     definition for ‘tklabel’
    fmri.gui : createDesign : design.quit: no visible global function
     definition for ‘tkbutton’
    fmri.gui : createDesign : design.quit: no visible global function
     definition for ‘tkgrid’
    fmri.gui : createDesign : startDataHelp: no visible global function
     definition for ‘tkdestroy’
    fmri.gui : createDesign : design.conditions: no visible global function
     definition for ‘tkdestroy’
    fmri.gui : createDesign : design.conditions: no visible global function
     definition for ‘tclvalue’
    fmri.gui : createDesign : design.conditions: no visible global function
     definition for ‘tkframe’
    fmri.gui : createDesign : design.conditions : nextCondition : readCond:
     no visible global function definition for ‘tclvalue’
    fmri.gui : createDesign : design.conditions : nextCondition: no visible
     global function definition for ‘tkbutton’
    fmri.gui : createDesign : design.conditions : nextCondition :
     condition.next: no visible global function definition for ‘tclvalue’
    fmri.gui : createDesign : design.conditions : nextCondition: no visible
     global function definition for ‘tclVar’
    fmri.gui : createDesign : design.conditions : nextCondition: no visible
     global function definition for ‘tklabel’
    fmri.gui : createDesign : design.conditions : nextCondition: no visible
     global function definition for ‘tkentry’
    fmri.gui : createDesign : design.conditions : nextCondition: no visible
     global function definition for ‘tkgrid’
    fmri.gui : createDesign : design.conditions : nextCondition: no visible
     global function definition for ‘tkgrid.configure’
    fmri.gui : createDesign: no visible global function definition for
     ‘tkframe’
    fmri.gui : createDesign: no visible global function definition for
     ‘tklabel’
    fmri.gui : createDesign: no visible global function definition for
     ‘tkentry’
    fmri.gui : createDesign: no visible global function definition for
     ‘tkgrid’
    fmri.gui : createDesign: no visible global function definition for
     ‘tkradiobutton’
    fmri.gui : createDesign: no visible global function definition for
     ‘tkconfigure’
    fmri.gui : createDesign: no visible global function definition for
     ‘tkbutton’
    fmri.gui : startData: no visible global function definition for
     ‘tkgrid’
    fmri.gui : startContrastHelp : onYes: no visible global function
     definition for ‘tkdestroy’
    fmri.gui : startContrastHelp : onNo: no visible global function
     definition for ‘tkdestroy’
    fmri.gui : startContrastHelp: no visible global function definition for
     ‘tktoplevel’
    fmri.gui : startContrastHelp: no visible global function definition for
     ‘tkwm.title’
    fmri.gui : startContrastHelp: no visible global function definition for
     ‘tkframe’
    fmri.gui : startContrastHelp: no visible global function definition for
     ‘tklabel’
    fmri.gui : startContrastHelp: no visible global function definition for
     ‘tkbutton’
    fmri.gui : startContrastHelp: no visible global function definition for
     ‘tkgrid’
    fmri.gui : startContrast: no visible global function definition for
     ‘tclvalue’
    fmri.gui : startContrast: no visible global function definition for
     ‘tkgrid’
    fmri.gui : startContrast: no visible global function definition for
     ‘tkconfigure’
    fmri.gui : startEstimationHelp : onYes: no visible global function
     definition for ‘tkdestroy’
    fmri.gui : startEstimationHelp : onNo: no visible global function
     definition for ‘tkdestroy’
    fmri.gui : startEstimationHelp: no visible global function definition
     for ‘tktoplevel’
    fmri.gui : startEstimationHelp: no visible global function definition
     for ‘tkwm.title’
    fmri.gui : startEstimationHelp: no visible global function definition
     for ‘tkframe’
    fmri.gui : startEstimationHelp: no visible global function definition
     for ‘tklabel’
    fmri.gui : startEstimationHelp: no visible global function definition
     for ‘tkbutton’
    fmri.gui : startEstimationHelp: no visible global function definition
     for ‘tkgrid’
    fmri.gui : startEstimation: no visible global function definition for
     ‘tkgrid’
    fmri.gui : startEstimation: no visible global function definition for
     ‘tclvalue<-’
    fmri.gui : startEstimation: no visible global function definition for
     ‘tclvalue’
    fmri.gui : contWithoutHelp : onYes: no visible global function
     definition for ‘tkdestroy’
    fmri.gui : contWithoutHelp : onNo: no visible global function
     definition for ‘tkdestroy’
    fmri.gui : contWithoutHelp: no visible global function definition for
     ‘tktoplevel’
    fmri.gui : contWithoutHelp: no visible global function definition for
     ‘tkwm.title’
    fmri.gui : contWithoutHelp: no visible global function definition for
     ‘tkframe’
    fmri.gui : contWithoutHelp: no visible global function definition for
     ‘tklabel’
    fmri.gui : contWithoutHelp: no visible global function definition for
     ‘tkbutton’
    fmri.gui : contWithoutHelp: no visible global function definition for
     ‘tkgrid’
    fmri.gui : contWithout: no visible global function definition for
     ‘tkgrid’
    fmri.gui : startSmoothingHelp : onYes: no visible global function
     definition for ‘tkdestroy’
    fmri.gui : startSmoothingHelp : onNo: no visible global function
     definition for ‘tkdestroy’
    fmri.gui : startSmoothingHelp: no visible global function definition
     for ‘tktoplevel’
    fmri.gui : startSmoothingHelp: no visible global function definition
     for ‘tkwm.title’
    fmri.gui : startSmoothingHelp: no visible global function definition
     for ‘tkframe’
    fmri.gui : startSmoothingHelp: no visible global function definition
     for ‘tklabel’
    fmri.gui : startSmoothingHelp: no visible global function definition
     for ‘tkbutton’
    fmri.gui : startSmoothingHelp: no visible global function definition
     for ‘tkgrid’
    fmri.gui : startSmoothing: no visible global function definition for
     ‘tclvalue’
    fmri.gui : startSmoothing: no visible global function definition for
     ‘tkgrid’
    fmri.gui : startSegmentationHelp : onYes: no visible global function
     definition for ‘tkdestroy’
    fmri.gui : startSegmentationHelp : onNo: no visible global function
     definition for ‘tkdestroy’
    fmri.gui : startSegmentationHelp: no visible global function definition
     for ‘tktoplevel’
    fmri.gui : startSegmentationHelp: no visible global function definition
     for ‘tkwm.title’
    fmri.gui : startSegmentationHelp: no visible global function definition
     for ‘tkframe’
    fmri.gui : startSegmentationHelp: no visible global function definition
     for ‘tklabel’
    fmri.gui : startSegmentationHelp: no visible global function definition
     for ‘tkbutton’
    fmri.gui : startSegmentationHelp: no visible global function definition
     for ‘tkgrid’
    fmri.gui : startSegmentation: no visible global function definition for
     ‘tclvalue’
    fmri.gui : startSegmentation: no visible global function definition for
     ‘tkgrid’
    fmri.gui : layoutFunction: no visible global function definition for
     ‘tkgrid.forget’
    fmri.gui : viewMask: no visible global function definition for
     ‘dev.new’
    fmri.gui : viewMask: no visible global function definition for ‘layout’
    fmri.gui : viewMask: no visible global function definition for ‘par’
    fmri.gui : viewMask: no visible global function definition for ‘image’
    fmri.gui : viewMask: no visible global function definition for
     ‘tclvalue’
    fmri.gui : viewMask: no visible global function definition for
     ‘density’
    fmri.gui : viewMask: no visible global function definition for ‘plot’
    fmri.gui : viewMask: no visible global function definition for ‘title’
    fmri.gui : viewMask: no visible global function definition for ‘lines’
    fmri.gui : viewMask: no visible global function definition for ‘legend’
    fmri.gui : startAdjustHelp: no visible global function definition for
     ‘tclvalue’
    fmri.gui : startAdjustHelp : onOk: no visible global function
     definition for ‘tkdestroy’
    fmri.gui : startAdjustHelp: no visible global function definition for
     ‘tktoplevel’
    fmri.gui : startAdjustHelp: no visible global function definition for
     ‘tkwm.title’
    fmri.gui : startAdjustHelp: no visible global function definition for
     ‘tkframe’
    fmri.gui : startAdjustHelp: no visible global function definition for
     ‘tklabel’
    fmri.gui : startAdjustHelp: no visible global function definition for
     ‘tkbutton’
    fmri.gui : startAdjustHelp: no visible global function definition for
     ‘tkgrid’
    fmri.gui : startAdjustHelp : onYes: no visible global function
     definition for ‘tkdestroy’
    fmri.gui : startAdjustHelp : onNo: no visible global function
     definition for ‘tkdestroy’
    fmri.gui : startAdjust: no visible global function definition for
     ‘tclvalue’
    fmri.gui : startAdjust: no visible global function definition for
     ‘tkconfigure’
    fmri.gui : startAdjust: no visible global function definition for
     ‘tclvalue<-’
    fmri.gui : startAdjust: no visible global function definition for
     ‘quantile’
    fmri.gui : startAdjust: no visible global function definition for
     ‘tkgrid’
    fmri.gui : helpFunction : onQuit: no visible global function definition
     for ‘tkdestroy’
    fmri.gui : helpFunction: no visible global function definition for
     ‘tktoplevel’
    fmri.gui : helpFunction: no visible global function definition for
     ‘tkwm.title’
    fmri.gui : helpFunction: no visible global function definition for
     ‘tkframe’
    fmri.gui : helpFunction: no visible global function definition for
     ‘tklabel’
    fmri.gui : helpFunction: no visible global function definition for
     ‘tkbutton’
    fmri.gui : helpFunction: no visible global function definition for
     ‘tkgrid’
    fmri.gui : quitAll : quitWM: no visible global function definition for
     ‘tkdestroy’
    fmri.gui : quitAll : quitWOM: no visible global function definition for
     ‘tkdestroy’
    fmri.gui : quitAll : functSave: no visible global function definition
     for ‘tclvalue’
    fmri.gui : quitAll : functCancel: no visible global function definition
     for ‘tkdestroy’
    fmri.gui : quitAll : functHelp : onQuit: no visible global function
     definition for ‘tkdestroy’
    fmri.gui : quitAll : functHelp: no visible global function definition
     for ‘tktoplevel’
    fmri.gui : quitAll : functHelp: no visible global function definition
     for ‘tkwm.title’
    fmri.gui : quitAll : functHelp: no visible global function definition
     for ‘tkframe’
    fmri.gui : quitAll : functHelp: no visible global function definition
     for ‘tklabel’
    fmri.gui : quitAll : functHelp: no visible global function definition
     for ‘tkbutton’
    fmri.gui : quitAll : functHelp: no visible global function definition
     for ‘tkgrid’
    fmri.gui : quitAll: no visible global function definition for
     ‘tktoplevel’
    fmri.gui : quitAll: no visible global function definition for
     ‘tkwm.title’
    fmri.gui : quitAll: no visible global function definition for ‘tkframe’
    fmri.gui : quitAll: no visible global function definition for
     ‘tkbutton’
    fmri.gui : quitAll: no visible global function definition for ‘tkgrid’
    fmri.gui : saveAll : overtakeLW: no visible global function definition
     for ‘tkdestroy’
    fmri.gui : saveAll : functSave: no visible global function definition
     for ‘tclvalue’
    fmri.gui : saveAll : quitttSave: no visible global function definition
     for ‘tkdestroy’
    fmri.gui : saveAll : functHelp : onQuit: no visible global function
     definition for ‘tkdestroy’
    fmri.gui : saveAll : functHelp: no visible global function definition
     for ‘tktoplevel’
    fmri.gui : saveAll : functHelp: no visible global function definition
     for ‘tkwm.title’
    fmri.gui : saveAll : functHelp: no visible global function definition
     for ‘tkframe’
    fmri.gui : saveAll : functHelp: no visible global function definition
     for ‘tklabel’
    fmri.gui : saveAll : functHelp: no visible global function definition
     for ‘tkbutton’
    fmri.gui : saveAll : functHelp: no visible global function definition
     for ‘tkgrid’
    fmri.gui : saveAll: no visible global function definition for
     ‘tktoplevel’
    fmri.gui : saveAll: no visible global function definition for
     ‘tkwm.title’
    fmri.gui : saveAll: no visible global function definition for ‘tkframe’
    fmri.gui : saveAll: no visible global function definition for
     ‘tkbutton’
    fmri.gui : saveAll: no visible global function definition for ‘tkgrid’
    fmri.gui: no visible global function definition for ‘tclVar’
    fmri.gui: no visible global function definition for ‘flush.console’
    fmri.gui: no visible global function definition for ‘tktoplevel’
    fmri.gui: no visible global function definition for ‘tkwm.title’
    fmri.gui: no visible global function definition for ‘tkframe’
    fmri.gui: no visible global function definition for ‘tklabel’
    fmri.gui: no visible global function definition for ‘tkbutton’
    fmri.gui: no visible global function definition for ‘tkentry’
    fmri.gui: no visible global function definition for ‘tclRequire’
    fmri.gui: no visible global function definition for ‘tkimage.create’
    fmri.gui: no visible global function definition for ‘tkgrid’
    fmri.lm: no visible global function definition for ‘optim’
    fmri.lm: no visible global function definition for ‘median’
    fmri.pvalue: no visible global function definition for ‘median’
    fmri.pvalue: no visible global function definition for ‘pnorm’
    fmri.pvalue: no visible global function definition for ‘pt’
    fmri.smooth: no visible global function definition for ‘optim’
    fmri.stimulus: no visible global function definition for ‘convolve’
    fmri.view2d: no visible global function definition for ‘grey’
    fmri.view2d : fmri.image : f: no visible global function definition for
     ‘par’
    fmri.view2d : fmri.image : f: no visible global function definition for
     ‘tclvalue’
    fmri.view2d : fmri.image : f: no visible global function definition for
     ‘image’
    fmri.view2d : fmri.slider : f: no visible global function definition
     for ‘tclvalue’
    fmri.view2d : fmri.slider : f: no visible global function definition
     for ‘tkrreplot’
    fmri.view2d : fmri.slider : f: no visible global function definition
     for ‘tkconfigure’
    fmri.view2d : fmri.slider: no visible global function definition for
     ‘tkframe’
    fmri.view2d : fmri.slider: no visible global function definition for
     ‘tkscale’
    fmri.view2d : fmri.slider: no visible global function definition for
     ‘tklabel’
    fmri.view2d : fmri.slider: no visible global function definition for
     ‘tkgrid’
    fmri.view2d : fmri.threshold : f: no visible global function definition
     for ‘tclvalue’
    fmri.view2d : fmri.threshold : f: no visible global function definition
     for ‘tkrreplot’
    fmri.view2d : fmri.threshold : f: no visible global function definition
     for ‘tkconfigure’
    fmri.view2d : fmri.threshold: no visible global function definition for
     ‘tkframe’
    fmri.view2d : fmri.threshold: no visible global function definition for
     ‘tkscale’
    fmri.view2d : fmri.threshold: no visible global function definition for
     ‘tklabel’
    fmri.view2d : fmri.threshold: no visible global function definition for
     ‘tkgrid’
    fmri.view2d : fmri.scale : f: no visible global function definition for
     ‘par’
    fmri.view2d : fmri.scale : f: no visible global function definition for
     ‘image’
    fmri.view2d : fmri.scale : f: no visible global function definition for
     ‘lines’
    fmri.view2d : fmri.scale : f: no visible global function definition for
     ‘text’
    fmri.view2d: no visible global function definition for ‘tktoplevel’
    fmri.view2d: no visible global function definition for ‘tkwm.title’
    fmri.view2d: no visible global function definition for ‘tkframe’
    fmri.view2d: no visible global function definition for ‘tkwinfo’
    fmri.view2d: no visible global function definition for ‘tkgrid’
    fmri.view2d: no visible global function definition for ‘tclVar’
    fmri.view2d : viewAll: no visible global function definition for
     ‘tclvalue<-’
    fmri.view2d : viewAll: no visible global function definition for
     ‘tclvalue’
    fmri.view2d : changeFunction: no visible global function definition for
     ‘tclvalue’
    fmri.view2d : changeFunction: no visible global function definition for
     ‘tclvalue<-’
    fmri.view2d : changeFunction: no visible global function definition for
     ‘tkwinfo’
    fmri.view2d : changeFunction : findOptimum: no visible global function
     definition for ‘tclvalue’
    fmri.view2d : changeFunction: no visible global function definition for
     ‘tkgrid.forget’
    fmri.view2d : changeFunction: no visible global function definition for
     ‘tkgrid’
    fmri.view2d : changeFunction: no visible global function definition for
     ‘tkrreplot’
    fmri.view2d : changeFunction: no visible global function definition for
     ‘tkgrid.configure’
    fmri.view2d : changeFunction: no visible global function definition for
     ‘tkconfigure’
    fmri.view2d : nextPage: no visible global function definition for
     ‘tclvalue<-’
    fmri.view2d : nextPage: no visible global function definition for
     ‘tkconfigure’
    fmri.view2d : nextPage: no visible global function definition for
     ‘tkgrid.forget’
    fmri.view2d : nextPage: no visible global function definition for
     ‘tkgrid’
    fmri.view2d : nextPage: no visible global function definition for
     ‘tkgrid.configure’
    fmri.view2d : prevPage: no visible global function definition for
     ‘tclvalue<-’
    fmri.view2d : prevPage: no visible global function definition for
     ‘tkconfigure’
    fmri.view2d : prevPage: no visible global function definition for
     ‘tkgrid.forget’
    fmri.view2d : prevPage: no visible global function definition for
     ‘tkgrid’
    fmri.view2d : prevPage: no visible global function definition for
     ‘tkgrid.configure’
    fmri.view2d : adjustContrast : okAdjCon: no visible global function
     definition for ‘tkdestroy’
    fmri.view2d : adjustContrast : okAdjCon: no visible global function
     definition for ‘plot’
    fmri.view2d : adjustContrast : okAdjCon: no visible global function
     definition for ‘tclvalue’
    fmri.view2d : adjustContrast : quitAdjCon: no visible global function
     definition for ‘tkdestroy’
    fmri.view2d : adjustContrast: no visible global function definition for
     ‘tktoplevel’
    fmri.view2d : adjustContrast: no visible global function definition for
     ‘tkwm.title’
    fmri.view2d : adjustContrast: no visible global function definition for
     ‘tkframe’
    fmri.view2d : adjustContrast: no visible global function definition for
     ‘tclVar’
    fmri.view2d : adjustContrast: no visible global function definition for
     ‘tkentry’
    fmri.view2d : adjustContrast: no visible global function definition for
     ‘tkbutton’
    fmri.view2d : adjustContrast: no visible global function definition for
     ‘tkgrid’
    fmri.view2d : adjustContrast: no visible global function definition for
     ‘tklabel’
    fmri.view2d : adjustMask : selectDataFile: no visible global function
     definition for ‘tclvalue<-’
    fmri.view2d : adjustMask : selectDataFile: no visible global function
     definition for ‘tkgetOpenFile’
    fmri.view2d : adjustMask : loadDataHelp: no visible global function
     definition for ‘tclvalue’
    fmri.view2d : adjustMask : loadDataHelp : quitttError: no visible
     global function definition for ‘tkdestroy’
    fmri.view2d : adjustMask : loadDataHelp: no visible global function
     definition for ‘tktoplevel’
    fmri.view2d : adjustMask : loadDataHelp: no visible global function
     definition for ‘tkwm.title’
    fmri.view2d : adjustMask : loadDataHelp: no visible global function
     definition for ‘tkgrid’
    fmri.view2d : adjustMask : loadDataHelp: no visible global function
     definition for ‘tklabel’
    fmri.view2d : adjustMask : loadDataHelp: no visible global function
     definition for ‘tkbutton’
    fmri.view2d : adjustMask : loadData: no visible global function
     definition for ‘tclvalue’
    fmri.view2d : adjustMask : loadData: no visible global function
     definition for ‘tclvalue<-’
    fmri.view2d : adjustMask : loadData: no visible global function
     definition for ‘quantile’
    fmri.view2d : adjustMask : viewMaskHelp : quitttError: no visible
     global function definition for ‘tkdestroy’
    fmri.view2d : adjustMask : viewMaskHelp: no visible global function
     definition for ‘tktoplevel’
    fmri.view2d : adjustMask : viewMaskHelp: no visible global function
     definition for ‘tkwm.title’
    fmri.view2d : adjustMask : viewMaskHelp: no visible global function
     definition for ‘tkgrid’
    fmri.view2d : adjustMask : viewMaskHelp: no visible global function
     definition for ‘tklabel’
    fmri.view2d : adjustMask : viewMaskHelp: no visible global function
     definition for ‘tkbutton’
    fmri.view2d : adjustMask : viewMask: no visible global function
     definition for ‘dev.new’
    fmri.view2d : adjustMask : viewMask: no visible global function
     definition for ‘layout’
    fmri.view2d : adjustMask : viewMask: no visible global function
     definition for ‘par’
    fmri.view2d : adjustMask : viewMask: no visible global function
     definition for ‘image’
    fmri.view2d : adjustMask : viewMask: no visible global function
     definition for ‘tclvalue’
    fmri.view2d : adjustMask : viewMask: no visible global function
     definition for ‘density’
    fmri.view2d : adjustMask : viewMask: no visible global function
     definition for ‘plot’
    fmri.view2d : adjustMask : viewMask: no visible global function
     definition for ‘title’
    fmri.view2d : adjustMask : viewMask: no visible global function
     definition for ‘lines’
    fmri.view2d : adjustMask : viewMask: no visible global function
     definition for ‘legend’
    fmri.view2d : adjustMask : okAdjMask : quitttError: no visible global
     function definition for ‘tkdestroy’
    fmri.view2d : adjustMask : okAdjMask: no visible global function
     definition for ‘tktoplevel’
    fmri.view2d : adjustMask : okAdjMask: no visible global function
     definition for ‘tkwm.title’
    fmri.view2d : adjustMask : okAdjMask: no visible global function
     definition for ‘tkgrid’
    fmri.view2d : adjustMask : okAdjMask: no visible global function
     definition for ‘tklabel’
    fmri.view2d : adjustMask : okAdjMask: no visible global function
     definition for ‘tkbutton’
    fmri.view2d : adjustMask : okAdjMask: no visible global function
     definition for ‘tkdestroy’
    fmri.view2d : adjustMask : okAdjMask: no visible global function
     definition for ‘tclvalue’
    fmri.view2d : adjustMask : okAdjMask: no visible global function
     definition for ‘plot’
    fmri.view2d : adjustMask : quitAdjMask: no visible global function
     definition for ‘tkdestroy’
    fmri.view2d : adjustMask: no visible global function definition for
     ‘tktoplevel’
    fmri.view2d : adjustMask: no visible global function definition for
     ‘tkwm.title’
    fmri.view2d : adjustMask: no visible global function definition for
     ‘tclVar’
    fmri.view2d : adjustMask: no visible global function definition for
     ‘tkframe’
    fmri.view2d : adjustMask: no visible global function definition for
     ‘tklabel’
    fmri.view2d : adjustMask: no visible global function definition for
     ‘tkentry’
    fmri.view2d : adjustMask: no visible global function definition for
     ‘tkbutton’
    fmri.view2d : adjustMask: no visible global function definition for
     ‘tkgrid’
    fmri.view2d : extractImages : quitttImgSelect: no visible global
     function definition for ‘tkdestroy’
    fmri.view2d : extractImages : chooseFileNameGeneral: no visible global
     function definition for ‘tclVar’
    fmri.view2d : extractImages : chooseFileNameGeneral: no visible global
     function definition for ‘tclvalue’
    fmri.view2d : extractImages : chooseFileNameGeneral: no visible global
     function definition for ‘tclvalue<-’
    fmri.view2d : extractImages : chooseFileNameGeneral: no visible global
     function definition for ‘tkgetSaveFile’
    fmri.view2d : extractImages : chooseFileNameExactly: no visible global
     function definition for ‘tclvalue’
    fmri.view2d : extractImages : chooseFileNameExactly : quitttWarn: no
     visible global function definition for ‘tkdestroy’
    fmri.view2d : extractImages : chooseFileNameExactly : otherName: no
     visible global function definition for ‘tkdestroy’
    fmri.view2d : extractImages : chooseFileNameExactly: no visible global
     function definition for ‘tktoplevel’
    fmri.view2d : extractImages : chooseFileNameExactly: no visible global
     function definition for ‘tkwm.title’
    fmri.view2d : extractImages : chooseFileNameExactly: no visible global
     function definition for ‘tkframe’
    fmri.view2d : extractImages : chooseFileNameExactly: no visible global
     function definition for ‘tkbutton’
    fmri.view2d : extractImages : chooseFileNameExactly: no visible global
     function definition for ‘tkgrid’
    fmri.view2d : extractImages : chooseFileNameExactly: no visible global
     function definition for ‘tklabel’
    fmri.view2d : extractImages : writeImage: no visible global function
     definition for ‘tclvalue’
    fmri.view2d : extractImages : writeImage: no visible global function
     definition for ‘make.image’
    fmri.view2d : extractImages : writeImage: no visible global function
     definition for ‘col2rgb’
    fmri.view2d : extractImages : writeImage: no visible global function
     definition for ‘write.image’
    fmri.view2d : extractImages : onNext: no visible global function
     definition for ‘tclvalue’
    fmri.view2d : extractImages : onNext : quitttError: no visible global
     function definition for ‘tkdestroy’
    fmri.view2d : extractImages : onNext: no visible global function
     definition for ‘tktoplevel’
    fmri.view2d : extractImages : onNext: no visible global function
     definition for ‘tkwm.title’
    fmri.view2d : extractImages : onNext: no visible global function
     definition for ‘tkgrid’
    fmri.view2d : extractImages : onNext: no visible global function
     definition for ‘tklabel’
    fmri.view2d : extractImages : onNext: no visible global function
     definition for ‘tkbutton’
    fmri.view2d : extractImages : toFileFormat: no visible global function
     definition for ‘tkdestroy’
    fmri.view2d : extractImages : toFileFormat : onNextHelp: no visible
     global function definition for ‘tkdestroy’
    fmri.view2d : extractImages : toFileFormat: no visible global function
     definition for ‘tktoplevel’
    fmri.view2d : extractImages : toFileFormat: no visible global function
     definition for ‘tkwm.title’
    fmri.view2d : extractImages : toFileFormat: no visible global function
     definition for ‘tkframe’
    fmri.view2d : extractImages : toFileFormat: no visible global function
     definition for ‘tkradiobutton’
    fmri.view2d : extractImages : toFileFormat: no visible global function
     definition for ‘tkbutton’
    fmri.view2d : extractImages : toFileFormat: no visible global function
     definition for ‘tkconfigure’
    fmri.view2d : extractImages : toFileFormat: no visible global function
     definition for ‘tkgrid’
    fmri.view2d : extractImages : toFileFormat: no visible global function
     definition for ‘tklabel’
    fmri.view2d : extractImages : toFileFormat: no visible global function
     definition for ‘tclvalue<-’
    fmri.view2d : extractImages : selectAll: no visible global function
     definition for ‘tclvalue<-’
    fmri.view2d : extractImages : deselectAll: no visible global function
     definition for ‘tclvalue<-’
    fmri.view2d : extractImages: no visible global function definition for
     ‘tktoplevel’
    fmri.view2d : extractImages: no visible global function definition for
     ‘tkwm.title’
    fmri.view2d : extractImages: no visible global function definition for
     ‘tclvalue’
    fmri.view2d : extractImages: no visible global function definition for
     ‘tkwinfo’
    fmri.view2d : extractImages: no visible global function definition for
     ‘tkframe’
    fmri.view2d : extractImages : helpFunc1: no visible global function
     definition for ‘tclVar’
    fmri.view2d : extractImages : helpFunc2: no visible global function
     definition for ‘tkcheckbutton’
    fmri.view2d : extractImages: no visible global function definition for
     ‘tclvalue<-’
    fmri.view2d : extractImages: no visible global function definition for
     ‘tkgrid.configure’
    fmri.view2d : extractImages: no visible global function definition for
     ‘tklabel’
    fmri.view2d : extractImages: no visible global function definition for
     ‘tkgrid’
    fmri.view2d : extractImages: no visible global function definition for
     ‘tkbutton’
    fmri.view2d : extractImages: no visible global function definition for
     ‘tclVar’
    fmri.view2d : helpFunction : onQuit: no visible global function
     definition for ‘tkdestroy’
    fmri.view2d : helpFunction: no visible global function definition for
     ‘tktoplevel’
    fmri.view2d : helpFunction: no visible global function definition for
     ‘tkwm.title’
    fmri.view2d : helpFunction: no visible global function definition for
     ‘tkframe’
    fmri.view2d : helpFunction: no visible global function definition for
     ‘tklabel’
    fmri.view2d : helpFunction: no visible global function definition for
     ‘tkbutton’
    fmri.view2d : helpFunction: no visible global function definition for
     ‘tkgrid’
    fmri.view2d : hide: no visible global function definition for
     ‘tclvalue’
    fmri.view2d : hide: no visible global function definition for
     ‘tkgrid.forget’
    fmri.view2d : hide: no visible global function definition for
     ‘tkgrid.configure’
    fmri.view2d: no visible global function definition for ‘tkbutton’
    fmri.view2d: no visible global function definition for ‘tclvalue’
    fmri.view2d: no visible global function definition for ‘tklabel’
    fmri.view2d: no visible global function definition for ‘tkentry’
    fmri.view2d: no visible global function definition for ‘tkradiobutton’
    fmri.view2d: no visible global function definition for ‘tkconfigure’
    fmri.view2d: no visible global function definition for ‘tkcheckbutton’
    fmri.view2d: no visible global function definition for ‘tclvalue<-’
    fmri.view2d: no visible global function definition for ‘tkrreplot’
    fmri.view3d: no visible global function definition for ‘grey’
    fmri.view3d : fmri.image : f: no visible global function definition for
     ‘par’
    fmri.view3d : fmri.image : f: no visible global function definition for
     ‘tclvalue’
    fmri.view3d : fmri.image : f: no visible global function definition for
     ‘image’
    fmri.view3d : fmri.image : f: no visible global function definition for
     ‘lines’
    fmri.view3d : fmri.slider : f: no visible global function definition
     for ‘tclvalue’
    fmri.view3d : fmri.slider : f: no visible global function definition
     for ‘tkconfigure’
    fmri.view3d : fmri.slider: no visible global function definition for
     ‘tkframe’
    fmri.view3d : fmri.slider: no visible global function definition for
     ‘tkscale’
    fmri.view3d : fmri.slider: no visible global function definition for
     ‘tklabel’
    fmri.view3d : fmri.slider: no visible global function definition for
     ‘tkgrid’
    fmri.view3d : fmri.threshold : f: no visible global function definition
     for ‘tclvalue’
    fmri.view3d : fmri.threshold : f: no visible global function definition
     for ‘tkconfigure’
    fmri.view3d : fmri.threshold: no visible global function definition for
     ‘tkframe’
    fmri.view3d : fmri.threshold: no visible global function definition for
     ‘tkscale’
    fmri.view3d : fmri.threshold: no visible global function definition for
     ‘tklabel’
    fmri.view3d : fmri.threshold: no visible global function definition for
     ‘tkgrid’
    fmri.view3d : fmri.scale : f: no visible global function definition for
     ‘par’
    fmri.view3d : fmri.scale : f: no visible global function definition for
     ‘layout’
    fmri.view3d : fmri.scale : f: no visible global function definition for
     ‘plot’
    fmri.view3d : fmri.scale : f: no visible global function definition for
     ‘lines’
    fmri.view3d : fmri.scale : f: no visible global function definition for
     ‘image’
    fmri.view3d : fmri.scale : f: no visible global function definition for
     ‘polygon’
    fmri.view3d : fmri.scale : f: no visible global function definition for
     ‘text’
    fmri.view3d: no visible global function definition for ‘tktoplevel’
    fmri.view3d: no visible global function definition for ‘tkwm.title’
    fmri.view3d: no visible global function definition for ‘tkgrid’
    fmri2oro: no visible global function definition for ‘nifti’
    fmri2oro: no visible global function definition for ‘getValidity’
    fmri2oro: no visible global function definition for ‘getClassDef’
    fmri2oro: no visible global function definition for
     ‘niftiExtensionToAuditTrail’
    fmriica: no visible global function definition for ‘fastICA’
    get.corr.gauss: no visible global function definition for ‘dnorm’
    gkernsm: no visible global function definition for ‘dnorm’
    gkernsm: no visible global function definition for ‘convolve’
    helpFunc: no visible global function definition for ‘tclVar’
    mri.colors: no visible global function definition for ‘gray’
    mri.colors: no visible global function definition for ‘hsv’
    mytkrplot: no visible global function definition for ‘.make.tkindex’
    mytkrplot: no visible global function definition for ‘.my.tkdev’
    mytkrplot: no visible global function definition for ‘.Tcl’
    mytkrplot: no visible global function definition for ‘tklabel’
    mytkrplot: no visible global function definition for ‘tkbind’
    mytkrplot : <anonymous>: no visible global function definition for
     ‘.Tcl’
    ngca: no visible global function definition for ‘rnorm’
    ngca: no visible global function definition for ‘plot’
    ngca: no visible global function definition for ‘density’
    ngca: no visible global function definition for ‘quantile’
    ngca: no visible global function definition for ‘prcomp’
    ngca.thresh: no visible global function definition for ‘prcomp’
    ngcafmri.plot: no visible global function definition for ‘quantile’
    ngcafmri.plot: no visible global function definition for ‘prcomp’
    ngcafmri.plot: no visible global function definition for ‘par’
    ngcafmri.plot: no visible global function definition for ‘image’
    ngcafmri.plot: no visible global function definition for ‘plot’
    oro2fmri: no visible global function definition for ‘slotNames’
    oro2fmri: no visible global function definition for ‘slot’
    oro2fmri: no visible global function definition for ‘quantile’
    plot.fmridata: no visible global function definition for ‘heat.colors’
    plot.fmridata: no visible global function definition for ‘grey’
    plot.fmridata: no visible global function definition for ‘qt’
    plot.fmridata: no visible global function definition for ‘plot’
    plot.fmrisegment: no visible global function definition for ‘rainbow’
    plot.fmrisegment: no visible global function definition for ‘grey’
    plot.fmrisegment: no visible global function definition for ‘quantile’
    plot.fmrisegment: no visible global function definition for ‘col2rgb’
    pvalue: no visible global function definition for ‘pnorm’
    pvalue: no visible global function definition for ‘dnorm’
    pvalue: no visible global function definition for ‘pt’
    pvalue: no visible global function definition for ‘dchisq’
    pvalue: no visible global function definition for ‘pchisq’
    read.AFNI: no visible global function definition for ‘quantile’
    read.ANALYZE: no visible global function definition for ‘quantile’
    read.NIFTI: no visible global function definition for ‘quantile’
    segm3D : IQRdiff: no visible global function definition for ‘IQR’
    segm3D: no visible global function definition for ‘par’
    segm3D: no visible global function definition for ‘image’
    segm3D: no visible global function definition for ‘gray’
    segm3D: no visible global function definition for ‘title’
    segm3Dkrv : IQRdiff: no visible global function definition for ‘IQR’
    segm3Dkrv: no visible global function definition for ‘rnorm’
    segm3Dkrv: no visible global function definition for ‘par’
    segm3Dkrv: no visible global function definition for ‘image’
    segm3Dkrv: no visible global function definition for ‘gray’
    segm3Dkrv: no visible global function definition for ‘title’
    show.segmentslice: no visible global function definition for ‘quantile’
    show.segmentslice: no visible global function definition for ‘col2rgb’
    show.slice: no visible global function definition for ‘col2rgb’
    spatial.corr: no visible global function definition for ‘optim’
    thcorr3D: no visible global function definition for ‘dnorm’
    vaws3D : IQRdiff: no visible global function definition for ‘IQR’
    vaws3D: no visible global function definition for ‘qchisq’
    vaws3D: no visible global function definition for ‘par’
    vaws3D: no visible global function definition for ‘image’
    vaws3D: no visible global function definition for ‘gray’
    vaws3D: no visible global function definition for ‘title’
    vaws3D: no visible global function definition for ‘median’
    vaws3Dfull : IQRdiff: no visible global function definition for ‘IQR’
    vaws3Dfull: no visible global function definition for ‘qchisq’
    vaws3Dfull: no visible binding for global variable ‘var’
    vaws3Dfull: no visible global function definition for ‘par’
    vaws3Dfull: no visible global function definition for ‘image’
    vaws3Dfull: no visible global function definition for ‘gray’
    vaws3Dfull: no visible global function definition for ‘title’
    vaws3Dfull: no visible global function definition for ‘median’
    Undefined global functions or variables:
     .Tcl .make.tkindex .my.tkdev IQR col2rgb convolve dchisq density
     dev.new dnorm fastICA flush.console getClassDef getValidity gray grey
     heat.colors hsv image layout legend lines lm make.image median nifti
     niftiExtensionToAuditTrail optim par pchisq plot pnorm poly polygon
     prcomp pt qchisq qt quantile rainbow rnorm slot slotNames tclRequire
     tclVar tclvalue tclvalue<- text title tkbind tkbutton tkcheckbutton
     tkconfigure tkdestroy tkentry tkframe tkgetOpenFile tkgetSaveFile
     tkgrid tkgrid.configure tkgrid.forget tkimage.create tklabel
     tkradiobutton tkrreplot tkscale tktoplevel tkwinfo tkwm.title var
     write.image
    Consider adding
     importFrom("grDevices", "col2rgb", "dev.new", "gray", "grey",
     "heat.colors", "hsv", "rainbow")
     importFrom("graphics", "image", "layout", "legend", "lines", "par",
     "plot", "polygon", "text", "title")
     importFrom("methods", "getClassDef", "getValidity", "slot",
     "slotNames")
     importFrom("stats", "IQR", "convolve", "dchisq", "density", "dnorm",
     "lm", "median", "optim", "pchisq", "pnorm", "poly",
     "prcomp", "pt", "qchisq", "qt", "quantile", "rnorm", "var")
     importFrom("utils", "flush.console")
    to your NAMESPACE file (and ensure that your DESCRIPTION Imports field
    contains 'methods').
Flavors: r-devel-linux-x86_64-debian-gcc, r-devel-linux-x86_64-fedora-clang, r-devel-linux-x86_64-fedora-gcc, r-devel-osx-x86_64-clang, r-devel-windows-ix86+x86_64, r-patched-linux-x86_64, r-patched-solaris-sparc, r-patched-solaris-x86

Version: 1.5-1
Check: R code for possible problems
Result: NOTE
    fmri.gui : selectFirstDataFile: no visible global function definition
     for ‘tclvalue<-’
    fmri.gui : selectFirstDataFile: no visible global function definition
     for ‘tkgetOpenFile’
    fmri.gui : selectDesignFileSave: no visible global function definition
     for ‘tclvalue<-’
    fmri.gui : selectDesignFileSave: no visible global function definition
     for ‘tkgetSaveFile’
    fmri.gui : selectDesignFileLoad: no visible global function definition
     for ‘tclvalue<-’
    fmri.gui : selectDesignFileLoad: no visible global function definition
     for ‘tkgetOpenFile’
    fmri.gui : results3D: no visible global function definition for
     ‘tclvalue’
    fmri.gui : resultsSlices: no visible global function definition for
     ‘tclvalue’
    fmri.gui : saveDesign: no visible global function definition for
     ‘tclvalue’
    fmri.gui : saveDesign : onOk: no visible global function definition for
     ‘tkdestroy’
    fmri.gui : saveDesign: no visible global function definition for
     ‘tktoplevel’
    fmri.gui : saveDesign: no visible global function definition for
     ‘tkwm.title’
    fmri.gui : saveDesign: no visible global function definition for
     ‘tkframe’
    fmri.gui : saveDesign: no visible global function definition for
     ‘tklabel’
    fmri.gui : saveDesign: no visible global function definition for
     ‘tkbutton’
    fmri.gui : saveDesign: no visible global function definition for
     ‘tkgrid’
    fmri.gui : loadDesignHelp : onYes: no visible global function
     definition for ‘tkdestroy’
    fmri.gui : loadDesignHelp : onNo: no visible global function definition
     for ‘tkdestroy’
    fmri.gui : loadDesignHelp: no visible global function definition for
     ‘tktoplevel’
    fmri.gui : loadDesignHelp: no visible global function definition for
     ‘tkwm.title’
    fmri.gui : loadDesignHelp: no visible global function definition for
     ‘tkframe’
    fmri.gui : loadDesignHelp: no visible global function definition for
     ‘tklabel’
    fmri.gui : loadDesignHelp: no visible global function definition for
     ‘tkbutton’
    fmri.gui : loadDesignHelp: no visible global function definition for
     ‘tkgrid’
    fmri.gui : createDesignHelp : onYes: no visible global function
     definition for ‘tkdestroy’
    fmri.gui : createDesignHelp : onNo: no visible global function
     definition for ‘tkdestroy’
    fmri.gui : createDesignHelp: no visible global function definition for
     ‘tktoplevel’
    fmri.gui : createDesignHelp: no visible global function definition for
     ‘tkwm.title’
    fmri.gui : createDesignHelp: no visible global function definition for
     ‘tkframe’
    fmri.gui : createDesignHelp: no visible global function definition for
     ‘tklabel’
    fmri.gui : createDesignHelp: no visible global function definition for
     ‘tkbutton’
    fmri.gui : createDesignHelp: no visible global function definition for
     ‘tkgrid’
    fmri.gui : loadDesign: no visible global function definition for
     ‘tclvalue’
    fmri.gui : loadDesign: no visible global function definition for
     ‘tclvalue<-’
    fmri.gui : createDesign: no visible global function definition for
     ‘tktoplevel’
    fmri.gui : createDesign: no visible global function definition for
     ‘tkwm.title’
    fmri.gui : createDesign : design.quit : onYes: no visible global
     function definition for ‘tkdestroy’
    fmri.gui : createDesign : design.quit : onNo: no visible global
     function definition for ‘tkdestroy’
    fmri.gui : createDesign : design.quit: no visible global function
     definition for ‘tktoplevel’
    fmri.gui : createDesign : design.quit: no visible global function
     definition for ‘tkwm.title’
    fmri.gui : createDesign : design.quit: no visible global function
     definition for ‘tkframe’
    fmri.gui : createDesign : design.quit: no visible global function
     definition for ‘tklabel’
    fmri.gui : createDesign : design.quit: no visible global function
     definition for ‘tkbutton’
    fmri.gui : createDesign : design.quit: no visible global function
     definition for ‘tkgrid’
    fmri.gui : createDesign : startDataHelp: no visible global function
     definition for ‘tkdestroy’
    fmri.gui : createDesign : design.conditions: no visible global function
     definition for ‘tkdestroy’
    fmri.gui : createDesign : design.conditions: no visible global function
     definition for ‘tclvalue’
    fmri.gui : createDesign : design.conditions: no visible global function
     definition for ‘tkframe’
    fmri.gui : createDesign : design.conditions : nextCondition : readCond:
     no visible global function definition for ‘tclvalue’
    fmri.gui : createDesign : design.conditions : nextCondition: no visible
     global function definition for ‘tkbutton’
    fmri.gui : createDesign : design.conditions : nextCondition :
     condition.next: no visible global function definition for ‘tclvalue’
    fmri.gui : createDesign : design.conditions : nextCondition: no visible
     global function definition for ‘tclVar’
    fmri.gui : createDesign : design.conditions : nextCondition: no visible
     global function definition for ‘tklabel’
    fmri.gui : createDesign : design.conditions : nextCondition: no visible
     global function definition for ‘tkentry’
    fmri.gui : createDesign : design.conditions : nextCondition: no visible
     global function definition for ‘tkgrid’
    fmri.gui : createDesign : design.conditions : nextCondition: no visible
     global function definition for ‘tkgrid.configure’
    fmri.gui : createDesign: no visible global function definition for
     ‘tkframe’
    fmri.gui : createDesign: no visible global function definition for
     ‘tklabel’
    fmri.gui : createDesign: no visible global function definition for
     ‘tkentry’
    fmri.gui : createDesign: no visible global function definition for
     ‘tkgrid’
    fmri.gui : createDesign: no visible global function definition for
     ‘tkradiobutton’
    fmri.gui : createDesign: no visible global function definition for
     ‘tkconfigure’
    fmri.gui : createDesign: no visible global function definition for
     ‘tkbutton’
    fmri.gui : startData: no visible global function definition for
     ‘tkgrid’
    fmri.gui : startContrastHelp : onYes: no visible global function
     definition for ‘tkdestroy’
    fmri.gui : startContrastHelp : onNo: no visible global function
     definition for ‘tkdestroy’
    fmri.gui : startContrastHelp: no visible global function definition for
     ‘tktoplevel’
    fmri.gui : startContrastHelp: no visible global function definition for
     ‘tkwm.title’
    fmri.gui : startContrastHelp: no visible global function definition for
     ‘tkframe’
    fmri.gui : startContrastHelp: no visible global function definition for
     ‘tklabel’
    fmri.gui : startContrastHelp: no visible global function definition for
     ‘tkbutton’
    fmri.gui : startContrastHelp: no visible global function definition for
     ‘tkgrid’
    fmri.gui : startContrast: no visible global function definition for
     ‘tclvalue’
    fmri.gui : startContrast: no visible global function definition for
     ‘tkgrid’
    fmri.gui : startContrast: no visible global function definition for
     ‘tkconfigure’
    fmri.gui : startEstimationHelp : onYes: no visible global function
     definition for ‘tkdestroy’
    fmri.gui : startEstimationHelp : onNo: no visible global function
     definition for ‘tkdestroy’
    fmri.gui : startEstimationHelp: no visible global function definition
     for ‘tktoplevel’
    fmri.gui : startEstimationHelp: no visible global function definition
     for ‘tkwm.title’
    fmri.gui : startEstimationHelp: no visible global function definition
     for ‘tkframe’
    fmri.gui : startEstimationHelp: no visible global function definition
     for ‘tklabel’
    fmri.gui : startEstimationHelp: no visible global function definition
     for ‘tkbutton’
    fmri.gui : startEstimationHelp: no visible global function definition
     for ‘tkgrid’
    fmri.gui : startEstimation: no visible global function definition for
     ‘tkgrid’
    fmri.gui : startEstimation: no visible global function definition for
     ‘tclvalue<-’
    fmri.gui : startEstimation: no visible global function definition for
     ‘tclvalue’
    fmri.gui : contWithoutHelp : onYes: no visible global function
     definition for ‘tkdestroy’
    fmri.gui : contWithoutHelp : onNo: no visible global function
     definition for ‘tkdestroy’
    fmri.gui : contWithoutHelp: no visible global function definition for
     ‘tktoplevel’
    fmri.gui : contWithoutHelp: no visible global function definition for
     ‘tkwm.title’
    fmri.gui : contWithoutHelp: no visible global function definition for
     ‘tkframe’
    fmri.gui : contWithoutHelp: no visible global function definition for
     ‘tklabel’
    fmri.gui : contWithoutHelp: no visible global function definition for
     ‘tkbutton’
    fmri.gui : contWithoutHelp: no visible global function definition for
     ‘tkgrid’
    fmri.gui : contWithout: no visible global function definition for
     ‘tkgrid’
    fmri.gui : startSmoothingHelp : onYes: no visible global function
     definition for ‘tkdestroy’
    fmri.gui : startSmoothingHelp : onNo: no visible global function
     definition for ‘tkdestroy’
    fmri.gui : startSmoothingHelp: no visible global function definition
     for ‘tktoplevel’
    fmri.gui : startSmoothingHelp: no visible global function definition
     for ‘tkwm.title’
    fmri.gui : startSmoothingHelp: no visible global function definition
     for ‘tkframe’
    fmri.gui : startSmoothingHelp: no visible global function definition
     for ‘tklabel’
    fmri.gui : startSmoothingHelp: no visible global function definition
     for ‘tkbutton’
    fmri.gui : startSmoothingHelp: no visible global function definition
     for ‘tkgrid’
    fmri.gui : startSmoothing: no visible global function definition for
     ‘tclvalue’
    fmri.gui : startSmoothing: no visible global function definition for
     ‘tkgrid’
    fmri.gui : startSegmentationHelp : onYes: no visible global function
     definition for ‘tkdestroy’
    fmri.gui : startSegmentationHelp : onNo: no visible global function
     definition for ‘tkdestroy’
    fmri.gui : startSegmentationHelp: no visible global function definition
     for ‘tktoplevel’
    fmri.gui : startSegmentationHelp: no visible global function definition
     for ‘tkwm.title’
    fmri.gui : startSegmentationHelp: no visible global function definition
     for ‘tkframe’
    fmri.gui : startSegmentationHelp: no visible global function definition
     for ‘tklabel’
    fmri.gui : startSegmentationHelp: no visible global function definition
     for ‘tkbutton’
    fmri.gui : startSegmentationHelp: no visible global function definition
     for ‘tkgrid’
    fmri.gui : startSegmentation: no visible global function definition for
     ‘tclvalue’
    fmri.gui : startSegmentation: no visible global function definition for
     ‘tkgrid’
    fmri.gui : layoutFunction: no visible global function definition for
     ‘tkgrid.forget’
    fmri.gui : viewMask: no visible global function definition for
     ‘tclvalue’
    fmri.gui : startAdjustHelp: no visible global function definition for
     ‘tclvalue’
    fmri.gui : startAdjustHelp : onOk: no visible global function
     definition for ‘tkdestroy’
    fmri.gui : startAdjustHelp: no visible global function definition for
     ‘tktoplevel’
    fmri.gui : startAdjustHelp: no visible global function definition for
     ‘tkwm.title’
    fmri.gui : startAdjustHelp: no visible global function definition for
     ‘tkframe’
    fmri.gui : startAdjustHelp: no visible global function definition for
     ‘tklabel’
    fmri.gui : startAdjustHelp: no visible global function definition for
     ‘tkbutton’
    fmri.gui : startAdjustHelp: no visible global function definition for
     ‘tkgrid’
    fmri.gui : startAdjustHelp : onYes: no visible global function
     definition for ‘tkdestroy’
    fmri.gui : startAdjustHelp : onNo: no visible global function
     definition for ‘tkdestroy’
    fmri.gui : startAdjust: no visible global function definition for
     ‘tclvalue’
    fmri.gui : startAdjust: no visible global function definition for
     ‘tkconfigure’
    fmri.gui : startAdjust: no visible global function definition for
     ‘tclvalue<-’
    fmri.gui : startAdjust: no visible global function definition for
     ‘tkgrid’
    fmri.gui : helpFunction : onQuit: no visible global function definition
     for ‘tkdestroy’
    fmri.gui : helpFunction: no visible global function definition for
     ‘tktoplevel’
    fmri.gui : helpFunction: no visible global function definition for
     ‘tkwm.title’
    fmri.gui : helpFunction: no visible global function definition for
     ‘tkframe’
    fmri.gui : helpFunction: no visible global function definition for
     ‘tklabel’
    fmri.gui : helpFunction: no visible global function definition for
     ‘tkbutton’
    fmri.gui : helpFunction: no visible global function definition for
     ‘tkgrid’
    fmri.gui : quitAll : quitWM: no visible global function definition for
     ‘tkdestroy’
    fmri.gui : quitAll : quitWOM: no visible global function definition for
     ‘tkdestroy’
    fmri.gui : quitAll : functSave: no visible global function definition
     for ‘tclvalue’
    fmri.gui : quitAll : functCancel: no visible global function definition
     for ‘tkdestroy’
    fmri.gui : quitAll : functHelp : onQuit: no visible global function
     definition for ‘tkdestroy’
    fmri.gui : quitAll : functHelp: no visible global function definition
     for ‘tktoplevel’
    fmri.gui : quitAll : functHelp: no visible global function definition
     for ‘tkwm.title’
    fmri.gui : quitAll : functHelp: no visible global function definition
     for ‘tkframe’
    fmri.gui : quitAll : functHelp: no visible global function definition
     for ‘tklabel’
    fmri.gui : quitAll : functHelp: no visible global function definition
     for ‘tkbutton’
    fmri.gui : quitAll : functHelp: no visible global function definition
     for ‘tkgrid’
    fmri.gui : quitAll: no visible global function definition for
     ‘tktoplevel’
    fmri.gui : quitAll: no visible global function definition for
     ‘tkwm.title’
    fmri.gui : quitAll: no visible global function definition for ‘tkframe’
    fmri.gui : quitAll: no visible global function definition for
     ‘tkbutton’
    fmri.gui : quitAll: no visible global function definition for ‘tkgrid’
    fmri.gui : saveAll : overtakeLW: no visible global function definition
     for ‘tkdestroy’
    fmri.gui : saveAll : functSave: no visible global function definition
     for ‘tclvalue’
    fmri.gui : saveAll : quitttSave: no visible global function definition
     for ‘tkdestroy’
    fmri.gui : saveAll : functHelp : onQuit: no visible global function
     definition for ‘tkdestroy’
    fmri.gui : saveAll : functHelp: no visible global function definition
     for ‘tktoplevel’
    fmri.gui : saveAll : functHelp: no visible global function definition
     for ‘tkwm.title’
    fmri.gui : saveAll : functHelp: no visible global function definition
     for ‘tkframe’
    fmri.gui : saveAll : functHelp: no visible global function definition
     for ‘tklabel’
    fmri.gui : saveAll : functHelp: no visible global function definition
     for ‘tkbutton’
    fmri.gui : saveAll : functHelp: no visible global function definition
     for ‘tkgrid’
    fmri.gui : saveAll: no visible global function definition for
     ‘tktoplevel’
    fmri.gui : saveAll: no visible global function definition for
     ‘tkwm.title’
    fmri.gui : saveAll: no visible global function definition for ‘tkframe’
    fmri.gui : saveAll: no visible global function definition for
     ‘tkbutton’
    fmri.gui : saveAll: no visible global function definition for ‘tkgrid’
    fmri.gui: no visible global function definition for ‘tclVar’
    fmri.gui: no visible global function definition for ‘tktoplevel’
    fmri.gui: no visible global function definition for ‘tkwm.title’
    fmri.gui: no visible global function definition for ‘tkframe’
    fmri.gui: no visible global function definition for ‘tklabel’
    fmri.gui: no visible global function definition for ‘tkbutton’
    fmri.gui: no visible global function definition for ‘tkentry’
    fmri.gui: no visible global function definition for ‘tclRequire’
    fmri.gui: no visible global function definition for ‘tkimage.create’
    fmri.gui: no visible global function definition for ‘tkgrid’
    fmri.view2d : fmri.image : f: no visible global function definition for
     ‘tclvalue’
    fmri.view2d : fmri.slider : f: no visible global function definition
     for ‘tclvalue’
    fmri.view2d : fmri.slider : f: no visible global function definition
     for ‘tkrreplot’
    fmri.view2d : fmri.slider : f: no visible global function definition
     for ‘tkconfigure’
    fmri.view2d : fmri.slider: no visible global function definition for
     ‘tkframe’
    fmri.view2d : fmri.slider: no visible global function definition for
     ‘tkscale’
    fmri.view2d : fmri.slider: no visible global function definition for
     ‘tklabel’
    fmri.view2d : fmri.slider: no visible global function definition for
     ‘tkgrid’
    fmri.view2d : fmri.threshold : f: no visible global function definition
     for ‘tclvalue’
    fmri.view2d : fmri.threshold : f: no visible global function definition
     for ‘tkrreplot’
    fmri.view2d : fmri.threshold : f: no visible global function definition
     for ‘tkconfigure’
    fmri.view2d : fmri.threshold: no visible global function definition for
     ‘tkframe’
    fmri.view2d : fmri.threshold: no visible global function definition for
     ‘tkscale’
    fmri.view2d : fmri.threshold: no visible global function definition for
     ‘tklabel’
    fmri.view2d : fmri.threshold: no visible global function definition for
     ‘tkgrid’
    fmri.view2d: no visible global function definition for ‘tktoplevel’
    fmri.view2d: no visible global function definition for ‘tkwm.title’
    fmri.view2d: no visible global function definition for ‘tkframe’
    fmri.view2d: no visible global function definition for ‘tkwinfo’
    fmri.view2d: no visible global function definition for ‘tkgrid’
    fmri.view2d: no visible global function definition for ‘tclVar’
    fmri.view2d : viewAll: no visible global function definition for
     ‘tclvalue<-’
    fmri.view2d : viewAll: no visible global function definition for
     ‘tclvalue’
    fmri.view2d : changeFunction: no visible global function definition for
     ‘tclvalue’
    fmri.view2d : changeFunction: no visible global function definition for
     ‘tclvalue<-’
    fmri.view2d : changeFunction: no visible global function definition for
     ‘tkwinfo’
    fmri.view2d : changeFunction : findOptimum: no visible global function
     definition for ‘tclvalue’
    fmri.view2d : changeFunction: no visible global function definition for
     ‘tkgrid.forget’
    fmri.view2d : changeFunction: no visible global function definition for
     ‘tkgrid’
    fmri.view2d : changeFunction: no visible global function definition for
     ‘tkrreplot’
    fmri.view2d : changeFunction: no visible global function definition for
     ‘tkgrid.configure’
    fmri.view2d : changeFunction: no visible global function definition for
     ‘tkconfigure’
    fmri.view2d : nextPage: no visible global function definition for
     ‘tclvalue<-’
    fmri.view2d : nextPage: no visible global function definition for
     ‘tkconfigure’
    fmri.view2d : nextPage: no visible global function definition for
     ‘tkgrid.forget’
    fmri.view2d : nextPage: no visible global function definition for
     ‘tkgrid’
    fmri.view2d : nextPage: no visible global function definition for
     ‘tkgrid.configure’
    fmri.view2d : prevPage: no visible global function definition for
     ‘tclvalue<-’
    fmri.view2d : prevPage: no visible global function definition for
     ‘tkconfigure’
    fmri.view2d : prevPage: no visible global function definition for
     ‘tkgrid.forget’
    fmri.view2d : prevPage: no visible global function definition for
     ‘tkgrid’
    fmri.view2d : prevPage: no visible global function definition for
     ‘tkgrid.configure’
    fmri.view2d : adjustContrast : okAdjCon: no visible global function
     definition for ‘tkdestroy’
    fmri.view2d : adjustContrast : okAdjCon: no visible global function
     definition for ‘tclvalue’
    fmri.view2d : adjustContrast : quitAdjCon: no visible global function
     definition for ‘tkdestroy’
    fmri.view2d : adjustContrast: no visible global function definition for
     ‘tktoplevel’
    fmri.view2d : adjustContrast: no visible global function definition for
     ‘tkwm.title’
    fmri.view2d : adjustContrast: no visible global function definition for
     ‘tkframe’
    fmri.view2d : adjustContrast: no visible global function definition for
     ‘tclVar’
    fmri.view2d : adjustContrast: no visible global function definition for
     ‘tkentry’
    fmri.view2d : adjustContrast: no visible global function definition for
     ‘tkbutton’
    fmri.view2d : adjustContrast: no visible global function definition for
     ‘tkgrid’
    fmri.view2d : adjustContrast: no visible global function definition for
     ‘tklabel’
    fmri.view2d : adjustMask : selectDataFile: no visible global function
     definition for ‘tclvalue<-’
    fmri.view2d : adjustMask : selectDataFile: no visible global function
     definition for ‘tkgetOpenFile’
    fmri.view2d : adjustMask : loadDataHelp: no visible global function
     definition for ‘tclvalue’
    fmri.view2d : adjustMask : loadDataHelp : quitttError: no visible
     global function definition for ‘tkdestroy’
    fmri.view2d : adjustMask : loadDataHelp: no visible global function
     definition for ‘tktoplevel’
    fmri.view2d : adjustMask : loadDataHelp: no visible global function
     definition for ‘tkwm.title’
    fmri.view2d : adjustMask : loadDataHelp: no visible global function
     definition for ‘tkgrid’
    fmri.view2d : adjustMask : loadDataHelp: no visible global function
     definition for ‘tklabel’
    fmri.view2d : adjustMask : loadDataHelp: no visible global function
     definition for ‘tkbutton’
    fmri.view2d : adjustMask : loadData: no visible global function
     definition for ‘tclvalue’
    fmri.view2d : adjustMask : loadData: no visible global function
     definition for ‘tclvalue<-’
    fmri.view2d : adjustMask : viewMaskHelp : quitttError: no visible
     global function definition for ‘tkdestroy’
    fmri.view2d : adjustMask : viewMaskHelp: no visible global function
     definition for ‘tktoplevel’
    fmri.view2d : adjustMask : viewMaskHelp: no visible global function
     definition for ‘tkwm.title’
    fmri.view2d : adjustMask : viewMaskHelp: no visible global function
     definition for ‘tkgrid’
    fmri.view2d : adjustMask : viewMaskHelp: no visible global function
     definition for ‘tklabel’
    fmri.view2d : adjustMask : viewMaskHelp: no visible global function
     definition for ‘tkbutton’
    fmri.view2d : adjustMask : viewMask: no visible global function
     definition for ‘tclvalue’
    fmri.view2d : adjustMask : okAdjMask : quitttError: no visible global
     function definition for ‘tkdestroy’
    fmri.view2d : adjustMask : okAdjMask: no visible global function
     definition for ‘tktoplevel’
    fmri.view2d : adjustMask : okAdjMask: no visible global function
     definition for ‘tkwm.title’
    fmri.view2d : adjustMask : okAdjMask: no visible global function
     definition for ‘tkgrid’
    fmri.view2d : adjustMask : okAdjMask: no visible global function
     definition for ‘tklabel’
    fmri.view2d : adjustMask : okAdjMask: no visible global function
     definition for ‘tkbutton’
    fmri.view2d : adjustMask : okAdjMask: no visible global function
     definition for ‘tkdestroy’
    fmri.view2d : adjustMask : okAdjMask: no visible global function
     definition for ‘tclvalue’
    fmri.view2d : adjustMask : quitAdjMask: no visible global function
     definition for ‘tkdestroy’
    fmri.view2d : adjustMask: no visible global function definition for
     ‘tktoplevel’
    fmri.view2d : adjustMask: no visible global function definition for
     ‘tkwm.title’
    fmri.view2d : adjustMask: no visible global function definition for
     ‘tclVar’
    fmri.view2d : adjustMask: no visible global function definition for
     ‘tkframe’
    fmri.view2d : adjustMask: no visible global function definition for
     ‘tklabel’
    fmri.view2d : adjustMask: no visible global function definition for
     ‘tkentry’
    fmri.view2d : adjustMask: no visible global function definition for
     ‘tkbutton’
    fmri.view2d : adjustMask: no visible global function definition for
     ‘tkgrid’
    fmri.view2d : extractImages : quitttImgSelect: no visible global
     function definition for ‘tkdestroy’
    fmri.view2d : extractImages : chooseFileNameGeneral: no visible global
     function definition for ‘tclVar’
    fmri.view2d : extractImages : chooseFileNameGeneral: no visible global
     function definition for ‘tclvalue’
    fmri.view2d : extractImages : chooseFileNameGeneral: no visible global
     function definition for ‘tclvalue<-’
    fmri.view2d : extractImages : chooseFileNameGeneral: no visible global
     function definition for ‘tkgetSaveFile’
    fmri.view2d : extractImages : chooseFileNameExactly: no visible global
     function definition for ‘tclvalue’
    fmri.view2d : extractImages : chooseFileNameExactly : quitttWarn: no
     visible global function definition for ‘tkdestroy’
    fmri.view2d : extractImages : chooseFileNameExactly : otherName: no
     visible global function definition for ‘tkdestroy’
    fmri.view2d : extractImages : chooseFileNameExactly: no visible global
     function definition for ‘tktoplevel’
    fmri.view2d : extractImages : chooseFileNameExactly: no visible global
     function definition for ‘tkwm.title’
    fmri.view2d : extractImages : chooseFileNameExactly: no visible global
     function definition for ‘tkframe’
    fmri.view2d : extractImages : chooseFileNameExactly: no visible global
     function definition for ‘tkbutton’
    fmri.view2d : extractImages : chooseFileNameExactly: no visible global
     function definition for ‘tkgrid’
    fmri.view2d : extractImages : chooseFileNameExactly: no visible global
     function definition for ‘tklabel’
    fmri.view2d : extractImages : writeImage: no visible global function
     definition for ‘tclvalue’
    fmri.view2d : extractImages : writeImage: no visible global function
     definition for ‘make.image’
    fmri.view2d : extractImages : writeImage: no visible global function
     definition for ‘write.image’
    fmri.view2d : extractImages : onNext: no visible global function
     definition for ‘tclvalue’
    fmri.view2d : extractImages : onNext : quitttError: no visible global
     function definition for ‘tkdestroy’
    fmri.view2d : extractImages : onNext: no visible global function
     definition for ‘tktoplevel’
    fmri.view2d : extractImages : onNext: no visible global function
     definition for ‘tkwm.title’
    fmri.view2d : extractImages : onNext: no visible global function
     definition for ‘tkgrid’
    fmri.view2d : extractImages : onNext: no visible global function
     definition for ‘tklabel’
    fmri.view2d : extractImages : onNext: no visible global function
     definition for ‘tkbutton’
    fmri.view2d : extractImages : toFileFormat: no visible global function
     definition for ‘tkdestroy’
    fmri.view2d : extractImages : toFileFormat : onNextHelp: no visible
     global function definition for ‘tkdestroy’
    fmri.view2d : extractImages : toFileFormat: no visible global function
     definition for ‘tktoplevel’
    fmri.view2d : extractImages : toFileFormat: no visible global function
     definition for ‘tkwm.title’
    fmri.view2d : extractImages : toFileFormat: no visible global function
     definition for ‘tkframe’
    fmri.view2d : extractImages : toFileFormat: no visible global function
     definition for ‘tkradiobutton’
    fmri.view2d : extractImages : toFileFormat: no visible global function
     definition for ‘tkbutton’
    fmri.view2d : extractImages : toFileFormat: no visible global function
     definition for ‘tkconfigure’
    fmri.view2d : extractImages : toFileFormat: no visible global function
     definition for ‘tkgrid’
    fmri.view2d : extractImages : toFileFormat: no visible global function
     definition for ‘tklabel’
    fmri.view2d : extractImages : toFileFormat: no visible global function
     definition for ‘tclvalue<-’
    fmri.view2d : extractImages : selectAll: no visible global function
     definition for ‘tclvalue<-’
    fmri.view2d : extractImages : deselectAll: no visible global function
     definition for ‘tclvalue<-’
    fmri.view2d : extractImages: no visible global function definition for
     ‘tktoplevel’
    fmri.view2d : extractImages: no visible global function definition for
     ‘tkwm.title’
    fmri.view2d : extractImages: no visible global function definition for
     ‘tclvalue’
    fmri.view2d : extractImages: no visible global function definition for
     ‘tkwinfo’
    fmri.view2d : extractImages: no visible global function definition for
     ‘tkframe’
    fmri.view2d : extractImages : helpFunc1: no visible global function
     definition for ‘tclVar’
    fmri.view2d : extractImages : helpFunc2: no visible global function
     definition for ‘tkcheckbutton’
    fmri.view2d : extractImages: no visible global function definition for
     ‘tclvalue<-’
    fmri.view2d : extractImages: no visible global function definition for
     ‘tkgrid.configure’
    fmri.view2d : extractImages: no visible global function definition for
     ‘tklabel’
    fmri.view2d : extractImages: no visible global function definition for
     ‘tkgrid’
    fmri.view2d : extractImages: no visible global function definition for
     ‘tkbutton’
    fmri.view2d : extractImages: no visible global function definition for
     ‘tclVar’
    fmri.view2d : helpFunction : onQuit: no visible global function
     definition for ‘tkdestroy’
    fmri.view2d : helpFunction: no visible global function definition for
     ‘tktoplevel’
    fmri.view2d : helpFunction: no visible global function definition for
     ‘tkwm.title’
    fmri.view2d : helpFunction: no visible global function definition for
     ‘tkframe’
    fmri.view2d : helpFunction: no visible global function definition for
     ‘tklabel’
    fmri.view2d : helpFunction: no visible global function definition for
     ‘tkbutton’
    fmri.view2d : helpFunction: no visible global function definition for
     ‘tkgrid’
    fmri.view2d : hide: no visible global function definition for
     ‘tclvalue’
    fmri.view2d : hide: no visible global function definition for
     ‘tkgrid.forget’
    fmri.view2d : hide: no visible global function definition for
     ‘tkgrid.configure’
    fmri.view2d: no visible global function definition for ‘tkbutton’
    fmri.view2d: no visible global function definition for ‘tclvalue’
    fmri.view2d: no visible global function definition for ‘tklabel’
    fmri.view2d: no visible global function definition for ‘tkentry’
    fmri.view2d: no visible global function definition for ‘tkradiobutton’
    fmri.view2d: no visible global function definition for ‘tkconfigure’
    fmri.view2d: no visible global function definition for ‘tkcheckbutton’
    fmri.view2d: no visible global function definition for ‘tclvalue<-’
    fmri.view2d: no visible global function definition for ‘tkrreplot’
    fmri.view3d : fmri.image : f: no visible global function definition for
     ‘tclvalue’
    fmri.view3d : fmri.slider : f: no visible global function definition
     for ‘tclvalue’
    fmri.view3d : fmri.slider : f: no visible global function definition
     for ‘tkconfigure’
    fmri.view3d : fmri.slider: no visible global function definition for
     ‘tkframe’
    fmri.view3d : fmri.slider: no visible global function definition for
     ‘tkscale’
    fmri.view3d : fmri.slider: no visible global function definition for
     ‘tklabel’
    fmri.view3d : fmri.slider: no visible global function definition for
     ‘tkgrid’
    fmri.view3d : fmri.threshold : f: no visible global function definition
     for ‘tclvalue’
    fmri.view3d : fmri.threshold : f: no visible global function definition
     for ‘tkconfigure’
    fmri.view3d : fmri.threshold: no visible global function definition for
     ‘tkframe’
    fmri.view3d : fmri.threshold: no visible global function definition for
     ‘tkscale’
    fmri.view3d : fmri.threshold: no visible global function definition for
     ‘tklabel’
    fmri.view3d : fmri.threshold: no visible global function definition for
     ‘tkgrid’
    fmri.view3d: no visible global function definition for ‘tktoplevel’
    fmri.view3d: no visible global function definition for ‘tkwm.title’
    fmri.view3d: no visible global function definition for ‘tkgrid’
    fmri2oro: no visible global function definition for ‘nifti’
    fmri2oro: no visible global function definition for
     ‘niftiExtensionToAuditTrail’
    fmriica: no visible global function definition for ‘fastICA’
    helpFunc: no visible global function definition for ‘tclVar’
    mytkrplot: no visible global function definition for ‘.make.tkindex’
    mytkrplot: no visible global function definition for ‘.my.tkdev’
    mytkrplot: no visible global function definition for ‘.Tcl’
    mytkrplot: no visible global function definition for ‘tklabel’
    mytkrplot: no visible global function definition for ‘tkbind’
    mytkrplot : <anonymous>: no visible global function definition for
     ‘.Tcl’
Flavors: r-release-linux-x86_64, r-release-osx-x86_64-mavericks, r-release-windows-ix86+x86_64, r-oldrel-windows-ix86+x86_64