CRAN Package Check Results for Package fmri

Last updated on 2014-08-28 03:49:03.

Flavor Version Tinstall Tcheck Ttotal Status Flags
r-devel-linux-x86_64-debian-clang 1.5-1 2.81 36.73 39.54 NOTE
r-devel-linux-x86_64-debian-gcc 1.5-1 2.70 36.55 39.25 NOTE
r-devel-linux-x86_64-fedora-clang 1.5-1 76.24 NOTE
r-devel-linux-x86_64-fedora-gcc 1.5-1 72.61 NOTE
r-devel-osx-x86_64-clang 1.5-1 63.60 NOTE
r-devel-windows-ix86+x86_64 1.5-1 12.00 59.00 71.00 NOTE
r-patched-linux-x86_64 1.5-1 2.76 40.14 42.90 OK
r-patched-solaris-sparc 1.5-1 482.70 OK
r-patched-solaris-x86 1.5-1 118.60 OK
r-release-linux-ix86 1.5-1 4.37 53.82 58.19 OK
r-release-linux-x86_64 1.5-1 2.73 41.67 44.40 OK
r-release-osx-x86_64-mavericks 1.5-1 OK
r-release-osx-x86_64-snowleopard 1.5-1 OK
r-release-windows-ix86+x86_64 1.5-1 12.00 59.00 71.00 OK
r-oldrel-windows-ix86+x86_64 1.5-1 11.00 58.00 69.00 OK

Check Details

Version: 1.5-1
Check: R code for possible problems
Result: NOTE
    fmri.gui : selectFirstDataFile: no visible global function definition
     for ‘tclvalue<-’
    fmri.gui : selectFirstDataFile: no visible global function definition
     for ‘tkgetOpenFile’
    fmri.gui : selectDesignFileSave: no visible global function definition
     for ‘tclvalue<-’
    fmri.gui : selectDesignFileSave: no visible global function definition
     for ‘tkgetSaveFile’
    fmri.gui : selectDesignFileLoad: no visible global function definition
     for ‘tclvalue<-’
    fmri.gui : selectDesignFileLoad: no visible global function definition
     for ‘tkgetOpenFile’
    fmri.gui : results3D: no visible global function definition for
     ‘tclvalue’
    fmri.gui : resultsSlices: no visible global function definition for
     ‘tclvalue’
    fmri.gui : saveDesign: no visible global function definition for
     ‘tclvalue’
    fmri.gui : saveDesign : onOk: no visible global function definition for
     ‘tkdestroy’
    fmri.gui : saveDesign: no visible global function definition for
     ‘tktoplevel’
    fmri.gui : saveDesign: no visible global function definition for
     ‘tkwm.title’
    fmri.gui : saveDesign: no visible global function definition for
     ‘tkframe’
    fmri.gui : saveDesign: no visible global function definition for
     ‘tklabel’
    fmri.gui : saveDesign: no visible global function definition for
     ‘tkbutton’
    fmri.gui : saveDesign: no visible global function definition for
     ‘tkgrid’
    fmri.gui : loadDesignHelp : onYes: no visible global function
     definition for ‘tkdestroy’
    fmri.gui : loadDesignHelp : onNo: no visible global function definition
     for ‘tkdestroy’
    fmri.gui : loadDesignHelp: no visible global function definition for
     ‘tktoplevel’
    fmri.gui : loadDesignHelp: no visible global function definition for
     ‘tkwm.title’
    fmri.gui : loadDesignHelp: no visible global function definition for
     ‘tkframe’
    fmri.gui : loadDesignHelp: no visible global function definition for
     ‘tklabel’
    fmri.gui : loadDesignHelp: no visible global function definition for
     ‘tkbutton’
    fmri.gui : loadDesignHelp: no visible global function definition for
     ‘tkgrid’
    fmri.gui : createDesignHelp : onYes: no visible global function
     definition for ‘tkdestroy’
    fmri.gui : createDesignHelp : onNo: no visible global function
     definition for ‘tkdestroy’
    fmri.gui : createDesignHelp: no visible global function definition for
     ‘tktoplevel’
    fmri.gui : createDesignHelp: no visible global function definition for
     ‘tkwm.title’
    fmri.gui : createDesignHelp: no visible global function definition for
     ‘tkframe’
    fmri.gui : createDesignHelp: no visible global function definition for
     ‘tklabel’
    fmri.gui : createDesignHelp: no visible global function definition for
     ‘tkbutton’
    fmri.gui : createDesignHelp: no visible global function definition for
     ‘tkgrid’
    fmri.gui : loadDesign: no visible global function definition for
     ‘tclvalue’
    fmri.gui : loadDesign: no visible global function definition for
     ‘tclvalue<-’
    fmri.gui : createDesign: no visible global function definition for
     ‘tktoplevel’
    fmri.gui : createDesign: no visible global function definition for
     ‘tkwm.title’
    fmri.gui : createDesign : design.quit : onYes: no visible global
     function definition for ‘tkdestroy’
    fmri.gui : createDesign : design.quit : onNo: no visible global
     function definition for ‘tkdestroy’
    fmri.gui : createDesign : design.quit: no visible global function
     definition for ‘tktoplevel’
    fmri.gui : createDesign : design.quit: no visible global function
     definition for ‘tkwm.title’
    fmri.gui : createDesign : design.quit: no visible global function
     definition for ‘tkframe’
    fmri.gui : createDesign : design.quit: no visible global function
     definition for ‘tklabel’
    fmri.gui : createDesign : design.quit: no visible global function
     definition for ‘tkbutton’
    fmri.gui : createDesign : design.quit: no visible global function
     definition for ‘tkgrid’
    fmri.gui : createDesign : startDataHelp: no visible global function
     definition for ‘tkdestroy’
    fmri.gui : createDesign : design.conditions: no visible global function
     definition for ‘tkdestroy’
    fmri.gui : createDesign : design.conditions: no visible global function
     definition for ‘tclvalue’
    fmri.gui : createDesign : design.conditions: no visible global function
     definition for ‘tkframe’
    fmri.gui : createDesign : design.conditions : nextCondition : readCond:
     no visible global function definition for ‘tclvalue’
    fmri.gui : createDesign : design.conditions : nextCondition: no visible
     global function definition for ‘tkbutton’
    fmri.gui : createDesign : design.conditions : nextCondition :
     condition.next: no visible global function definition for ‘tclvalue’
    fmri.gui : createDesign : design.conditions : nextCondition: no visible
     global function definition for ‘tclVar’
    fmri.gui : createDesign : design.conditions : nextCondition: no visible
     global function definition for ‘tklabel’
    fmri.gui : createDesign : design.conditions : nextCondition: no visible
     global function definition for ‘tkentry’
    fmri.gui : createDesign : design.conditions : nextCondition: no visible
     global function definition for ‘tkgrid’
    fmri.gui : createDesign : design.conditions : nextCondition: no visible
     global function definition for ‘tkgrid.configure’
    fmri.gui : createDesign: no visible global function definition for
     ‘tkframe’
    fmri.gui : createDesign: no visible global function definition for
     ‘tklabel’
    fmri.gui : createDesign: no visible global function definition for
     ‘tkentry’
    fmri.gui : createDesign: no visible global function definition for
     ‘tkgrid’
    fmri.gui : createDesign: no visible global function definition for
     ‘tkradiobutton’
    fmri.gui : createDesign: no visible global function definition for
     ‘tkconfigure’
    fmri.gui : createDesign: no visible global function definition for
     ‘tkbutton’
    fmri.gui : startData: no visible global function definition for
     ‘tkgrid’
    fmri.gui : startContrastHelp : onYes: no visible global function
     definition for ‘tkdestroy’
    fmri.gui : startContrastHelp : onNo: no visible global function
     definition for ‘tkdestroy’
    fmri.gui : startContrastHelp: no visible global function definition for
     ‘tktoplevel’
    fmri.gui : startContrastHelp: no visible global function definition for
     ‘tkwm.title’
    fmri.gui : startContrastHelp: no visible global function definition for
     ‘tkframe’
    fmri.gui : startContrastHelp: no visible global function definition for
     ‘tklabel’
    fmri.gui : startContrastHelp: no visible global function definition for
     ‘tkbutton’
    fmri.gui : startContrastHelp: no visible global function definition for
     ‘tkgrid’
    fmri.gui : startContrast: no visible global function definition for
     ‘tclvalue’
    fmri.gui : startContrast: no visible global function definition for
     ‘tkgrid’
    fmri.gui : startContrast: no visible global function definition for
     ‘tkconfigure’
    fmri.gui : startEstimationHelp : onYes: no visible global function
     definition for ‘tkdestroy’
    fmri.gui : startEstimationHelp : onNo: no visible global function
     definition for ‘tkdestroy’
    fmri.gui : startEstimationHelp: no visible global function definition
     for ‘tktoplevel’
    fmri.gui : startEstimationHelp: no visible global function definition
     for ‘tkwm.title’
    fmri.gui : startEstimationHelp: no visible global function definition
     for ‘tkframe’
    fmri.gui : startEstimationHelp: no visible global function definition
     for ‘tklabel’
    fmri.gui : startEstimationHelp: no visible global function definition
     for ‘tkbutton’
    fmri.gui : startEstimationHelp: no visible global function definition
     for ‘tkgrid’
    fmri.gui : startEstimation: no visible global function definition for
     ‘tkgrid’
    fmri.gui : startEstimation: no visible global function definition for
     ‘tclvalue<-’
    fmri.gui : startEstimation: no visible global function definition for
     ‘tclvalue’
    fmri.gui : contWithoutHelp : onYes: no visible global function
     definition for ‘tkdestroy’
    fmri.gui : contWithoutHelp : onNo: no visible global function
     definition for ‘tkdestroy’
    fmri.gui : contWithoutHelp: no visible global function definition for
     ‘tktoplevel’
    fmri.gui : contWithoutHelp: no visible global function definition for
     ‘tkwm.title’
    fmri.gui : contWithoutHelp: no visible global function definition for
     ‘tkframe’
    fmri.gui : contWithoutHelp: no visible global function definition for
     ‘tklabel’
    fmri.gui : contWithoutHelp: no visible global function definition for
     ‘tkbutton’
    fmri.gui : contWithoutHelp: no visible global function definition for
     ‘tkgrid’
    fmri.gui : contWithout: no visible global function definition for
     ‘tkgrid’
    fmri.gui : startSmoothingHelp : onYes: no visible global function
     definition for ‘tkdestroy’
    fmri.gui : startSmoothingHelp : onNo: no visible global function
     definition for ‘tkdestroy’
    fmri.gui : startSmoothingHelp: no visible global function definition
     for ‘tktoplevel’
    fmri.gui : startSmoothingHelp: no visible global function definition
     for ‘tkwm.title’
    fmri.gui : startSmoothingHelp: no visible global function definition
     for ‘tkframe’
    fmri.gui : startSmoothingHelp: no visible global function definition
     for ‘tklabel’
    fmri.gui : startSmoothingHelp: no visible global function definition
     for ‘tkbutton’
    fmri.gui : startSmoothingHelp: no visible global function definition
     for ‘tkgrid’
    fmri.gui : startSmoothing: no visible global function definition for
     ‘tclvalue’
    fmri.gui : startSmoothing: no visible global function definition for
     ‘tkgrid’
    fmri.gui : startSegmentationHelp : onYes: no visible global function
     definition for ‘tkdestroy’
    fmri.gui : startSegmentationHelp : onNo: no visible global function
     definition for ‘tkdestroy’
    fmri.gui : startSegmentationHelp: no visible global function definition
     for ‘tktoplevel’
    fmri.gui : startSegmentationHelp: no visible global function definition
     for ‘tkwm.title’
    fmri.gui : startSegmentationHelp: no visible global function definition
     for ‘tkframe’
    fmri.gui : startSegmentationHelp: no visible global function definition
     for ‘tklabel’
    fmri.gui : startSegmentationHelp: no visible global function definition
     for ‘tkbutton’
    fmri.gui : startSegmentationHelp: no visible global function definition
     for ‘tkgrid’
    fmri.gui : startSegmentation: no visible global function definition for
     ‘tclvalue’
    fmri.gui : startSegmentation: no visible global function definition for
     ‘tkgrid’
    fmri.gui : layoutFunction: no visible global function definition for
     ‘tkgrid.forget’
    fmri.gui : viewMask: no visible global function definition for
     ‘tclvalue’
    fmri.gui : startAdjustHelp: no visible global function definition for
     ‘tclvalue’
    fmri.gui : startAdjustHelp : onOk: no visible global function
     definition for ‘tkdestroy’
    fmri.gui : startAdjustHelp: no visible global function definition for
     ‘tktoplevel’
    fmri.gui : startAdjustHelp: no visible global function definition for
     ‘tkwm.title’
    fmri.gui : startAdjustHelp: no visible global function definition for
     ‘tkframe’
    fmri.gui : startAdjustHelp: no visible global function definition for
     ‘tklabel’
    fmri.gui : startAdjustHelp: no visible global function definition for
     ‘tkbutton’
    fmri.gui : startAdjustHelp: no visible global function definition for
     ‘tkgrid’
    fmri.gui : startAdjustHelp : onYes: no visible global function
     definition for ‘tkdestroy’
    fmri.gui : startAdjustHelp : onNo: no visible global function
     definition for ‘tkdestroy’
    fmri.gui : startAdjust: no visible global function definition for
     ‘tclvalue’
    fmri.gui : startAdjust: no visible global function definition for
     ‘tkconfigure’
    fmri.gui : startAdjust: no visible global function definition for
     ‘tclvalue<-’
    fmri.gui : startAdjust: no visible global function definition for
     ‘tkgrid’
    fmri.gui : helpFunction : onQuit: no visible global function definition
     for ‘tkdestroy’
    fmri.gui : helpFunction: no visible global function definition for
     ‘tktoplevel’
    fmri.gui : helpFunction: no visible global function definition for
     ‘tkwm.title’
    fmri.gui : helpFunction: no visible global function definition for
     ‘tkframe’
    fmri.gui : helpFunction: no visible global function definition for
     ‘tklabel’
    fmri.gui : helpFunction: no visible global function definition for
     ‘tkbutton’
    fmri.gui : helpFunction: no visible global function definition for
     ‘tkgrid’
    fmri.gui : quitAll : quitWM: no visible global function definition for
     ‘tkdestroy’
    fmri.gui : quitAll : quitWOM: no visible global function definition for
     ‘tkdestroy’
    fmri.gui : quitAll : functSave: no visible global function definition
     for ‘tclvalue’
    fmri.gui : quitAll : functCancel: no visible global function definition
     for ‘tkdestroy’
    fmri.gui : quitAll : functHelp : onQuit: no visible global function
     definition for ‘tkdestroy’
    fmri.gui : quitAll : functHelp: no visible global function definition
     for ‘tktoplevel’
    fmri.gui : quitAll : functHelp: no visible global function definition
     for ‘tkwm.title’
    fmri.gui : quitAll : functHelp: no visible global function definition
     for ‘tkframe’
    fmri.gui : quitAll : functHelp: no visible global function definition
     for ‘tklabel’
    fmri.gui : quitAll : functHelp: no visible global function definition
     for ‘tkbutton’
    fmri.gui : quitAll : functHelp: no visible global function definition
     for ‘tkgrid’
    fmri.gui : quitAll: no visible global function definition for
     ‘tktoplevel’
    fmri.gui : quitAll: no visible global function definition for
     ‘tkwm.title’
    fmri.gui : quitAll: no visible global function definition for ‘tkframe’
    fmri.gui : quitAll: no visible global function definition for
     ‘tkbutton’
    fmri.gui : quitAll: no visible global function definition for ‘tkgrid’
    fmri.gui : saveAll : overtakeLW: no visible global function definition
     for ‘tkdestroy’
    fmri.gui : saveAll : functSave: no visible global function definition
     for ‘tclvalue’
    fmri.gui : saveAll : quitttSave: no visible global function definition
     for ‘tkdestroy’
    fmri.gui : saveAll : functHelp : onQuit: no visible global function
     definition for ‘tkdestroy’
    fmri.gui : saveAll : functHelp: no visible global function definition
     for ‘tktoplevel’
    fmri.gui : saveAll : functHelp: no visible global function definition
     for ‘tkwm.title’
    fmri.gui : saveAll : functHelp: no visible global function definition
     for ‘tkframe’
    fmri.gui : saveAll : functHelp: no visible global function definition
     for ‘tklabel’
    fmri.gui : saveAll : functHelp: no visible global function definition
     for ‘tkbutton’
    fmri.gui : saveAll : functHelp: no visible global function definition
     for ‘tkgrid’
    fmri.gui : saveAll: no visible global function definition for
     ‘tktoplevel’
    fmri.gui : saveAll: no visible global function definition for
     ‘tkwm.title’
    fmri.gui : saveAll: no visible global function definition for ‘tkframe’
    fmri.gui : saveAll: no visible global function definition for
     ‘tkbutton’
    fmri.gui : saveAll: no visible global function definition for ‘tkgrid’
    fmri.gui: no visible global function definition for ‘tclVar’
    fmri.gui: no visible global function definition for ‘tktoplevel’
    fmri.gui: no visible global function definition for ‘tkwm.title’
    fmri.gui: no visible global function definition for ‘tkframe’
    fmri.gui: no visible global function definition for ‘tklabel’
    fmri.gui: no visible global function definition for ‘tkbutton’
    fmri.gui: no visible global function definition for ‘tkentry’
    fmri.gui: no visible global function definition for ‘tclRequire’
    fmri.gui: no visible global function definition for ‘tkimage.create’
    fmri.gui: no visible global function definition for ‘tkgrid’
    fmri.view2d : fmri.image : f: no visible global function definition for
     ‘tclvalue’
    fmri.view2d : fmri.slider : f: no visible global function definition
     for ‘tclvalue’
    fmri.view2d : fmri.slider : f: no visible global function definition
     for ‘tkrreplot’
    fmri.view2d : fmri.slider : f: no visible global function definition
     for ‘tkconfigure’
    fmri.view2d : fmri.slider: no visible global function definition for
     ‘tkframe’
    fmri.view2d : fmri.slider: no visible global function definition for
     ‘tkscale’
    fmri.view2d : fmri.slider: no visible global function definition for
     ‘tklabel’
    fmri.view2d : fmri.slider: no visible global function definition for
     ‘tkgrid’
    fmri.view2d : fmri.threshold : f: no visible global function definition
     for ‘tclvalue’
    fmri.view2d : fmri.threshold : f: no visible global function definition
     for ‘tkrreplot’
    fmri.view2d : fmri.threshold : f: no visible global function definition
     for ‘tkconfigure’
    fmri.view2d : fmri.threshold: no visible global function definition for
     ‘tkframe’
    fmri.view2d : fmri.threshold: no visible global function definition for
     ‘tkscale’
    fmri.view2d : fmri.threshold: no visible global function definition for
     ‘tklabel’
    fmri.view2d : fmri.threshold: no visible global function definition for
     ‘tkgrid’
    fmri.view2d: no visible global function definition for ‘tktoplevel’
    fmri.view2d: no visible global function definition for ‘tkwm.title’
    fmri.view2d: no visible global function definition for ‘tkframe’
    fmri.view2d: no visible global function definition for ‘tkwinfo’
    fmri.view2d: no visible global function definition for ‘tkgrid’
    fmri.view2d: no visible global function definition for ‘tclVar’
    fmri.view2d : viewAll: no visible global function definition for
     ‘tclvalue<-’
    fmri.view2d : viewAll: no visible global function definition for
     ‘tclvalue’
    fmri.view2d : changeFunction: no visible global function definition for
     ‘tclvalue’
    fmri.view2d : changeFunction: no visible global function definition for
     ‘tclvalue<-’
    fmri.view2d : changeFunction: no visible global function definition for
     ‘tkwinfo’
    fmri.view2d : changeFunction : findOptimum: no visible global function
     definition for ‘tclvalue’
    fmri.view2d : changeFunction: no visible global function definition for
     ‘tkgrid.forget’
    fmri.view2d : changeFunction: no visible global function definition for
     ‘tkgrid’
    fmri.view2d : changeFunction: no visible global function definition for
     ‘tkrreplot’
    fmri.view2d : changeFunction: no visible global function definition for
     ‘tkgrid.configure’
    fmri.view2d : changeFunction: no visible global function definition for
     ‘tkconfigure’
    fmri.view2d : nextPage: no visible global function definition for
     ‘tclvalue<-’
    fmri.view2d : nextPage: no visible global function definition for
     ‘tkconfigure’
    fmri.view2d : nextPage: no visible global function definition for
     ‘tkgrid.forget’
    fmri.view2d : nextPage: no visible global function definition for
     ‘tkgrid’
    fmri.view2d : nextPage: no visible global function definition for
     ‘tkgrid.configure’
    fmri.view2d : prevPage: no visible global function definition for
     ‘tclvalue<-’
    fmri.view2d : prevPage: no visible global function definition for
     ‘tkconfigure’
    fmri.view2d : prevPage: no visible global function definition for
     ‘tkgrid.forget’
    fmri.view2d : prevPage: no visible global function definition for
     ‘tkgrid’
    fmri.view2d : prevPage: no visible global function definition for
     ‘tkgrid.configure’
    fmri.view2d : adjustContrast : okAdjCon: no visible global function
     definition for ‘tkdestroy’
    fmri.view2d : adjustContrast : okAdjCon: no visible global function
     definition for ‘tclvalue’
    fmri.view2d : adjustContrast : quitAdjCon: no visible global function
     definition for ‘tkdestroy’
    fmri.view2d : adjustContrast: no visible global function definition for
     ‘tktoplevel’
    fmri.view2d : adjustContrast: no visible global function definition for
     ‘tkwm.title’
    fmri.view2d : adjustContrast: no visible global function definition for
     ‘tkframe’
    fmri.view2d : adjustContrast: no visible global function definition for
     ‘tclVar’
    fmri.view2d : adjustContrast: no visible global function definition for
     ‘tkentry’
    fmri.view2d : adjustContrast: no visible global function definition for
     ‘tkbutton’
    fmri.view2d : adjustContrast: no visible global function definition for
     ‘tkgrid’
    fmri.view2d : adjustContrast: no visible global function definition for
     ‘tklabel’
    fmri.view2d : adjustMask : selectDataFile: no visible global function
     definition for ‘tclvalue<-’
    fmri.view2d : adjustMask : selectDataFile: no visible global function
     definition for ‘tkgetOpenFile’
    fmri.view2d : adjustMask : loadDataHelp: no visible global function
     definition for ‘tclvalue’
    fmri.view2d : adjustMask : loadDataHelp : quitttError: no visible
     global function definition for ‘tkdestroy’
    fmri.view2d : adjustMask : loadDataHelp: no visible global function
     definition for ‘tktoplevel’
    fmri.view2d : adjustMask : loadDataHelp: no visible global function
     definition for ‘tkwm.title’
    fmri.view2d : adjustMask : loadDataHelp: no visible global function
     definition for ‘tkgrid’
    fmri.view2d : adjustMask : loadDataHelp: no visible global function
     definition for ‘tklabel’
    fmri.view2d : adjustMask : loadDataHelp: no visible global function
     definition for ‘tkbutton’
    fmri.view2d : adjustMask : loadData: no visible global function
     definition for ‘tclvalue’
    fmri.view2d : adjustMask : loadData: no visible global function
     definition for ‘tclvalue<-’
    fmri.view2d : adjustMask : viewMaskHelp : quitttError: no visible
     global function definition for ‘tkdestroy’
    fmri.view2d : adjustMask : viewMaskHelp: no visible global function
     definition for ‘tktoplevel’
    fmri.view2d : adjustMask : viewMaskHelp: no visible global function
     definition for ‘tkwm.title’
    fmri.view2d : adjustMask : viewMaskHelp: no visible global function
     definition for ‘tkgrid’
    fmri.view2d : adjustMask : viewMaskHelp: no visible global function
     definition for ‘tklabel’
    fmri.view2d : adjustMask : viewMaskHelp: no visible global function
     definition for ‘tkbutton’
    fmri.view2d : adjustMask : viewMask: no visible global function
     definition for ‘tclvalue’
    fmri.view2d : adjustMask : okAdjMask : quitttError: no visible global
     function definition for ‘tkdestroy’
    fmri.view2d : adjustMask : okAdjMask: no visible global function
     definition for ‘tktoplevel’
    fmri.view2d : adjustMask : okAdjMask: no visible global function
     definition for ‘tkwm.title’
    fmri.view2d : adjustMask : okAdjMask: no visible global function
     definition for ‘tkgrid’
    fmri.view2d : adjustMask : okAdjMask: no visible global function
     definition for ‘tklabel’
    fmri.view2d : adjustMask : okAdjMask: no visible global function
     definition for ‘tkbutton’
    fmri.view2d : adjustMask : okAdjMask: no visible global function
     definition for ‘tkdestroy’
    fmri.view2d : adjustMask : okAdjMask: no visible global function
     definition for ‘tclvalue’
    fmri.view2d : adjustMask : quitAdjMask: no visible global function
     definition for ‘tkdestroy’
    fmri.view2d : adjustMask: no visible global function definition for
     ‘tktoplevel’
    fmri.view2d : adjustMask: no visible global function definition for
     ‘tkwm.title’
    fmri.view2d : adjustMask: no visible global function definition for
     ‘tclVar’
    fmri.view2d : adjustMask: no visible global function definition for
     ‘tkframe’
    fmri.view2d : adjustMask: no visible global function definition for
     ‘tklabel’
    fmri.view2d : adjustMask: no visible global function definition for
     ‘tkentry’
    fmri.view2d : adjustMask: no visible global function definition for
     ‘tkbutton’
    fmri.view2d : adjustMask: no visible global function definition for
     ‘tkgrid’
    fmri.view2d : extractImages : quitttImgSelect: no visible global
     function definition for ‘tkdestroy’
    fmri.view2d : extractImages : chooseFileNameGeneral: no visible global
     function definition for ‘tclVar’
    fmri.view2d : extractImages : chooseFileNameGeneral: no visible global
     function definition for ‘tclvalue’
    fmri.view2d : extractImages : chooseFileNameGeneral: no visible global
     function definition for ‘tclvalue<-’
    fmri.view2d : extractImages : chooseFileNameGeneral: no visible global
     function definition for ‘tkgetSaveFile’
    fmri.view2d : extractImages : chooseFileNameExactly: no visible global
     function definition for ‘tclvalue’
    fmri.view2d : extractImages : chooseFileNameExactly : quitttWarn: no
     visible global function definition for ‘tkdestroy’
    fmri.view2d : extractImages : chooseFileNameExactly : otherName: no
     visible global function definition for ‘tkdestroy’
    fmri.view2d : extractImages : chooseFileNameExactly: no visible global
     function definition for ‘tktoplevel’
    fmri.view2d : extractImages : chooseFileNameExactly: no visible global
     function definition for ‘tkwm.title’
    fmri.view2d : extractImages : chooseFileNameExactly: no visible global
     function definition for ‘tkframe’
    fmri.view2d : extractImages : chooseFileNameExactly: no visible global
     function definition for ‘tkbutton’
    fmri.view2d : extractImages : chooseFileNameExactly: no visible global
     function definition for ‘tkgrid’
    fmri.view2d : extractImages : chooseFileNameExactly: no visible global
     function definition for ‘tklabel’
    fmri.view2d : extractImages : writeImage: no visible global function
     definition for ‘tclvalue’
    fmri.view2d : extractImages : writeImage: no visible global function
     definition for ‘make.image’
    fmri.view2d : extractImages : writeImage: no visible global function
     definition for ‘write.image’
    fmri.view2d : extractImages : onNext: no visible global function
     definition for ‘tclvalue’
    fmri.view2d : extractImages : onNext : quitttError: no visible global
     function definition for ‘tkdestroy’
    fmri.view2d : extractImages : onNext: no visible global function
     definition for ‘tktoplevel’
    fmri.view2d : extractImages : onNext: no visible global function
     definition for ‘tkwm.title’
    fmri.view2d : extractImages : onNext: no visible global function
     definition for ‘tkgrid’
    fmri.view2d : extractImages : onNext: no visible global function
     definition for ‘tklabel’
    fmri.view2d : extractImages : onNext: no visible global function
     definition for ‘tkbutton’
    fmri.view2d : extractImages : toFileFormat: no visible global function
     definition for ‘tkdestroy’
    fmri.view2d : extractImages : toFileFormat : onNextHelp: no visible
     global function definition for ‘tkdestroy’
    fmri.view2d : extractImages : toFileFormat: no visible global function
     definition for ‘tktoplevel’
    fmri.view2d : extractImages : toFileFormat: no visible global function
     definition for ‘tkwm.title’
    fmri.view2d : extractImages : toFileFormat: no visible global function
     definition for ‘tkframe’
    fmri.view2d : extractImages : toFileFormat: no visible global function
     definition for ‘tkradiobutton’
    fmri.view2d : extractImages : toFileFormat: no visible global function
     definition for ‘tkbutton’
    fmri.view2d : extractImages : toFileFormat: no visible global function
     definition for ‘tkconfigure’
    fmri.view2d : extractImages : toFileFormat: no visible global function
     definition for ‘tkgrid’
    fmri.view2d : extractImages : toFileFormat: no visible global function
     definition for ‘tklabel’
    fmri.view2d : extractImages : toFileFormat: no visible global function
     definition for ‘tclvalue<-’
    fmri.view2d : extractImages : selectAll: no visible global function
     definition for ‘tclvalue<-’
    fmri.view2d : extractImages : deselectAll: no visible global function
     definition for ‘tclvalue<-’
    fmri.view2d : extractImages: no visible global function definition for
     ‘tktoplevel’
    fmri.view2d : extractImages: no visible global function definition for
     ‘tkwm.title’
    fmri.view2d : extractImages: no visible global function definition for
     ‘tclvalue’
    fmri.view2d : extractImages: no visible global function definition for
     ‘tkwinfo’
    fmri.view2d : extractImages: no visible global function definition for
     ‘tkframe’
    fmri.view2d : extractImages : helpFunc1: no visible global function
     definition for ‘tclVar’
    fmri.view2d : extractImages : helpFunc2: no visible global function
     definition for ‘tkcheckbutton’
    fmri.view2d : extractImages: no visible global function definition for
     ‘tclvalue<-’
    fmri.view2d : extractImages: no visible global function definition for
     ‘tkgrid.configure’
    fmri.view2d : extractImages: no visible global function definition for
     ‘tklabel’
    fmri.view2d : extractImages: no visible global function definition for
     ‘tkgrid’
    fmri.view2d : extractImages: no visible global function definition for
     ‘tkbutton’
    fmri.view2d : extractImages: no visible global function definition for
     ‘tclVar’
    fmri.view2d : helpFunction : onQuit: no visible global function
     definition for ‘tkdestroy’
    fmri.view2d : helpFunction: no visible global function definition for
     ‘tktoplevel’
    fmri.view2d : helpFunction: no visible global function definition for
     ‘tkwm.title’
    fmri.view2d : helpFunction: no visible global function definition for
     ‘tkframe’
    fmri.view2d : helpFunction: no visible global function definition for
     ‘tklabel’
    fmri.view2d : helpFunction: no visible global function definition for
     ‘tkbutton’
    fmri.view2d : helpFunction: no visible global function definition for
     ‘tkgrid’
    fmri.view2d : hide: no visible global function definition for
     ‘tclvalue’
    fmri.view2d : hide: no visible global function definition for
     ‘tkgrid.forget’
    fmri.view2d : hide: no visible global function definition for
     ‘tkgrid.configure’
    fmri.view2d: no visible global function definition for ‘tkbutton’
    fmri.view2d: no visible global function definition for ‘tclvalue’
    fmri.view2d: no visible global function definition for ‘tklabel’
    fmri.view2d: no visible global function definition for ‘tkentry’
    fmri.view2d: no visible global function definition for ‘tkradiobutton’
    fmri.view2d: no visible global function definition for ‘tkconfigure’
    fmri.view2d: no visible global function definition for ‘tkcheckbutton’
    fmri.view2d: no visible global function definition for ‘tclvalue<-’
    fmri.view2d: no visible global function definition for ‘tkrreplot’
    fmri.view3d : fmri.image : f: no visible global function definition for
     ‘tclvalue’
    fmri.view3d : fmri.slider : f: no visible global function definition
     for ‘tclvalue’
    fmri.view3d : fmri.slider : f: no visible global function definition
     for ‘tkconfigure’
    fmri.view3d : fmri.slider: no visible global function definition for
     ‘tkframe’
    fmri.view3d : fmri.slider: no visible global function definition for
     ‘tkscale’
    fmri.view3d : fmri.slider: no visible global function definition for
     ‘tklabel’
    fmri.view3d : fmri.slider: no visible global function definition for
     ‘tkgrid’
    fmri.view3d : fmri.threshold : f: no visible global function definition
     for ‘tclvalue’
    fmri.view3d : fmri.threshold : f: no visible global function definition
     for ‘tkconfigure’
    fmri.view3d : fmri.threshold: no visible global function definition for
     ‘tkframe’
    fmri.view3d : fmri.threshold: no visible global function definition for
     ‘tkscale’
    fmri.view3d : fmri.threshold: no visible global function definition for
     ‘tklabel’
    fmri.view3d : fmri.threshold: no visible global function definition for
     ‘tkgrid’
    fmri.view3d: no visible global function definition for ‘tktoplevel’
    fmri.view3d: no visible global function definition for ‘tkwm.title’
    fmri.view3d: no visible global function definition for ‘tkgrid’
    fmri2oro: no visible global function definition for ‘nifti’
    fmri2oro: no visible global function definition for
     ‘niftiExtensionToAuditTrail’
    fmriica: no visible global function definition for ‘fastICA’
    helpFunc: no visible global function definition for ‘tclVar’
    mytkrplot: no visible global function definition for ‘.make.tkindex’
    mytkrplot: no visible global function definition for ‘.my.tkdev’
    mytkrplot: no visible global function definition for ‘.Tcl’
    mytkrplot: no visible global function definition for ‘tklabel’
    mytkrplot: no visible global function definition for ‘tkbind’
    mytkrplot : <anonymous>: no visible global function definition for
     ‘.Tcl’
Flavors: r-devel-linux-x86_64-debian-clang, r-devel-linux-x86_64-debian-gcc, r-devel-linux-x86_64-fedora-clang, r-devel-linux-x86_64-fedora-gcc, r-devel-osx-x86_64-clang, r-devel-windows-ix86+x86_64