CRAN Package Check Results for Package fmri

Last updated on 2018-02-20 17:47:39 CET.

Flavor Version Tinstall Tcheck Ttotal Status Flags
r-devel-linux-x86_64-debian-clang 1.7-2 18.88 95.79 114.67 NOTE
r-devel-linux-x86_64-debian-gcc 1.7-2 13.96 72.79 86.75 NOTE
r-devel-linux-x86_64-fedora-clang 1.7-2 136.39 NOTE
r-devel-linux-x86_64-fedora-gcc 1.7-2 131.05 NOTE
r-devel-windows-ix86+x86_64 1.7-2 29.00 107.00 136.00 OK
r-patched-linux-x86_64 1.7-2 7.07 97.68 104.75 NOTE
r-patched-solaris-x86 1.7-2 167.00 OK
r-release-linux-x86_64 1.7-2 6.93 98.18 105.11 NOTE
r-release-windows-ix86+x86_64 1.7-2 24.00 155.00 179.00 OK
r-release-osx-x86_64 1.7-2 OK
r-oldrel-windows-ix86+x86_64 1.7-2 24.00 139.00 163.00 OK
r-oldrel-osx-x86_64 1.7-2 OK

Check Details

Version: 1.7-2
Check: compiled code
Result: NOTE
    File ‘fmri/libs/fmri.so’:
     Found no calls to: ‘R_registerRoutines’, ‘R_useDynamicSymbols’
    
    It is good practice to register native routines and to disable symbol
    search.
    
    See ‘Writing portable packages’ in the ‘Writing R Extensions’ manual.
Flavors: r-devel-linux-x86_64-debian-clang, r-devel-linux-x86_64-debian-gcc, r-devel-linux-x86_64-fedora-clang, r-devel-linux-x86_64-fedora-gcc, r-patched-linux-x86_64, r-release-linux-x86_64