CRAN Package Check Results for Package fmsb

Last updated on 2015-07-31 04:47:59.

Flavor Version Tinstall Tcheck Ttotal Status Flags
r-devel-linux-x86_64-debian-clang 0.5.1 0.99 15.53 16.52 NOTE
r-devel-linux-x86_64-debian-gcc 0.5.1 1.22 14.62 15.85 NOTE
r-devel-linux-x86_64-fedora-clang 0.5.1 32.89 NOTE
r-devel-linux-x86_64-fedora-gcc 0.5.1 28.30 NOTE
r-devel-osx-x86_64-clang 0.5.1 29.24 OK
r-devel-windows-ix86+x86_64 0.5.1 4.00 27.00 31.00 NOTE
r-patched-linux-x86_64 0.5.1 0.94 15.36 16.30 OK
r-patched-solaris-sparc 0.5.1 202.40 OK
r-patched-solaris-x86 0.5.1 42.00 OK
r-release-linux-x86_64 0.5.1 0.94 16.50 17.43 OK
r-release-osx-x86_64-mavericks 0.5.1 OK
r-release-windows-ix86+x86_64 0.5.1 4.00 27.00 31.00 OK
r-oldrel-windows-ix86+x86_64 0.5.1 5.00 28.00 33.00 OK

Check Details

Version: 0.5.1
Check: R code for possible problems
Result: NOTE
    CronbachAlpha: no visible binding for global variable ‘var’
    CronbachAlpha: no visible global function definition for ‘var’
    Kappa.test: no visible global function definition for ‘complete.cases’
    Kappa.test: no visible global function definition for ‘qnorm’
    Kappa.test: no visible global function definition for ‘pnorm’
    SIQR: no visible global function definition for ‘fivenum’
    SIQR: no visible global function definition for ‘IQR’
    fitCM: no visible global function definition for ‘optim’
    fitCT: no visible global function definition for ‘optim’
    fitDenny: no visible global function definition for ‘optim’
    fitGM: no visible global function definition for ‘optim’
    fitHad: no visible global function definition for ‘optim’
    fitSiler: no visible global function definition for ‘optim’
    geary.test: no visible global function definition for ‘pnorm’
    gstem: no visible global function definition for ‘capture.output’
    gstem: no visible global function definition for ‘stem’
    gstem: no visible global function definition for ‘plot’
    gstem: no visible global function definition for ‘text’
    mhchart: no visible global function definition for ‘barplot’
    mhchart: no visible global function definition for ‘rect’
    mhchart: no visible global function definition for ‘segments’
    oddsratio: no visible global function definition for ‘qnorm’
    oddsratio: no visible global function definition for ‘pnorm’
    pairwise.fisher.test: no visible binding for global variable
     ‘p.adjust.methods’
    pairwise.fisher.test: no visible global function definition for
     ‘complete.cases’
    pairwise.fisher.test : compare.levels: no visible global function
     definition for ‘fisher.test’
    pairwise.fisher.test: no visible global function definition for
     ‘pairwise.table’
    percentile: no visible global function definition for ‘quantile’
    plot.roc: no visible global function definition for ‘plot’
    plot.roc: no visible global function definition for ‘lines’
    pvalueplot: no visible global function definition for ‘qnorm’
    pvalueplot: no visible global function definition for ‘plot’
    radarchart: no visible global function definition for ‘plot’
    radarchart: no visible global function definition for ‘polygon’
    radarchart: no visible global function definition for ‘text’
    radarchart: no visible global function definition for ‘arrows’
    radarchart: no visible global function definition for ‘points’
    ratedifference: no visible global function definition for ‘qnorm’
    ratedifference: no visible global function definition for ‘pnorm’
    rateratio: no visible global function definition for ‘qnorm’
    rateratio: no visible global function definition for ‘pnorm’
    riskdifference: no visible global function definition for ‘qnorm’
    riskdifference: no visible global function definition for ‘pnorm’
    riskratio: no visible global function definition for ‘qnorm’
    riskratio: no visible global function definition for ‘pnorm’
    truemedian: no visible global function definition for ‘median’
    Undefined global functions or variables:
     IQR arrows barplot capture.output complete.cases fisher.test fivenum
     lines median optim p.adjust.methods pairwise.table plot pnorm points
     polygon qnorm quantile rect segments stem text var
    Consider adding
     importFrom("graphics", "arrows", "barplot", "lines", "plot", "points",
     "polygon", "rect", "segments", "stem", "text")
     importFrom("stats", "IQR", "complete.cases", "fisher.test", "fivenum",
     "median", "optim", "p.adjust.methods", "pairwise.table",
     "pnorm", "qnorm", "quantile", "var")
     importFrom("utils", "capture.output")
    to your NAMESPACE.
Flavors: r-devel-linux-x86_64-debian-clang, r-devel-linux-x86_64-debian-gcc, r-devel-linux-x86_64-fedora-clang, r-devel-linux-x86_64-fedora-gcc, r-devel-windows-ix86+x86_64