CRAN Package Check Results for Package folio

Last updated on 2024-03-01 07:52:49 CET.

Flavor Version Tinstall Tcheck Ttotal Status Flags
r-devel-linux-x86_64-debian-clang 1.3.0 2.33 26.08 28.41 OK
r-devel-linux-x86_64-debian-gcc 1.4.0 2.35 22.80 25.15 OK
r-devel-linux-x86_64-fedora-clang 1.4.0 40.83 NOTE
r-devel-linux-x86_64-fedora-gcc 1.4.0 37.88 NOTE
r-devel-windows-x86_64 1.4.0 4.00 51.00 55.00 OK
r-patched-linux-x86_64 1.4.0 3.95 28.63 32.58 OK
r-release-linux-x86_64 1.3.0 3.07 25.13 28.20 OK
r-release-macos-arm64 1.4.0 21.00 OK
r-release-macos-x86_64 1.4.0 36.00 OK
r-release-windows-x86_64 1.4.0 6.00 51.00 57.00 OK
r-oldrel-macos-arm64 1.4.0 21.00 OK
r-oldrel-windows-x86_64 1.4.0 5.00 43.00 48.00 OK

Check Details

Version: 1.4.0
Check: data for non-ASCII characters
Result: NOTE Note: found 446 marked UTF-8 strings Flavors: r-devel-linux-x86_64-fedora-clang, r-devel-linux-x86_64-fedora-gcc