CRAN Package Check Results for Package fontawesome

Last updated on 2021-04-11 03:46:42 CEST.

Flavor Version Tinstall Tcheck Ttotal Status Flags
r-devel-linux-x86_64-debian-clang 0.2.0 3.13 28.43 31.56 OK
r-devel-linux-x86_64-debian-gcc 0.2.0 2.71 22.75 25.46 OK
r-devel-linux-x86_64-fedora-clang 0.2.0 49.51 OK
r-devel-linux-x86_64-fedora-gcc 0.2.0 34.28 OK
r-devel-windows-ix86+x86_64 0.2.0 8.00 35.00 43.00 OK
r-devel-windows-x86_64-gcc10-UCRT 0.2.0 OK
r-patched-linux-x86_64 0.2.0 3.47 27.87 31.34 OK
r-patched-solaris-x86 0.2.0 57.80 NOTE
r-release-linux-x86_64 0.2.0 3.16 27.66 30.82 OK
r-release-macos-x86_64 0.2.0 OK
r-release-windows-ix86+x86_64 0.2.0 6.00 46.00 52.00 OK
r-oldrel-macos-x86_64 0.2.0 OK
r-oldrel-windows-ix86+x86_64 0.2.0 5.00 47.00 52.00 OK

Check Details

Version: 0.2.0
Check: package dependencies
Result: NOTE
    Package suggested but not available for checking: ‘rsvg’
Flavor: r-patched-solaris-x86