CRAN Package Check Results for Package foodweb

Last updated on 2015-08-31 04:48:42.

Flavor Version Tinstall Tcheck Ttotal Status Flags
r-devel-linux-x86_64-debian-clang 1-0 0.60 11.30 11.90 NOTE
r-devel-linux-x86_64-debian-gcc 1-0 0.56 10.53 11.09 NOTE
r-devel-linux-x86_64-fedora-clang 1-0 22.17 NOTE
r-devel-linux-x86_64-fedora-gcc 1-0 20.91 NOTE
r-devel-osx-x86_64-clang 1-0 20.38 NOTE
r-devel-windows-ix86+x86_64 1-0 4.00 24.00 28.00 NOTE
r-patched-linux-x86_64 1-0 0.62 11.32 11.94 NOTE
r-patched-solaris-sparc 1-0 136.70 NOTE
r-patched-solaris-x86 1-0 43.70 NOTE
r-release-linux-x86_64 1-0 0.61 11.25 11.86 NOTE
r-release-osx-x86_64-mavericks 1-0 NOTE
r-release-windows-ix86+x86_64 1-0 4.00 30.00 34.00 NOTE
r-oldrel-windows-ix86+x86_64 1-0 5.00 25.00 30.00 NOTE

Check Details

Version: 1-0
Check: dependencies in R code
Result: NOTE
    'library' or 'require' call to ‘rgl’ which was already attached by Depends.
     Please remove these calls from your code.
Flavors: r-devel-linux-x86_64-debian-clang, r-devel-linux-x86_64-debian-gcc, r-devel-linux-x86_64-fedora-clang, r-devel-linux-x86_64-fedora-gcc, r-devel-osx-x86_64-clang, r-devel-windows-ix86+x86_64, r-patched-linux-x86_64, r-patched-solaris-sparc, r-patched-solaris-x86, r-release-linux-x86_64, r-release-osx-x86_64-mavericks, r-release-windows-ix86+x86_64, r-oldrel-windows-ix86+x86_64

Version: 1-0
Check: R code for possible problems
Result: NOTE
    analyse.list: no visible binding for '<<-' assignment to ‘files’
    analyse.list: no visible global function definition for ‘read.table’
    analyse.list: no visible global function definition for ‘write.table’
    analyse.list: no visible binding for global variable ‘files’
    analyse.list: no visible binding for '<<-' assignment to ‘foodweb’
    analyse.list: no visible binding for '<<-' assignment to ‘name’
    analyse.list: no visible binding for global variable ‘foodweb’
    analyse.list: no visible binding for global variable ‘name’
    analyse.list: no visible binding for global variable ‘indices’
    analyse.seq: no visible global function definition for ‘read.table’
    analyse.seq: no visible global function definition for ‘write.table’
    analyse.seq: no visible binding for global variable ‘indices’
    analyse.single: no visible binding for global variable ‘foodweb’
    analyse.single: no visible binding for '<<-' assignment to ‘foodweb’
    analyse.single: no visible global function definition for ‘read.table’
    analyse.single: no visible binding for '<<-' assignment to ‘name’
    analyse.single: no visible binding for global variable ‘name’
    analyse.single: no visible global function definition for ‘write.table’
    analyse.single: no visible binding for global variable ‘indices’
    analyse.single: no visible binding for global variable ‘levels.l’
    analyse.single: no visible binding for global variable ‘S’
    analyse.single: no visible binding for global variable ‘omn.l’
    asym2sym: no visible global function definition for ‘write.table’
    calculate.metrics: no visible binding for '<<-' assignment to ‘S’
    calculate.metrics: no visible binding for global variable ‘S’
    calculate.metrics: no visible global function definition for ‘na.omit’
    calculate.metrics: no visible binding for '<<-' assignment to ‘indices’
    calculate.metrics: no visible binding for global variable ‘indices’
    mat.2.list: no visible global function definition for ‘read.table’
    plotweb: no visible binding for global variable ‘foodweb’
    plotweb: no visible binding for global variable ‘S’
    Undefined global functions or variables:
     S files foodweb indices levels.l na.omit name omn.l read.table
     write.table
    Consider adding
     importFrom("stats", "na.omit")
     importFrom("utils", "read.table", "write.table")
    to your NAMESPACE.
Flavors: r-devel-linux-x86_64-debian-clang, r-devel-linux-x86_64-debian-gcc, r-devel-linux-x86_64-fedora-clang, r-devel-linux-x86_64-fedora-gcc, r-devel-windows-ix86+x86_64

Version: 1-0
Check: R code for possible problems
Result: NOTE
    analyse.list: no visible binding for '<<-' assignment to ‘files’
    analyse.list: no visible binding for global variable ‘files’
    analyse.list: no visible binding for '<<-' assignment to ‘foodweb’
    analyse.list: no visible binding for '<<-' assignment to ‘name’
    analyse.list: no visible binding for global variable ‘foodweb’
    analyse.list: no visible binding for global variable ‘name’
    analyse.list: no visible binding for global variable ‘indices’
    analyse.seq: no visible binding for global variable ‘indices’
    analyse.single: no visible binding for global variable ‘foodweb’
    analyse.single: no visible binding for '<<-' assignment to ‘foodweb’
    analyse.single: no visible binding for '<<-' assignment to ‘name’
    analyse.single: no visible binding for global variable ‘name’
    analyse.single: no visible binding for global variable ‘indices’
    analyse.single: no visible binding for global variable ‘levels.l’
    analyse.single: no visible binding for global variable ‘S’
    analyse.single: no visible binding for global variable ‘omn.l’
    calculate.metrics: no visible binding for '<<-' assignment to ‘S’
    calculate.metrics: no visible binding for global variable ‘S’
    calculate.metrics: no visible binding for '<<-' assignment to ‘indices’
    calculate.metrics: no visible binding for global variable ‘indices’
    plotweb: no visible binding for global variable ‘foodweb’
    plotweb: no visible binding for global variable ‘S’
    Undefined global functions or variables:
     S files foodweb indices levels.l name omn.l
Flavor: r-devel-osx-x86_64-clang

Version: 1-0
Check: R code for possible problems
Result: NOTE
    analyse.list: no visible binding for '<<-' assignment to ‘files’
    analyse.list: no visible binding for global variable ‘files’
    analyse.list: no visible binding for '<<-' assignment to ‘foodweb’
    analyse.list: no visible binding for '<<-' assignment to ‘name’
    analyse.list: no visible binding for global variable ‘foodweb’
    analyse.list: no visible binding for global variable ‘name’
    analyse.list: no visible binding for global variable ‘indices’
    analyse.seq: no visible binding for global variable ‘indices’
    analyse.single: no visible binding for global variable ‘foodweb’
    analyse.single: no visible binding for '<<-' assignment to ‘foodweb’
    analyse.single: no visible binding for '<<-' assignment to ‘name’
    analyse.single: no visible binding for global variable ‘name’
    analyse.single: no visible binding for global variable ‘indices’
    analyse.single: no visible binding for global variable ‘levels.l’
    analyse.single: no visible binding for global variable ‘S’
    analyse.single: no visible binding for global variable ‘omn.l’
    calculate.metrics: no visible binding for '<<-' assignment to ‘S’
    calculate.metrics: no visible binding for global variable ‘S’
    calculate.metrics: no visible binding for '<<-' assignment to ‘indices’
    calculate.metrics: no visible binding for global variable ‘indices’
    plotweb: no visible binding for global variable ‘foodweb’
    plotweb: no visible binding for global variable ‘S’
Flavors: r-patched-linux-x86_64, r-patched-solaris-sparc, r-patched-solaris-x86, r-release-linux-x86_64, r-release-osx-x86_64-mavericks, r-release-windows-ix86+x86_64, r-oldrel-windows-ix86+x86_64