CRAN Package Check Results for Package foodweb

Last updated on 2015-05-26 15:47:29.

Flavor Version Tinstall Tcheck Ttotal Status Flags
r-devel-linux-x86_64-debian-clang 1-0 0.64 11.60 12.23 NOTE
r-devel-linux-x86_64-debian-gcc 1-0 0.72 11.29 12.01 NOTE
r-devel-linux-x86_64-fedora-clang 1-0 23.77 NOTE
r-devel-linux-x86_64-fedora-gcc 1-0 22.01 NOTE
r-devel-osx-x86_64-clang 1-0 24.51 NOTE
r-devel-windows-ix86+x86_64 1-0 3.00 21.00 24.00 NOTE
r-patched-linux-x86_64 1-0 0.61 11.00 11.61 NOTE
r-patched-solaris-sparc 1-0 159.50 NOTE
r-patched-solaris-x86 1-0 42.00 NOTE
r-release-linux-x86_64 1-0 0.69 11.32 12.01 NOTE
r-release-osx-x86_64-mavericks 1-0 NOTE
r-release-osx-x86_64-snowleopard 1-0 NOTE
r-release-windows-ix86+x86_64 1-0 3.00 20.00 23.00 NOTE
r-oldrel-windows-ix86+x86_64 1-0 3.00 22.00 25.00 NOTE

Check Details

Version: 1-0
Check: dependencies in R code
Result: NOTE
    'library' or 'require' call to ‘rgl’ which was already attached by Depends.
     Please remove these calls from your code.
Flavors: r-devel-linux-x86_64-debian-clang, r-devel-linux-x86_64-debian-gcc, r-devel-linux-x86_64-fedora-clang, r-devel-linux-x86_64-fedora-gcc, r-devel-osx-x86_64-clang, r-devel-windows-ix86+x86_64, r-patched-linux-x86_64, r-patched-solaris-sparc, r-patched-solaris-x86, r-release-linux-x86_64, r-release-osx-x86_64-mavericks, r-release-osx-x86_64-snowleopard, r-release-windows-ix86+x86_64, r-oldrel-windows-ix86+x86_64

Version: 1-0
Check: R code for possible problems
Result: NOTE
    analyse.list: no visible binding for '<<-' assignment to ‘files’
    analyse.list: no visible binding for global variable ‘files’
    analyse.list: no visible binding for '<<-' assignment to ‘foodweb’
    analyse.list: no visible binding for '<<-' assignment to ‘name’
    analyse.list: no visible binding for global variable ‘foodweb’
    analyse.list: no visible binding for global variable ‘name’
    analyse.list: no visible binding for global variable ‘indices’
    analyse.seq: no visible binding for global variable ‘indices’
    analyse.single: no visible binding for global variable ‘foodweb’
    analyse.single: no visible binding for '<<-' assignment to ‘foodweb’
    analyse.single: no visible binding for '<<-' assignment to ‘name’
    analyse.single: no visible binding for global variable ‘name’
    analyse.single: no visible binding for global variable ‘indices’
    analyse.single: no visible binding for global variable ‘levels.l’
    analyse.single: no visible binding for global variable ‘S’
    analyse.single: no visible binding for global variable ‘omn.l’
    calculate.metrics: no visible binding for '<<-' assignment to ‘S’
    calculate.metrics: no visible binding for global variable ‘S’
    calculate.metrics: no visible binding for '<<-' assignment to ‘indices’
    calculate.metrics: no visible binding for global variable ‘indices’
    plotweb: no visible binding for global variable ‘foodweb’
    plotweb: no visible binding for global variable ‘S’
Flavors: r-devel-linux-x86_64-debian-clang, r-devel-linux-x86_64-debian-gcc, r-devel-linux-x86_64-fedora-clang, r-devel-linux-x86_64-fedora-gcc, r-devel-osx-x86_64-clang, r-devel-windows-ix86+x86_64, r-patched-linux-x86_64, r-patched-solaris-sparc, r-patched-solaris-x86, r-release-linux-x86_64, r-release-osx-x86_64-mavericks, r-release-osx-x86_64-snowleopard, r-release-windows-ix86+x86_64, r-oldrel-windows-ix86+x86_64