CRAN Package Check Results for Package foodweb

Last updated on 2015-03-29 17:51:34.

Flavor Version Tinstall Tcheck Ttotal Status Flags
r-devel-linux-x86_64-debian-clang 1-0 0.64 10.98 11.62 NOTE
r-devel-linux-x86_64-debian-gcc 1-0 0.61 11.21 11.82 NOTE
r-devel-linux-x86_64-fedora-clang 1-0 23.66 NOTE
r-devel-linux-x86_64-fedora-gcc 1-0 22.50 NOTE
r-devel-osx-x86_64-clang 1-0 27.82 NOTE
r-prerel-windows-ix86+x86_64 1-0 5.00 18.00 23.00 NOTE
r-prerel-linux-x86_64 1-0 0.61 10.92 11.53 NOTE
r-prerel-solaris-sparc 1-0 143.80 NOTE
r-prerel-solaris-x86 1-0 37.90 NOTE
r-release-linux-x86_64 1-0 0.72 12.98 13.70 NOTE
r-release-osx-x86_64-mavericks 1-0 NOTE
r-release-windows-ix86+x86_64 1-0 3.00 21.00 24.00 NOTE
r-oldrel-windows-ix86+x86_64 1-0 4.00 31.00 35.00 NOTE

Check Details

Version: 1-0
Check: dependencies in R code
Result: NOTE
    'library' or 'require' call to ‘rgl’ which was already attached by Depends.
     Please remove these calls from your code.
Flavors: r-devel-linux-x86_64-debian-clang, r-devel-linux-x86_64-debian-gcc, r-devel-linux-x86_64-fedora-clang, r-devel-linux-x86_64-fedora-gcc, r-devel-osx-x86_64-clang, r-prerel-windows-ix86+x86_64, r-prerel-linux-x86_64, r-prerel-solaris-sparc, r-prerel-solaris-x86, r-release-linux-x86_64, r-release-windows-ix86+x86_64

Version: 1-0
Check: R code for possible problems
Result: NOTE
    analyse.list: no visible binding for '<<-' assignment to ‘files’
    analyse.list: no visible binding for global variable ‘files’
    analyse.list: no visible binding for '<<-' assignment to ‘foodweb’
    analyse.list: no visible binding for '<<-' assignment to ‘name’
    analyse.list: no visible binding for global variable ‘foodweb’
    analyse.list: no visible binding for global variable ‘name’
    analyse.list: no visible binding for global variable ‘indices’
    analyse.seq: no visible binding for global variable ‘indices’
    analyse.single: no visible binding for global variable ‘foodweb’
    analyse.single: no visible binding for '<<-' assignment to ‘foodweb’
    analyse.single: no visible binding for '<<-' assignment to ‘name’
    analyse.single: no visible binding for global variable ‘name’
    analyse.single: no visible binding for global variable ‘indices’
    analyse.single: no visible binding for global variable ‘levels.l’
    analyse.single: no visible binding for global variable ‘S’
    analyse.single: no visible binding for global variable ‘omn.l’
    calculate.metrics: no visible binding for '<<-' assignment to ‘S’
    calculate.metrics: no visible binding for global variable ‘S’
    calculate.metrics: no visible binding for '<<-' assignment to ‘indices’
    calculate.metrics: no visible binding for global variable ‘indices’
    plotweb: no visible binding for global variable ‘foodweb’
    plotweb: no visible binding for global variable ‘S’
Flavors: r-devel-linux-x86_64-debian-clang, r-devel-linux-x86_64-debian-gcc, r-devel-linux-x86_64-fedora-clang, r-devel-linux-x86_64-fedora-gcc, r-devel-osx-x86_64-clang, r-prerel-windows-ix86+x86_64, r-prerel-linux-x86_64, r-prerel-solaris-sparc, r-prerel-solaris-x86, r-release-linux-x86_64, r-release-osx-x86_64-mavericks, r-release-windows-ix86+x86_64, r-oldrel-windows-ix86+x86_64

Version: 1-0
Check: dependencies in R code
Result: NOTE
    'library' or 'require' call to ‘rgl’ which was already attached by Depends.
     Please remove these calls from your code.
    See the information on DESCRIPTION files in the chapter ‘Creating R
    packages’ of the ‘Writing R Extensions’ manual.
Flavors: r-release-osx-x86_64-mavericks, r-oldrel-windows-ix86+x86_64