CRAN Package Check Results for Package footprint

Last updated on 2022-08-07 20:52:15 CEST.

Flavor Version Tinstall Tcheck Ttotal Status Flags
r-devel-linux-x86_64-debian-clang 0.1 5.77 58.82 64.59 NOTE
r-devel-linux-x86_64-debian-gcc 0.1 4.04 43.90 47.94 NOTE
r-devel-linux-x86_64-fedora-clang 0.1 87.45 NOTE
r-devel-linux-x86_64-fedora-gcc 0.1 84.93 NOTE
r-devel-windows-x86_64 0.1 11.00 86.00 97.00 NOTE
r-patched-linux-x86_64 0.1 5.17 54.36 59.53 NOTE
r-release-linux-x86_64 0.1 4.88 54.33 59.21 NOTE
r-release-macos-arm64 0.1 24.00 NOTE
r-release-macos-x86_64 0.1 47.00 NOTE
r-release-windows-x86_64 0.1 19.00 81.00 100.00 NOTE
r-oldrel-macos-arm64 0.1 28.00 NOTE
r-oldrel-macos-x86_64 0.1 46.00 NOTE
r-oldrel-windows-ix86+x86_64 0.1 13.00 75.00 88.00 NOTE

Check Details

Version: 0.1
Check: LazyData
Result: NOTE
     'LazyData' is specified without a 'data' directory
Flavors: r-devel-linux-x86_64-debian-clang, r-devel-linux-x86_64-debian-gcc, r-devel-linux-x86_64-fedora-clang, r-devel-linux-x86_64-fedora-gcc, r-devel-windows-x86_64, r-patched-linux-x86_64, r-release-linux-x86_64, r-release-macos-arm64, r-release-macos-x86_64, r-release-windows-x86_64, r-oldrel-macos-arm64, r-oldrel-macos-x86_64, r-oldrel-windows-ix86+x86_64