CRAN Package Check Results for Package forams

Last updated on 2015-05-05 05:47:32.

Flavor Version Tinstall Tcheck Ttotal Status Flags
r-devel-linux-x86_64-debian-clang 2.0-4 2.96 33.87 36.84 OK
r-devel-linux-x86_64-debian-gcc 2.0-4 3.51 35.23 38.74 OK
r-devel-linux-x86_64-fedora-clang 2.0-4 77.41 OK
r-devel-linux-x86_64-fedora-gcc 2.0-4 71.49 OK
r-devel-osx-x86_64-clang 2.0-4 63.56 OK
r-devel-windows-ix86+x86_64 2.0-4 7.00 53.00 60.00 OK
r-patched-linux-x86_64 2.0-4 2.84 34.20 37.04 OK
r-patched-solaris-sparc 2.0-4 427.30 OK
r-patched-solaris-x86 2.0-4 106.60 OK
r-release-linux-x86_64 2.0-4 2.82 33.51 36.33 OK
r-release-osx-x86_64-mavericks 2.0-4 OK
r-release-osx-x86_64-snowleopard 2.0-4 ERROR
r-release-windows-ix86+x86_64 2.0-4 8.00 53.00 61.00 OK
r-oldrel-windows-ix86+x86_64 2.0-4 9.00 67.00 76.00 OK

Check Details

Version: 2.0-4
Check: package dependencies
Result: ERROR
    Package required but not available: ‘vegan’
    
    See section ‘The DESCRIPTION file’ in the ‘Writing R Extensions’
    manual.
Flavor: r-release-osx-x86_64-snowleopard