CRAN Package Check Results for Package forams

Last updated on 2014-04-23 17:47:44.

Flavor Version Tinstall Tcheck Ttotal Status Flags
r-devel-linux-x86_64-debian-clang 2.0-4 1.25 16.70 17.95 OK
r-devel-linux-x86_64-debian-gcc 2.0-4 1.11 16.36 17.47 OK
r-devel-linux-x86_64-fedora-clang 2.0-4 34.47 OK
r-devel-linux-x86_64-fedora-gcc 2.0-4 32.37 OK
r-devel-osx-x86_64-clang 2.0-4 32.24 OK
r-devel-osx-x86_64-gcc 2.0-4 ERROR
r-devel-windows-ix86+x86_64 2.0-4 3.00 26.00 29.00 OK
r-patched-linux-x86_64 2.0-4 1.07 16.32 17.38 OK
r-patched-solaris-sparc 2.0-4 194.20 OK
r-patched-solaris-x86 2.0-4 49.30 OK
r-release-linux-ix86 2.0-4 2.00 32.00 34.00 OK
r-release-linux-x86_64 2.0-4 1.22 16.79 18.02 OK
r-release-osx-x86_64-mavericks 2.0-4 OK
r-release-osx-x86_64-snowleopard 2.0-4 OK
r-release-windows-ix86+x86_64 2.0-4 3.00 27.00 30.00 OK
r-oldrel-windows-ix86+x86_64 2.0-4 3.00 25.00 28.00 OK

Check Details

Version: 2.0-4
Check: package dependencies
Result: ERROR
    Package required but not available: ‘vegan’
    
    See the information on DESCRIPTION files in the chapter ‘Creating R
    packages’ of the ‘Writing R Extensions’ manual.
Flavor: r-devel-osx-x86_64-gcc