CRAN Package Check Results for Package foreach

Last updated on 2016-02-08 19:48:23.

Flavor Version Tinstall Tcheck Ttotal Status Flags
r-devel-linux-x86_64-debian-gcc 1.4.3 0.68 74.22 74.89 OK
r-devel-linux-x86_64-fedora-clang 1.4.3 27.06 OK
r-devel-linux-x86_64-fedora-gcc 1.4.3 25.36 OK
r-devel-osx-x86_64-clang 1.4.3 93.59 OK
r-devel-windows-ix86+x86_64 1.4.3 6.00 93.00 99.00 NOTE
r-patched-linux-x86_64 1.4.3 0.68 136.97 137.66 OK
r-patched-solaris-sparc 1.4.3 184.20 OK
r-patched-solaris-x86 1.4.3 40.20 OK
r-release-linux-x86_64 1.4.3 0.80 137.32 138.12 OK
r-release-osx-x86_64-mavericks 1.4.3 OK
r-release-windows-ix86+x86_64 1.4.3 6.00 156.00 162.00 NOTE
r-oldrel-windows-ix86+x86_64 1.4.3 6.00 159.00 165.00 NOTE

Check Details

Version: 1.4.3
Check: package dependencies
Result: NOTE
    Package which this enhances but not available for checking: 'doMC'
Flavors: r-devel-windows-ix86+x86_64, r-release-windows-ix86+x86_64, r-oldrel-windows-ix86+x86_64