CRAN Package Check Results for Package foreach

Last updated on 2015-02-28 19:51:06.

Flavor Version Tinstall Tcheck Ttotal Status Flags
r-devel-linux-x86_64-debian-clang 1.4.2 0.79 137.18 137.97 OK
r-devel-linux-x86_64-debian-gcc 1.4.2 0.63 136.64 137.26 OK
r-devel-linux-x86_64-fedora-clang 1.4.2 35.68 OK
r-devel-linux-x86_64-fedora-gcc 1.4.2 33.45 OK
r-devel-osx-x86_64-clang 1.4.2 159.90 OK
r-devel-windows-ix86+x86_64 1.4.2 4.00 149.00 153.00 NOTE
r-patched-linux-x86_64 1.4.2 0.78 139.39 140.17 OK
r-patched-solaris-sparc 1.4.2 220.60 OK
r-patched-solaris-x86 1.4.2 51.30 OK
r-release-linux-ix86 1.4.2 1.14 148.37 149.51 OK
r-release-linux-x86_64 1.4.2 0.82 138.60 139.42 OK
r-release-osx-x86_64-mavericks 1.4.2 OK
r-release-osx-x86_64-snowleopard 1.4.2 OK
r-release-windows-ix86+x86_64 1.4.2 4.00 157.00 161.00 NOTE
r-oldrel-windows-ix86+x86_64 1.4.2 5.00 160.00 165.00 NOTE

Check Details

Version: 1.4.2
Check: package dependencies
Result: NOTE
    Package which this enhances but not available for checking: 'doMC'
Flavors: r-devel-windows-ix86+x86_64, r-release-windows-ix86+x86_64, r-oldrel-windows-ix86+x86_64