CRAN Package Check Results for Package foreach

Last updated on 2017-08-22 16:46:25.

Flavor Version Tinstall Tcheck Ttotal Status Flags
r-devel-linux-x86_64-debian-clang 1.4.3 0.87 79.72 80.59 OK
r-devel-linux-x86_64-debian-gcc 1.4.3 0.79 79.26 80.05 OK
r-devel-linux-x86_64-fedora-clang 1.4.3 34.47 OK
r-devel-linux-x86_64-fedora-gcc 1.4.3 34.03 OK
r-devel-windows-ix86+x86_64 1.4.3 7.00 107.00 114.00 NOTE
r-patched-linux-x86_64 1.4.3 0.87 79.87 80.74 OK
r-patched-solaris-x86 1.4.3 44.40 OK
r-release-linux-x86_64 1.4.3 0.78 79.58 80.36 OK
r-release-windows-ix86+x86_64 1.4.3 4.00 125.00 129.00 NOTE
r-release-osx-x86_64 1.4.3 OK
r-oldrel-windows-ix86+x86_64 1.4.3 4.00 108.00 112.00 NOTE
r-oldrel-osx-x86_64 1.4.3 OK

Check Details

Version: 1.4.3
Check: package dependencies
Result: NOTE
    Package which this enhances but not available for checking: 'doMC'
Flavors: r-devel-windows-ix86+x86_64, r-release-windows-ix86+x86_64, r-oldrel-windows-ix86+x86_64