Last updated on 2023-01-31 03:00:43 CET.
Flavor | Version | Tinstall | Tcheck | Ttotal | Status | Flags |
---|---|---|---|---|---|---|
r-devel-linux-x86_64-debian-clang | 1.5.2 | 3.14 | 56.23 | 59.37 | OK | |
r-devel-linux-x86_64-debian-gcc | 1.5.2 | 2.32 | 42.06 | 44.38 | OK | |
r-devel-linux-x86_64-fedora-clang | 1.5.2 | 73.14 | OK | |||
r-devel-linux-x86_64-fedora-gcc | 1.5.2 | 82.39 | OK | |||
r-devel-windows-x86_64 | 1.5.2 | 32.00 | 172.00 | 204.00 | NOTE | |
r-patched-linux-x86_64 | 1.5.2 | 3.09 | 54.51 | 57.60 | OK | |
r-release-linux-x86_64 | 1.5.2 | 3.29 | 52.48 | 55.77 | OK | |
r-release-macos-arm64 | 1.5.2 | 103.00 | OK | |||
r-release-macos-x86_64 | 1.5.2 | 114.00 | OK | |||
r-release-windows-x86_64 | 1.5.2 | 33.00 | 172.00 | 205.00 | NOTE | |
r-oldrel-macos-arm64 | 1.5.2 | 100.00 | OK | |||
r-oldrel-macos-x86_64 | 1.5.2 | 112.00 | OK | |||
r-oldrel-windows-ix86+x86_64 | 1.5.2 | 7.00 | 163.00 | 170.00 | NOTE |
Version: 1.5.2
Check: package dependencies
Result: NOTE
Package suggested but not available for checking: 'doMC'
Flavors: r-devel-windows-x86_64, r-release-windows-x86_64, r-oldrel-windows-ix86+x86_64