CRAN Package Check Results for Package foreach

Last updated on 2016-07-29 03:48:06.

Flavor Version Tinstall Tcheck Ttotal Status Flags
r-devel-linux-x86_64-debian-clang 1.4.3 1.00 78.45 79.45 OK
r-devel-linux-x86_64-debian-gcc 1.4.3 0.93 78.08 79.01 OK
r-devel-linux-x86_64-fedora-clang 1.4.3 26.98 OK
r-devel-linux-x86_64-fedora-gcc 1.4.3 24.36 OK
r-devel-osx-x86_64-clang 1.4.3 24.98 OK
r-devel-windows-ix86+x86_64 1.4.3 5.00 106.00 111.00 NOTE
r-patched-linux-x86_64 1.4.3 1.10 78.68 79.78 OK
r-patched-solaris-sparc 1.4.3 163.50 OK
r-patched-solaris-x86 1.4.3 35.50 OK
r-release-linux-x86_64 1.4.3 0.99 78.99 79.98 OK
r-release-osx-x86_64-mavericks 1.4.3 OK
r-release-windows-ix86+x86_64 1.4.3 8.00 119.00 127.00 NOTE
r-oldrel-windows-ix86+x86_64 1.4.3 8.00 186.00 194.00 NOTE

Check Details

Version: 1.4.3
Check: package dependencies
Result: NOTE
    Package which this enhances but not available for checking: 'doMC'
Flavors: r-devel-windows-ix86+x86_64, r-release-windows-ix86+x86_64, r-oldrel-windows-ix86+x86_64