CRAN Package Check Results for Package foreach

Last updated on 2017-04-28 23:52:18.

Flavor Version Tinstall Tcheck Ttotal Status Flags
r-devel-linux-x86_64-debian-clang 1.4.3 0.91 78.88 79.79 OK
r-devel-linux-x86_64-debian-gcc 1.4.3 0.72 78.84 79.56 OK
r-devel-linux-x86_64-fedora-clang 1.4.3 34.63 OK --no-stop-on-test-error
r-devel-linux-x86_64-fedora-gcc 1.4.3 33.31 OK --no-stop-on-test-error
r-devel-windows-ix86+x86_64 1.4.3 3.00 125.00 128.00 NOTE
r-patched-linux-x86_64 1.4.3 0.86 78.86 79.73 OK
r-patched-solaris-sparc 1.4.3 200.80 OK
r-patched-solaris-x86 1.4.3 43.70 OK
r-release-linux-x86_64 1.4.3 0.77 78.71 79.48 OK
r-release-windows-ix86+x86_64 1.4.3 7.00 128.00 135.00 NOTE
r-release-osx-x86_64 1.4.3 OK
r-oldrel-windows-ix86+x86_64 1.4.3 5.00 105.00 110.00 NOTE
r-oldrel-osx-x86_64 1.4.3 OK

Check Details

Version: 1.4.3
Check: package dependencies
Result: NOTE
    Package which this enhances but not available for checking: 'doMC'
Flavors: r-devel-windows-ix86+x86_64, r-release-windows-ix86+x86_64, r-oldrel-windows-ix86+x86_64