CRAN Package Check Results for Package foreach

Last updated on 2017-10-20 02:48:16.

Flavor Version Tinstall Tcheck Ttotal Status Flags
r-devel-linux-x86_64-debian-clang 1.4.3 0.84 79.49 80.32 OK
r-devel-linux-x86_64-debian-gcc 1.4.3 0.77 80.65 81.41 OK
r-devel-linux-x86_64-fedora-clang 1.4.3 36.23 OK
r-devel-linux-x86_64-fedora-gcc 1.4.3 34.87 OK
r-devel-windows-ix86+x86_64 1.4.3 9.00 108.00 117.00 NOTE
r-patched-linux-x86_64 1.4.3 0.80 79.26 80.06 OK
r-patched-solaris-x86 1.4.3 45.00 OK
r-release-linux-x86_64 1.4.3 0.73 79.08 79.81 OK
r-release-windows-ix86+x86_64 1.4.3 8.00 109.00 117.00 NOTE
r-release-osx-x86_64 1.4.3 OK
r-oldrel-windows-ix86+x86_64 1.4.3 5.00 123.00 128.00 NOTE
r-oldrel-osx-x86_64 1.4.3 OK

Check Details

Version: 1.4.3
Check: package dependencies
Result: NOTE
    Package which this enhances but not available for checking: 'doMC'
Flavors: r-devel-windows-ix86+x86_64, r-release-windows-ix86+x86_64, r-oldrel-windows-ix86+x86_64