CRAN Package Check Results for Package foreach

Last updated on 2017-03-27 06:48:08.

Flavor Version Tinstall Tcheck Ttotal Status Flags
r-devel-linux-x86_64-debian-clang 1.4.3 0.80 78.88 79.68 OK
r-devel-linux-x86_64-debian-gcc 1.4.3 0.80 78.67 79.47 OK
r-devel-linux-x86_64-fedora-clang 1.4.3 34.28 OK --no-stop-on-test-error
r-devel-linux-x86_64-fedora-gcc 1.4.3 33.56 OK --no-stop-on-test-error
r-devel-macos-x86_64-clang 1.4.3 29.57 OK --no-stop-on-test-error
r-devel-windows-ix86+x86_64 1.4.3 4.00 130.00 134.00 NOTE
r-patched-linux-x86_64 1.4.3 0.80 78.60 79.41 OK
r-patched-solaris-sparc 1.4.3 200.80 OK
r-patched-solaris-x86 1.4.3 44.30 OK
r-release-linux-x86_64 1.4.3 0.83 75.63 76.46 OK
r-release-osx-x86_64-mavericks 1.4.3 OK
r-release-windows-ix86+x86_64 1.4.3 6.00 106.00 112.00 NOTE
r-oldrel-windows-ix86+x86_64 1.4.3 6.00 171.00 177.00 NOTE

Check Details

Version: 1.4.3
Check: package dependencies
Result: NOTE
    Package which this enhances but not available for checking: 'doMC'
Flavors: r-devel-windows-ix86+x86_64, r-release-windows-ix86+x86_64, r-oldrel-windows-ix86+x86_64