CRAN Package Check Results for Package foreach

Last updated on 2016-06-29 17:48:35.

Flavor Version Tinstall Tcheck Ttotal Status Flags
r-devel-linux-x86_64-debian-gcc 1.4.3 0.98 77.07 78.04 OK
r-devel-linux-x86_64-fedora-clang 1.4.3 26.97 OK
r-devel-linux-x86_64-fedora-gcc 1.4.3 25.60 OK
r-devel-osx-x86_64-clang 1.4.3 24.99 OK
r-devel-windows-ix86+x86_64 1.4.3 3.00 121.00 124.00 NOTE
r-patched-linux-x86_64 1.4.3 0.79 77.16 77.95 OK
r-patched-solaris-sparc 1.4.3 163.50 OK
r-patched-solaris-x86 1.4.3 37.30 OK
r-release-linux-x86_64 1.4.3 0.73 75.47 76.21 OK
r-release-osx-x86_64-mavericks 1.4.3 OK
r-release-windows-ix86+x86_64 1.4.3 7.00 126.00 133.00 NOTE
r-oldrel-windows-ix86+x86_64 1.4.3 7.00 170.00 177.00 NOTE

Check Details

Version: 1.4.3
Check: package dependencies
Result: NOTE
    Package which this enhances but not available for checking: 'doMC'
Flavors: r-devel-windows-ix86+x86_64, r-release-windows-ix86+x86_64, r-oldrel-windows-ix86+x86_64