CRAN Package Check Results for Package foreach

Last updated on 2015-09-01 12:48:12.

Flavor Version Tinstall Tcheck Ttotal Status Flags
r-devel-linux-x86_64-debian-clang 1.4.2 0.62 136.81 137.43 OK
r-devel-linux-x86_64-debian-gcc 1.4.2 0.60 135.93 136.54 OK
r-devel-linux-x86_64-fedora-clang 1.4.2 33.51 OK
r-devel-linux-x86_64-fedora-gcc 1.4.2 30.95 OK
r-devel-osx-x86_64-clang 1.4.2 153.38 OK
r-devel-windows-ix86+x86_64 1.4.2 7.00 168.00 175.00 NOTE
r-patched-linux-x86_64 1.4.2 0.75 137.14 137.89 OK
r-patched-solaris-sparc 1.4.2 204.50 OK
r-patched-solaris-x86 1.4.2 46.50 OK
r-release-linux-x86_64 1.4.2 0.69 136.94 137.64 OK
r-release-osx-x86_64-mavericks 1.4.2 OK
r-release-windows-ix86+x86_64 1.4.2 7.00 158.00 165.00 NOTE
r-oldrel-windows-ix86+x86_64 1.4.2 8.00 161.00 169.00 NOTE

Check Details

Version: 1.4.2
Check: package dependencies
Result: NOTE
    Package which this enhances but not available for checking: 'doMC'
Flavors: r-devel-windows-ix86+x86_64, r-release-windows-ix86+x86_64, r-oldrel-windows-ix86+x86_64