CRAN Package Check Results for Package foreach

Last updated on 2014-04-25 09:52:14.

Flavor Version Tinstall Tcheck Ttotal Status Flags
r-devel-linux-x86_64-debian-clang 1.4.2 0.91 138.25 139.16 OK
r-devel-linux-x86_64-debian-gcc 1.4.2 0.79 137.98 138.77 OK
r-devel-linux-x86_64-fedora-clang 1.4.2 39.24 OK
r-devel-linux-x86_64-fedora-gcc 1.4.2 37.82 OK
r-devel-osx-x86_64-clang 1.4.2 157.00 OK
r-devel-osx-x86_64-gcc 1.4.2 NOTE
r-devel-windows-ix86+x86_64 1.4.2 3.00 156.00 159.00 NOTE
r-patched-linux-x86_64 1.4.2 0.80 137.92 138.72 OK
r-patched-solaris-sparc 1.4.2 189.30 OK
r-patched-solaris-x86 1.4.2 54.00 OK
r-release-linux-ix86 1.4.2 1.00 157.00 158.00 OK
r-release-linux-x86_64 1.4.2 0.80 138.52 139.32 OK
r-release-osx-x86_64-mavericks 1.4.2 OK
r-release-osx-x86_64-snowleopard 1.4.2 OK
r-release-windows-ix86+x86_64 1.4.2 3.00 155.00 158.00 NOTE
r-oldrel-windows-ix86+x86_64 1.4.2 4.00 157.00 161.00 NOTE

Check Details

Version: 1.4.2
Check: package dependencies
Result: NOTE
    Packages which this enhances but not available for checking:
     ‘doMC’ ‘doParallel’
Flavor: r-devel-osx-x86_64-gcc

Version: 1.4.2
Check: Rd cross-references
Result: NOTE
    Package unavailable to check Rd xrefs: ‘doSNOW’
Flavor: r-devel-osx-x86_64-gcc

Version: 1.4.2
Check: package dependencies
Result: NOTE
    Package which this enhances but not available for checking: 'doMC'
Flavors: r-devel-windows-ix86+x86_64, r-release-windows-ix86+x86_64, r-oldrel-windows-ix86+x86_64