CRAN Package Check Results for Package foreach

Last updated on 2015-05-26 12:47:16.

Flavor Version Tinstall Tcheck Ttotal Status Flags
r-devel-linux-x86_64-debian-clang 1.4.2 0.70 137.25 137.95 OK
r-devel-linux-x86_64-debian-gcc 1.4.2 0.68 138.03 138.71 OK
r-devel-linux-x86_64-fedora-clang 1.4.2 34.00 OK
r-devel-linux-x86_64-fedora-gcc 1.4.2 33.32 OK
r-devel-osx-x86_64-clang 1.4.2 160.03 OK
r-devel-windows-ix86+x86_64 1.4.2 7.00 152.00 159.00 NOTE
r-patched-linux-x86_64 1.4.2 0.65 136.62 137.28 OK
r-patched-solaris-sparc 1.4.2 226.90 OK
r-patched-solaris-x86 1.4.2 45.50 OK
r-release-linux-x86_64 1.4.2 0.72 137.20 137.93 OK
r-release-osx-x86_64-mavericks 1.4.2 OK
r-release-osx-x86_64-snowleopard 1.4.2 OK
r-release-windows-ix86+x86_64 1.4.2 4.00 148.00 152.00 NOTE
r-oldrel-windows-ix86+x86_64 1.4.2 4.00 176.00 180.00 NOTE

Check Details

Version: 1.4.2
Check: package dependencies
Result: NOTE
    Package which this enhances but not available for checking: 'doMC'
Flavors: r-devel-windows-ix86+x86_64, r-release-windows-ix86+x86_64, r-oldrel-windows-ix86+x86_64