CRAN Package Check Results for Package foreach

Last updated on 2015-01-31 05:48:44.

Flavor Version Tinstall Tcheck Ttotal Status Flags
r-devel-linux-x86_64-debian-clang 1.4.2 0.78 136.78 137.57 OK
r-devel-linux-x86_64-debian-gcc 1.4.2 0.68 136.60 137.28 OK
r-devel-linux-x86_64-fedora-clang 1.4.2 37.50 OK
r-devel-linux-x86_64-fedora-gcc 1.4.2 35.22 OK
r-devel-osx-x86_64-clang 1.4.2 162.65 OK
r-devel-windows-ix86+x86_64 1.4.2 6.00 152.00 158.00 NOTE
r-patched-linux-x86_64 1.4.2 0.78 138.47 139.25 OK
r-patched-solaris-sparc 1.4.2 220.60 OK
r-patched-solaris-x86 1.4.2 51.40 OK
r-release-linux-ix86 1.4.2 1.22 146.15 147.37 OK
r-release-linux-x86_64 1.4.2 0.79 138.58 139.37 OK
r-release-osx-x86_64-mavericks 1.4.2 OK
r-release-osx-x86_64-snowleopard 1.4.2 OK
r-release-windows-ix86+x86_64 1.4.2 5.00 153.00 158.00 NOTE
r-oldrel-windows-ix86+x86_64 1.4.2 5.00 179.00 184.00 NOTE

Check Details

Version: 1.4.2
Check: package dependencies
Result: NOTE
    Package which this enhances but not available for checking: 'doMC'
Flavors: r-devel-windows-ix86+x86_64, r-release-windows-ix86+x86_64, r-oldrel-windows-ix86+x86_64