CRAN Package Check Results for Package foreach

Last updated on 2016-09-25 21:50:01.

Flavor Version Tinstall Tcheck Ttotal Status Flags
r-devel-linux-x86_64-debian-clang 1.4.3 0.72 75.69 76.41 OK
r-devel-linux-x86_64-debian-gcc 1.4.3 0.77 75.64 76.41 OK
r-devel-linux-x86_64-fedora-clang 1.4.3 29.23 OK
r-devel-linux-x86_64-fedora-gcc 1.4.3 26.96 OK
r-devel-macos-x86_64-clang 1.4.3 25.07 OK
r-devel-windows-ix86+x86_64 1.4.3 6.00 122.00 128.00 NOTE
r-patched-linux-x86_64 1.4.3 0.68 75.50 76.17 OK
r-patched-solaris-sparc 1.4.3 163.50 OK
r-patched-solaris-x86 1.4.3 35.80 OK
r-release-linux-x86_64 1.4.3 0.80 75.75 76.55 OK
r-release-osx-x86_64-mavericks 1.4.3 OK
r-release-windows-ix86+x86_64 1.4.3 9.00 117.00 126.00 NOTE
r-oldrel-windows-ix86+x86_64 1.4.3 6.00 200.00 206.00 NOTE

Check Details

Version: 1.4.3
Check: package dependencies
Result: NOTE
    Package which this enhances but not available for checking: 'doMC'
Flavors: r-devel-windows-ix86+x86_64, r-release-windows-ix86+x86_64, r-oldrel-windows-ix86+x86_64