CRAN Package Check Results for Package foreach

Last updated on 2015-08-02 21:47:04.

Flavor Version Tinstall Tcheck Ttotal Status Flags
r-devel-linux-x86_64-debian-clang 1.4.2 0.64 136.78 137.41 OK
r-devel-linux-x86_64-debian-gcc 1.4.2 0.70 137.85 138.55 OK
r-devel-linux-x86_64-fedora-clang 1.4.2 35.08 OK
r-devel-linux-x86_64-fedora-gcc 1.4.2 32.38 OK
r-devel-osx-x86_64-clang 1.4.2 153.54 OK
r-devel-windows-ix86+x86_64 1.4.2 3.00 156.00 159.00 NOTE
r-patched-linux-x86_64 1.4.2 0.65 136.71 137.36 OK
r-patched-solaris-sparc 1.4.2 204.50 OK
r-patched-solaris-x86 1.4.2 45.70 OK
r-release-linux-x86_64 1.4.2 0.66 136.83 137.49 OK
r-release-osx-x86_64-mavericks 1.4.2 OK
r-release-windows-ix86+x86_64 1.4.2 5.00 176.00 181.00 NOTE
r-oldrel-windows-ix86+x86_64 1.4.2 6.00 158.00 164.00 NOTE

Check Details

Version: 1.4.2
Check: package dependencies
Result: NOTE
    Package which this enhances but not available for checking: 'doMC'
Flavors: r-devel-windows-ix86+x86_64, r-release-windows-ix86+x86_64, r-oldrel-windows-ix86+x86_64