CRAN Package Check Results for Package foreach

Last updated on 2018-02-24 23:48:56 CET.

Flavor Version Tinstall Tcheck Ttotal Status Flags
r-devel-linux-x86_64-debian-clang 1.4.4 1.46 27.51 28.97 OK
r-devel-linux-x86_64-debian-gcc 1.4.4 1.08 21.87 22.95 OK
r-devel-linux-x86_64-fedora-clang 1.4.4 36.66 OK
r-devel-linux-x86_64-fedora-gcc 1.4.4 34.88 OK
r-devel-windows-ix86+x86_64 1.4.4 7.00 122.00 129.00 NOTE
r-patched-linux-x86_64 1.4.4 0.97 28.49 29.46 OK
r-patched-solaris-x86 1.4.4 45.20 OK
r-release-linux-x86_64 1.4.4 0.83 28.26 29.09 OK
r-release-windows-ix86+x86_64 1.4.4 5.00 129.00 134.00 NOTE
r-release-osx-x86_64 1.4.4 OK
r-oldrel-windows-ix86+x86_64 1.4.4 3.00 123.00 126.00 NOTE
r-oldrel-osx-x86_64 1.4.4 OK

Check Details

Version: 1.4.4
Check: package dependencies
Result: NOTE
    Package which this enhances but not available for checking: 'doMC'
Flavors: r-devel-windows-ix86+x86_64, r-release-windows-ix86+x86_64, r-oldrel-windows-ix86+x86_64