CRAN Package Check Results for Package foreach

Last updated on 2014-08-28 10:46:58.

Flavor Version Tinstall Tcheck Ttotal Status Flags
r-devel-linux-x86_64-debian-clang 1.4.2 0.76 136.43 137.18 OK
r-devel-linux-x86_64-debian-gcc 1.4.2 0.70 136.45 137.15 OK
r-devel-linux-x86_64-fedora-clang 1.4.2 39.09 OK
r-devel-linux-x86_64-fedora-gcc 1.4.2 35.88 OK
r-devel-osx-x86_64-clang 1.4.2 158.24 OK
r-devel-windows-ix86+x86_64 1.4.2 3.00 155.00 158.00 NOTE
r-patched-linux-x86_64 1.4.2 0.74 136.90 137.64 OK
r-patched-solaris-sparc 1.4.2 204.70 OK
r-patched-solaris-x86 1.4.2 55.20 OK
r-release-linux-ix86 1.4.2 1.14 147.74 148.87 OK
r-release-linux-x86_64 1.4.2 0.76 137.36 138.13 OK
r-release-osx-x86_64-mavericks 1.4.2 OK
r-release-osx-x86_64-snowleopard 1.4.2 OK
r-release-windows-ix86+x86_64 1.4.2 3.00 156.00 159.00 NOTE
r-oldrel-windows-ix86+x86_64 1.4.2 3.00 152.00 155.00 NOTE

Check Details

Version: 1.4.2
Check: package dependencies
Result: NOTE
    Package which this enhances but not available for checking: 'doMC'
Flavors: r-devel-windows-ix86+x86_64, r-release-windows-ix86+x86_64, r-oldrel-windows-ix86+x86_64