CRAN Package Check Results for Package foreach

Last updated on 2014-07-30 03:48:19.

Flavor Version Tinstall Tcheck Ttotal Status Flags
r-devel-linux-x86_64-debian-clang 1.4.2 0.82 137.44 138.26 OK
r-devel-linux-x86_64-debian-gcc 1.4.2 0.75 137.19 137.94 OK
r-devel-linux-x86_64-fedora-clang 1.4.2 39.15 OK
r-devel-linux-x86_64-fedora-gcc 1.4.2 37.15 OK
r-devel-osx-x86_64-clang 1.4.2 159.18 OK
r-devel-windows-ix86+x86_64 1.4.2 4.00 153.00 157.00 NOTE
r-patched-linux-x86_64 1.4.2 0.75 137.06 137.81 OK
r-patched-solaris-sparc 1.4.2 189.30 OK
r-patched-solaris-x86 1.4.2 53.00 OK
r-release-linux-ix86 1.4.2 1.14 145.84 146.99 OK
r-release-linux-x86_64 1.4.2 0.76 137.30 138.06 OK
r-release-osx-x86_64-mavericks 1.4.2 OK
r-release-osx-x86_64-snowleopard 1.4.2 OK
r-release-windows-ix86+x86_64 1.4.2 4.00 155.00 159.00 NOTE
r-oldrel-windows-ix86+x86_64 1.4.2 4.00 155.00 159.00 NOTE

Check Details

Version: 1.4.2
Check: package dependencies
Result: NOTE
    Package which this enhances but not available for checking: 'doMC'
Flavors: r-devel-windows-ix86+x86_64, r-release-windows-ix86+x86_64, r-oldrel-windows-ix86+x86_64