CRAN Package Check Results for Package foreach

Last updated on 2014-10-01 21:47:01.

Flavor Version Tinstall Tcheck Ttotal Status Flags
r-devel-linux-x86_64-debian-clang 1.4.2 0.84 138.23 139.07 OK
r-devel-linux-x86_64-debian-gcc 1.4.2 0.75 137.99 138.74 OK
r-devel-linux-x86_64-fedora-clang 1.4.2 39.49 OK
r-devel-linux-x86_64-fedora-gcc 1.4.2 37.98 OK
r-devel-osx-x86_64-clang 1.4.2 159.04 OK
r-devel-windows-ix86+x86_64 1.4.2 3.00 153.00 156.00 NOTE
r-patched-linux-x86_64 1.4.2 0.77 138.64 139.40 OK
r-patched-solaris-sparc 1.4.2 204.70 OK
r-patched-solaris-x86 1.4.2 51.80 OK
r-release-linux-ix86 1.4.2 1.13 146.22 147.34 OK
r-release-linux-x86_64 1.4.2 0.77 138.74 139.51 OK
r-release-osx-x86_64-mavericks 1.4.2 OK
r-release-osx-x86_64-snowleopard 1.4.2 OK
r-release-windows-ix86+x86_64 1.4.2 3.00 153.00 156.00 NOTE
r-oldrel-windows-ix86+x86_64 1.4.2 3.00 154.00 157.00 NOTE

Check Details

Version: 1.4.2
Check: package dependencies
Result: NOTE
    Package which this enhances but not available for checking: 'doMC'
Flavors: r-devel-windows-ix86+x86_64, r-release-windows-ix86+x86_64, r-oldrel-windows-ix86+x86_64