CRAN Package Check Results for Package foreach

Last updated on 2017-06-24 20:48:39.

Flavor Version Tinstall Tcheck Ttotal Status Flags
r-devel-linux-x86_64-debian-clang 1.4.3 0.80 78.86 79.65 OK
r-devel-linux-x86_64-debian-gcc 1.4.3 0.73 79.04 79.76 OK
r-devel-linux-x86_64-fedora-clang 1.4.3 34.79 OK
r-devel-linux-x86_64-fedora-gcc 1.4.3 33.20 OK
r-devel-windows-ix86+x86_64 1.4.3 4.00 127.00 131.00 NOTE
r-patched-linux-x86_64 1.4.3 0.75 78.50 79.25 OK
r-patched-solaris-sparc 1.4.3 200.80 OK
r-patched-solaris-x86 1.4.3 43.40 OK
r-release-linux-x86_64 1.4.3 0.80 78.64 79.44 OK
r-release-windows-ix86+x86_64 1.4.3 5.00 122.00 127.00 NOTE
r-release-osx-x86_64 1.4.3 OK
r-oldrel-windows-ix86+x86_64 1.4.3 5.00 125.00 130.00 NOTE
r-oldrel-osx-x86_64 1.4.3 OK

Check Details

Version: 1.4.3
Check: package dependencies
Result: NOTE
    Package which this enhances but not available for checking: 'doMC'
Flavors: r-devel-windows-ix86+x86_64, r-release-windows-ix86+x86_64, r-oldrel-windows-ix86+x86_64