CRAN Package Check Results for Package foreach

Last updated on 2016-05-03 21:47:25.

Flavor Version Tinstall Tcheck Ttotal Status Flags
r-devel-linux-x86_64-debian-gcc 1.4.3 1.04 75.43 76.48 OK
r-devel-linux-x86_64-fedora-clang 1.4.3 27.00 OK
r-devel-linux-x86_64-fedora-gcc 1.4.3 25.67 OK
r-devel-osx-x86_64-clang 1.4.3 93.88 OK
r-devel-windows-ix86+x86_64 1.4.3 4.00 108.00 112.00 NOTE
r-patched-linux-x86_64 1.4.3 0.64 75.45 76.10 OK
r-patched-solaris-sparc 1.4.3 161.30 OK
r-patched-solaris-x86 1.4.3 37.30 OK
r-release-linux-x86_64 1.4.3 0.73 138.53 139.26 OK
r-release-osx-x86_64-mavericks 1.4.3 OK
r-release-windows-ix86+x86_64 1.4.3 3.00 185.00 188.00 NOTE
r-oldrel-windows-ix86+x86_64 1.4.3 8.00 175.00 183.00 NOTE

Check Details

Version: 1.4.3
Check: package dependencies
Result: NOTE
    Package which this enhances but not available for checking: 'doMC'
Flavors: r-devel-windows-ix86+x86_64, r-release-windows-ix86+x86_64, r-oldrel-windows-ix86+x86_64