CRAN Package Check Results for Package foreach

Last updated on 2018-06-20 18:46:57 CEST.

Flavor Version Tinstall Tcheck Ttotal Status Flags
r-devel-linux-x86_64-debian-clang 1.4.4 1.70 28.73 30.43 OK
r-devel-linux-x86_64-debian-gcc 1.4.4 0.96 23.25 24.21 OK
r-devel-linux-x86_64-fedora-clang 1.4.4 37.17 OK
r-devel-linux-x86_64-fedora-gcc 1.4.4 35.25 OK
r-devel-windows-ix86+x86_64 1.4.4 8.00 130.00 138.00 NOTE
r-patched-linux-x86_64 1.4.4 1.46 27.72 29.18 OK
r-patched-solaris-x86 1.4.4 51.80 OK
r-release-linux-x86_64 1.4.4 1.31 27.67 28.98 OK
r-release-windows-ix86+x86_64 1.4.4 4.00 137.00 141.00 NOTE
r-release-osx-x86_64 1.4.4 OK
r-oldrel-windows-ix86+x86_64 1.4.4 4.00 112.00 116.00 NOTE
r-oldrel-osx-x86_64 1.4.4 OK

Check Details

Version: 1.4.4
Check: package dependencies
Result: NOTE
    Package which this enhances but not available for checking: 'doMC'
Flavors: r-devel-windows-ix86+x86_64, r-release-windows-ix86+x86_64, r-oldrel-windows-ix86+x86_64