Last updated on 2023-10-03 08:04:50 CEST.
Flavor | Version | Tinstall | Tcheck | Ttotal | Status | Flags |
---|---|---|---|---|---|---|
r-devel-linux-x86_64-debian-clang | 1.5.2 | 2.91 | 56.15 | 59.06 | OK | |
r-devel-linux-x86_64-debian-gcc | 1.5.2 | 2.49 | 42.94 | 45.43 | OK | |
r-devel-linux-x86_64-fedora-clang | 1.5.2 | 72.38 | OK | |||
r-devel-linux-x86_64-fedora-gcc | 1.5.2 | 82.63 | OK | |||
r-devel-windows-x86_64 | 1.5.2 | 7.00 | 144.00 | 151.00 | NOTE | |
r-patched-linux-x86_64 | 1.5.2 | 3.37 | 54.80 | 58.17 | OK | |
r-release-linux-x86_64 | 1.5.2 | 3.52 | 55.32 | 58.84 | OK | |
r-release-macos-arm64 | 1.5.2 | 111.00 | OK | |||
r-release-macos-x86_64 | 1.5.2 | 122.00 | OK | |||
r-release-windows-x86_64 | 1.5.2 | 6.00 | 149.00 | 155.00 | NOTE | |
r-oldrel-macos-arm64 | 1.5.2 | 105.00 | OK | |||
r-oldrel-macos-x86_64 | 1.5.2 | 114.00 | OK | |||
r-oldrel-windows-x86_64 | 1.5.2 | 7.00 | 150.00 | 157.00 | NOTE |
Version: 1.5.2
Check: package dependencies
Result: NOTE
Package suggested but not available for checking: 'doMC'
Flavors: r-devel-windows-x86_64, r-release-windows-x86_64, r-oldrel-windows-x86_64