CRAN Package Check Results for Package foreach

Last updated on 2017-02-24 23:52:26.

Flavor Version Tinstall Tcheck Ttotal Status Flags
r-devel-linux-x86_64-debian-clang 1.4.3 0.86 78.74 79.60 OK
r-devel-linux-x86_64-debian-gcc 1.4.3 0.74 78.80 79.55 OK
r-devel-linux-x86_64-fedora-clang 1.4.3 35.21 OK --no-stop-on-test-error
r-devel-linux-x86_64-fedora-gcc 1.4.3 33.35 OK --no-stop-on-test-error
r-devel-macos-x86_64-clang 1.4.3 31.52 OK --no-stop-on-test-error
r-devel-windows-ix86+x86_64 1.4.3 12.00 136.00 148.00 NOTE
r-patched-linux-x86_64 1.4.3 0.80 75.65 76.46 OK
r-patched-solaris-sparc 1.4.3 164.90 OK
r-patched-solaris-x86 1.4.3 37.40 OK
r-release-linux-x86_64 1.4.3 0.72 75.45 76.17 OK
r-release-osx-x86_64-mavericks 1.4.3 OK
r-release-windows-ix86+x86_64 1.4.3 6.00 122.00 128.00 NOTE
r-oldrel-windows-ix86+x86_64 1.4.3 9.00 223.00 232.00 NOTE

Check Details

Version: 1.4.3
Check: package dependencies
Result: NOTE
    Package which this enhances but not available for checking: 'doMC'
Flavors: r-devel-windows-ix86+x86_64, r-release-windows-ix86+x86_64, r-oldrel-windows-ix86+x86_64