CRAN Package Check Results for Package foreach

Last updated on 2014-12-20 23:47:17.

Flavor Version Tinstall Tcheck Ttotal Status Flags
r-devel-linux-x86_64-debian-clang 1.4.2 0.81 139.00 139.81 OK
r-devel-linux-x86_64-debian-gcc 1.4.2 0.76 137.72 138.48 OK
r-devel-linux-x86_64-fedora-clang 1.4.2 41.45 OK
r-devel-linux-x86_64-fedora-gcc 1.4.2 35.95 OK
r-devel-osx-x86_64-clang 1.4.2 161.05 OK
r-devel-windows-ix86+x86_64 1.4.2 4.00 153.00 157.00 NOTE
r-patched-linux-x86_64 1.4.2 0.78 138.44 139.22 OK
r-patched-solaris-sparc 1.4.2 204.70 OK
r-patched-solaris-x86 1.4.2 51.20 OK
r-release-linux-ix86 1.4.2 1.14 146.10 147.24 OK
r-release-linux-x86_64 1.4.2 0.77 139.23 140.00 OK
r-release-osx-x86_64-mavericks 1.4.2 OK
r-release-osx-x86_64-snowleopard 1.4.2 OK
r-release-windows-ix86+x86_64 1.4.2 4.00 157.00 161.00 NOTE
r-oldrel-windows-ix86+x86_64 1.4.2 5.00 158.00 163.00 NOTE

Check Details

Version: 1.4.2
Check: package dependencies
Result: NOTE
    Package which this enhances but not available for checking: 'doMC'
Flavors: r-devel-windows-ix86+x86_64, r-release-windows-ix86+x86_64, r-oldrel-windows-ix86+x86_64