CRAN Package Check Results for Package foreach

Last updated on 2017-01-22 23:48:21.

Flavor Version Tinstall Tcheck Ttotal Status Flags
r-devel-linux-x86_64-debian-clang 1.4.3 0.78 78.44 79.22 OK
r-devel-linux-x86_64-debian-gcc 1.4.3 0.74 78.36 79.10 OK
r-devel-linux-x86_64-fedora-clang 1.4.3 33.83 OK --no-stop-on-test-error
r-devel-linux-x86_64-fedora-gcc 1.4.3 33.73 OK --no-stop-on-test-error
r-devel-macos-x86_64-clang 1.4.3 30.76 OK --no-stop-on-test-error
r-devel-windows-ix86+x86_64 1.4.3 3.00 112.00 115.00 NOTE
r-patched-linux-x86_64 1.4.3 0.64 75.75 76.39 OK
r-patched-solaris-sparc 1.4.3 164.90 OK
r-patched-solaris-x86 1.4.3 37.40 OK
r-release-linux-x86_64 1.4.3 0.72 75.45 76.16 OK
r-release-osx-x86_64-mavericks 1.4.3 OK
r-release-windows-ix86+x86_64 1.4.3 9.00 115.00 124.00 NOTE
r-oldrel-windows-ix86+x86_64 1.4.3 11.00 188.00 199.00 NOTE

Check Details

Version: 1.4.3
Check: package dependencies
Result: NOTE
    Package which this enhances but not available for checking: 'doMC'
Flavors: r-devel-windows-ix86+x86_64, r-release-windows-ix86+x86_64, r-oldrel-windows-ix86+x86_64