CRAN Package Check Results for Package foreach

Last updated on 2015-03-31 17:49:56.

Flavor Version Tinstall Tcheck Ttotal Status Flags
r-devel-linux-x86_64-debian-clang 1.4.2 0.70 137.61 138.32 OK
r-devel-linux-x86_64-debian-gcc 1.4.2 0.68 137.52 138.20 OK
r-devel-linux-x86_64-fedora-clang 1.4.2 34.93 OK
r-devel-linux-x86_64-fedora-gcc 1.4.2 34.15 OK
r-devel-osx-x86_64-clang 1.4.2 165.12 OK
r-prerel-windows-ix86+x86_64 1.4.2 5.00 148.00 153.00 NOTE
r-prerel-linux-x86_64 1.4.2 0.64 136.83 137.47 OK
r-prerel-solaris-sparc 1.4.2 201.50 OK
r-prerel-solaris-x86 1.4.2 45.10 OK
r-release-linux-x86_64 1.4.2 0.76 138.80 139.56 OK
r-release-osx-x86_64-mavericks 1.4.2 OK
r-release-osx-x86_64-snowleopard 1.4.2 OK
r-release-windows-ix86+x86_64 1.4.2 4.00 155.00 159.00 NOTE
r-oldrel-windows-ix86+x86_64 1.4.2 5.00 160.00 165.00 NOTE

Check Details

Version: 1.4.2
Check: package dependencies
Result: NOTE
    Package which this enhances but not available for checking: 'doMC'
Flavors: r-prerel-windows-ix86+x86_64, r-release-windows-ix86+x86_64, r-oldrel-windows-ix86+x86_64