CRAN Package Check Results for Package foreach

Last updated on 2015-06-30 11:48:17.

Flavor Version Tinstall Tcheck Ttotal Status Flags
r-devel-linux-x86_64-debian-clang 1.4.2 0.63 136.77 137.40 OK
r-devel-linux-x86_64-debian-gcc 1.4.2 0.62 136.82 137.44 OK
r-devel-linux-x86_64-fedora-clang 1.4.2 33.80 OK
r-devel-linux-x86_64-fedora-gcc 1.4.2 31.79 OK
r-devel-osx-x86_64-clang 1.4.2 155.68 OK
r-devel-windows-ix86+x86_64 1.4.2 7.00 173.00 180.00 NOTE
r-patched-linux-x86_64 1.4.2 0.64 136.70 137.34 OK
r-patched-solaris-sparc 1.4.2 226.90 OK
r-patched-solaris-x86 1.4.2 45.70 OK
r-release-linux-x86_64 1.4.2 0.65 137.89 138.54 OK
r-release-osx-x86_64-mavericks 1.4.2 OK
r-release-windows-ix86+x86_64 1.4.2 7.00 166.00 173.00 NOTE
r-oldrel-windows-ix86+x86_64 1.4.2 6.00 169.00 175.00 NOTE

Check Details

Version: 1.4.2
Check: package dependencies
Result: NOTE
    Package which this enhances but not available for checking: 'doMC'
Flavors: r-devel-windows-ix86+x86_64, r-release-windows-ix86+x86_64, r-oldrel-windows-ix86+x86_64