CRAN Package Check Results for Package foreach

Last updated on 2016-12-10 23:48:37.

Flavor Version Tinstall Tcheck Ttotal Status Flags
r-devel-linux-x86_64-debian-clang 1.4.3 0.78 78.95 79.73 OK
r-devel-linux-x86_64-debian-gcc 1.4.3 0.79 78.48 79.26 OK
r-devel-linux-x86_64-fedora-clang 1.4.3 37.74 OK --no-stop-on-test-error
r-devel-linux-x86_64-fedora-gcc 1.4.3 36.36 OK --no-stop-on-test-error
r-devel-macos-x86_64-clang 1.4.3 29.52 OK --no-stop-on-test-error
r-devel-windows-ix86+x86_64 1.4.3 5.00 130.00 135.00 NOTE
r-patched-linux-x86_64 1.4.3 0.79 75.62 76.41 OK
r-patched-solaris-sparc 1.4.3 163.50 OK
r-patched-solaris-x86 1.4.3 35.90 OK
r-release-linux-x86_64 1.4.3 0.72 75.71 76.43 OK
r-release-osx-x86_64-mavericks 1.4.3 OK
r-release-windows-ix86+x86_64 1.4.3 6.00 105.00 111.00 NOTE
r-oldrel-windows-ix86+x86_64 1.4.3 7.00 167.00 174.00 NOTE

Check Details

Version: 1.4.3
Check: package dependencies
Result: NOTE
    Package which this enhances but not available for checking: 'doMC'
Flavors: r-devel-windows-ix86+x86_64, r-release-windows-ix86+x86_64, r-oldrel-windows-ix86+x86_64