CRAN Package Check Results for Package foreach

Last updated on 2018-09-22 22:49:35 CEST.

Flavor Version Tinstall Tcheck Ttotal Status Flags
r-devel-linux-x86_64-debian-clang 1.4.4 1.68 29.44 31.12 OK
r-devel-linux-x86_64-debian-gcc 1.4.4 1.10 23.80 24.90 OK
r-devel-linux-x86_64-fedora-clang 1.4.4 37.87 OK
r-devel-linux-x86_64-fedora-gcc 1.4.4 36.74 OK
r-devel-windows-ix86+x86_64 1.4.4 5.00 114.00 119.00 NOTE
r-patched-linux-x86_64 1.4.4 1.36 27.79 29.15 OK
r-patched-solaris-x86 1.4.4 51.60 OK
r-release-linux-x86_64 1.4.4 1.43 27.81 29.24 OK
r-release-windows-ix86+x86_64 1.4.4 4.00 128.00 132.00 NOTE
r-release-osx-x86_64 1.4.4 OK
r-oldrel-windows-ix86+x86_64 1.4.4 3.00 129.00 132.00 NOTE
r-oldrel-osx-x86_64 1.4.4 OK

Check Details

Version: 1.4.4
Check: package dependencies
Result: NOTE
    Package which this enhances but not available for checking: 'doMC'
Flavors: r-devel-windows-ix86+x86_64, r-release-windows-ix86+x86_64, r-oldrel-windows-ix86+x86_64