CRAN Package Check Results for Package foreach

Last updated on 2015-04-27 23:47:24.

Flavor Version Tinstall Tcheck Ttotal Status Flags
r-devel-linux-x86_64-debian-clang 1.4.2 0.74 137.17 137.92 OK
r-devel-linux-x86_64-debian-gcc 1.4.2 0.70 136.96 137.66 OK
r-devel-linux-x86_64-fedora-clang 1.4.2 35.53 OK
r-devel-linux-x86_64-fedora-gcc 1.4.2 32.41 OK
r-devel-osx-x86_64-clang 1.4.2 159.56 OK
r-devel-windows-ix86+x86_64 1.4.2 6.00 171.00 177.00 NOTE
r-patched-linux-x86_64 1.4.2 0.64 136.96 137.60 OK
r-patched-solaris-sparc 1.4.2 201.50 OK
r-patched-solaris-x86 1.4.2 45.00 OK
r-release-linux-x86_64 1.4.2 0.65 138.45 139.10 OK
r-release-osx-x86_64-mavericks 1.4.2 OK
r-release-osx-x86_64-snowleopard 1.4.2 OK
r-release-windows-ix86+x86_64 1.4.2 7.00 163.00 170.00 NOTE
r-oldrel-windows-ix86+x86_64 1.4.2 2.00 161.00 163.00 NOTE

Check Details

Version: 1.4.2
Check: package dependencies
Result: NOTE
    Package which this enhances but not available for checking: 'doMC'
Flavors: r-devel-windows-ix86+x86_64, r-release-windows-ix86+x86_64, r-oldrel-windows-ix86+x86_64