CRAN Package Check Results for Package foreach

Last updated on 2014-09-01 19:46:23.

Flavor Version Tinstall Tcheck Ttotal Status Flags
r-devel-linux-x86_64-debian-clang 1.4.2 0.71 136.69 137.40 OK
r-devel-linux-x86_64-debian-gcc 1.4.2 0.70 136.11 136.82 OK
r-devel-linux-x86_64-fedora-clang 1.4.2 39.09 OK
r-devel-linux-x86_64-fedora-gcc 1.4.2 36.77 OK
r-devel-osx-x86_64-clang 1.4.2 157.58 OK
r-devel-windows-ix86+x86_64 1.4.2 4.00 152.00 156.00 NOTE
r-patched-linux-x86_64 1.4.2 0.74 137.07 137.81 OK
r-patched-solaris-sparc 1.4.2 204.70 OK
r-patched-solaris-x86 1.4.2 55.20 OK
r-release-linux-ix86 1.4.2 1.14 146.06 147.20 OK
r-release-linux-x86_64 1.4.2 0.76 138.16 138.91 OK
r-release-osx-x86_64-mavericks 1.4.2 OK
r-release-osx-x86_64-snowleopard 1.4.2 OK
r-release-windows-ix86+x86_64 1.4.2 3.00 154.00 157.00 NOTE
r-oldrel-windows-ix86+x86_64 1.4.2 4.00 156.00 160.00 NOTE

Check Details

Version: 1.4.2
Check: package dependencies
Result: NOTE
    Package which this enhances but not available for checking: 'doMC'
Flavors: r-devel-windows-ix86+x86_64, r-release-windows-ix86+x86_64, r-oldrel-windows-ix86+x86_64