CRAN Package Check Results for Package forecTheta

Last updated on 2024-02-29 21:56:20 CET.

Flavor Version Tinstall Tcheck Ttotal Status Flags
r-devel-linux-x86_64-debian-clang 2.6.2 7.72 78.47 86.19 NOTE
r-devel-linux-x86_64-debian-gcc 2.6.2 6.59 58.27 64.86 NOTE
r-devel-linux-x86_64-fedora-clang 2.6.2 111.07 NOTE
r-devel-linux-x86_64-fedora-gcc 2.6.2 102.65 NOTE
r-devel-windows-x86_64 2.6.2 9.00 72.00 81.00 OK
r-patched-linux-x86_64 2.6.2 8.57 74.50 83.07 OK
r-release-linux-x86_64 2.6.2 6.97 75.56 82.53 OK
r-release-macos-arm64 2.6.2 33.00 OK
r-release-macos-x86_64 2.6.2 51.00 OK
r-release-windows-x86_64 2.6.2 11.00 82.00 93.00 OK
r-oldrel-macos-arm64 2.6.2 36.00 OK
r-oldrel-windows-x86_64 2.6.2 12.00 86.00 98.00 OK

Check Details

Version: 2.6.2
Check: Rd files
Result: NOTE checkRd: (-1) errorMetricFunctions.Rd:48: Lost braces 48 | The metric MdAE is obtained using code{type = "AE"} and \code{statistic = "Md"} | ^ Flavors: r-devel-linux-x86_64-debian-clang, r-devel-linux-x86_64-debian-gcc, r-devel-linux-x86_64-fedora-clang, r-devel-linux-x86_64-fedora-gcc