CRAN Package Check Results for Package forecast

Last updated on 2014-12-18 11:50:05.

Flavor Version Tinstall Tcheck Ttotal Status Flags
r-devel-linux-x86_64-debian-clang 5.7 37.62 70.54 108.16 OK
r-devel-linux-x86_64-debian-gcc 5.7 42.74 69.62 112.36 OK
r-devel-linux-x86_64-fedora-clang 5.7 192.66 OK
r-devel-linux-x86_64-fedora-gcc 5.7 139.85 OK
r-devel-osx-x86_64-clang 5.7 78.03 OK
r-devel-windows-ix86+x86_64 5.7 94.00 166.00 260.00 OK
r-patched-linux-x86_64 5.7 46.84 73.83 120.67 OK
r-patched-solaris-sparc 5.7 1294.90 OK
r-patched-solaris-x86 5.7 233.80 OK
r-release-linux-ix86 5.6 51.29 81.92 133.22 OK
r-release-linux-x86_64 5.6 43.05 74.04 117.09 OK
r-release-osx-x86_64-mavericks 5.7 OK
r-release-osx-x86_64-snowleopard 5.7 OK
r-release-windows-ix86+x86_64 5.7 97.00 181.00 278.00 OK
r-oldrel-windows-ix86+x86_64 5.7 115.00 137.00 252.00 ERROR

Check Details

Version: 5.7
Check: R code for possible problems
Result: NOTE
    ...fourier: no visible global function definition for 'sinpi'
    ...fourier: no visible global function definition for 'cospi'
Flavor: r-oldrel-windows-ix86+x86_64

Version: 5.7
Check: running examples for arch 'i386'
Result: ERROR
    Running examples in 'forecast-Ex.R' failed
    The error most likely occurred in:
    
    > ### Name: seasonaldummy
    > ### Title: Seasonal dummy variables
    > ### Aliases: seasonaldummy seasonaldummyf fourier fourierf
    > ### Keywords: ts
    >
    > ### ** Examples
    >
    > plot(ldeaths)
    >
    > # Using seasonal dummy variables
    > month <- seasonaldummy(ldeaths)
    > deaths.lm <- tslm(ldeaths ~ month)
    > tsdisplay(residuals(deaths.lm))
    > ldeaths.fcast <- forecast(deaths.lm,
    + data.frame(month=I(seasonaldummyf(ldeaths,36))))
    > plot(ldeaths.fcast)
    >
    > # A simpler approach to seasonal dummy variables
    > deaths.lm <- tslm(ldeaths ~ season)
    > ldeaths.fcast <- forecast(deaths.lm, h=36)
    > plot(ldeaths.fcast)
    >
    > # Using Fourier series
    > X <- fourier(ldeaths,3)
    Error in ...fourier(x, K, 1:length(x)) : could not find function "sinpi"
    Calls: fourier -> ...fourier
    Execution halted
Flavor: r-oldrel-windows-ix86+x86_64

Version: 5.7
Check: running examples for arch 'x64'
Result: ERROR
    Running examples in 'forecast-Ex.R' failed
    The error most likely occurred in:
    
    > ### Name: seasonaldummy
    > ### Title: Seasonal dummy variables
    > ### Aliases: seasonaldummy seasonaldummyf fourier fourierf
    > ### Keywords: ts
    >
    > ### ** Examples
    >
    > plot(ldeaths)
    >
    > # Using seasonal dummy variables
    > month <- seasonaldummy(ldeaths)
    > deaths.lm <- tslm(ldeaths ~ month)
    > tsdisplay(residuals(deaths.lm))
    > ldeaths.fcast <- forecast(deaths.lm,
    + data.frame(month=I(seasonaldummyf(ldeaths,36))))
    > plot(ldeaths.fcast)
    >
    > # A simpler approach to seasonal dummy variables
    > deaths.lm <- tslm(ldeaths ~ season)
    > ldeaths.fcast <- forecast(deaths.lm, h=36)
    > plot(ldeaths.fcast)
    >
    > # Using Fourier series
    > X <- fourier(ldeaths,3)
    Error in ...fourier(x, K, 1:length(x)) : could not find function "sinpi"
    Calls: fourier -> ...fourier
    Execution halted
Flavor: r-oldrel-windows-ix86+x86_64