CRAN Package Check Results for Package forecast

Last updated on 2014-09-01 14:46:28.

Flavor Version Tinstall Tcheck Ttotal Status Flags
r-devel-linux-x86_64-debian-clang 5.5 38.83 70.25 109.08 NOTE
r-devel-linux-x86_64-debian-gcc 5.5 42.68 70.74 113.41 NOTE
r-devel-linux-x86_64-fedora-clang 5.5 235.53 NOTE
r-devel-linux-x86_64-fedora-gcc 5.5 218.53 NOTE
r-devel-osx-x86_64-clang 5.5 148.73 NOTE
r-devel-windows-ix86+x86_64 5.5 114.00 177.00 291.00 NOTE
r-patched-linux-x86_64 5.5 43.73 74.09 117.82 OK
r-patched-solaris-sparc 5.5 1297.00 OK
r-patched-solaris-x86 5.5 262.30 OK
r-release-linux-ix86 5.5 53.74 87.89 141.63 OK
r-release-linux-x86_64 5.5 45.24 74.75 119.99 OK
r-release-osx-x86_64-mavericks 5.5 OK
r-release-osx-x86_64-snowleopard 5.5 OK
r-release-windows-ix86+x86_64 5.5 109.00 192.00 301.00 OK
r-oldrel-windows-ix86+x86_64 5.5 170.00 189.00 359.00 OK

Check Details

Version: 5.5
Check: R code for possible problems
Result: NOTE
    etsmodel: no visible global function definition for
     ‘malschains.control’
Flavors: r-devel-linux-x86_64-debian-clang, r-devel-linux-x86_64-debian-gcc, r-devel-linux-x86_64-fedora-clang, r-devel-linux-x86_64-fedora-gcc, r-devel-osx-x86_64-clang, r-devel-windows-ix86+x86_64