CRAN Package Check Results for Package forecast

Last updated on 2016-05-25 17:50:24.

Flavor Version Tinstall Tcheck Ttotal Status Flags
r-devel-linux-x86_64-debian-gcc 7.1 62.25 122.08 184.33 NOTE
r-devel-linux-x86_64-fedora-clang 7.1 361.12 NOTE
r-devel-linux-x86_64-fedora-gcc 7.1 310.97 NOTE
r-devel-osx-x86_64-clang 7.1 312.84 NOTE
r-devel-windows-ix86+x86_64 7.1 147.00 399.00 546.00 NOTE
r-patched-linux-x86_64 7.1 44.72 120.66 165.38 NOTE
r-patched-solaris-sparc 7.1 2107.90 NOTE
r-patched-solaris-x86 7.1 368.90 NOTE
r-release-linux-x86_64 7.1 44.34 120.39 164.73 NOTE
r-release-osx-x86_64-mavericks 7.1 NOTE
r-release-windows-ix86+x86_64 7.1 179.00 358.00 537.00 NOTE
r-oldrel-windows-ix86+x86_64 7.1 135.00 411.00 546.00 NOTE

Check Details

Version: 7.1
Check: dependencies in R code
Result: NOTE
    There are ::: calls to the package's namespace in its code. A package
     almost never needs to use ::: for its own objects:
     ‘datamat’
Flavors: r-devel-linux-x86_64-debian-gcc, r-devel-linux-x86_64-fedora-clang, r-devel-linux-x86_64-fedora-gcc, r-devel-osx-x86_64-clang, r-devel-windows-ix86+x86_64, r-patched-linux-x86_64, r-patched-solaris-sparc, r-patched-solaris-x86, r-release-linux-x86_64, r-release-osx-x86_64-mavericks, r-release-windows-ix86+x86_64, r-oldrel-windows-ix86+x86_64