CRAN Package Check Results for Package forecast

Last updated on 2016-04-29 15:46:50.

Flavor Version Tinstall Tcheck Ttotal Status Flags
r-devel-linux-x86_64-debian-gcc 7.1 44.72 121.50 166.22 NOTE
r-devel-linux-x86_64-fedora-clang 7.1 332.46 NOTE
r-devel-linux-x86_64-fedora-gcc 7.1 310.42 NOTE
r-devel-osx-x86_64-clang 7.1 311.26 NOTE
r-devel-windows-ix86+x86_64 7.1 144.00 388.00 532.00 NOTE
r-patched-linux-x86_64 7.1 43.44 123.67 167.11 NOTE
r-patched-solaris-sparc 7.1 2063.20 NOTE
r-patched-solaris-x86 7.1 370.30 NOTE
r-release-linux-x86_64 7.1 43.93 126.08 170.01 NOTE
r-release-osx-x86_64-mavericks 7.1 NOTE
r-release-windows-ix86+x86_64 7.1 130.00 357.00 487.00 NOTE
r-oldrel-windows-ix86+x86_64 7.1 175.00 550.00 725.00 NOTE

Check Details

Version: 7.1
Check: dependencies in R code
Result: NOTE
    There are ::: calls to the package's namespace in its code. A package
     almost never needs to use ::: for its own objects:
     ‘datamat’
Flavors: r-devel-linux-x86_64-debian-gcc, r-devel-linux-x86_64-fedora-clang, r-devel-linux-x86_64-fedora-gcc, r-devel-osx-x86_64-clang, r-devel-windows-ix86+x86_64, r-patched-linux-x86_64, r-patched-solaris-sparc, r-patched-solaris-x86, r-release-linux-x86_64, r-release-osx-x86_64-mavericks, r-release-windows-ix86+x86_64, r-oldrel-windows-ix86+x86_64