CRAN Package Check Results for Package forecast

Last updated on 2014-04-24 23:48:03.

Flavor Version Tinstall Tcheck Ttotal Status Flags
r-devel-linux-x86_64-debian-clang 5.3 37.07 75.56 112.63 OK
r-devel-linux-x86_64-debian-gcc 5.3 44.28 75.32 119.60 OK
r-devel-linux-x86_64-fedora-clang 5.3 235.12 OK
r-devel-linux-x86_64-fedora-gcc 5.3 229.01 OK
r-devel-osx-x86_64-clang 5.3 132.53 OK
r-devel-osx-x86_64-gcc 5.3 ERROR
r-devel-windows-ix86+x86_64 5.3 109.00 176.00 285.00 OK
r-patched-linux-x86_64 5.3 44.62 76.34 120.96 OK
r-patched-solaris-sparc 5.3 1301.80 OK
r-patched-solaris-x86 5.3 260.40 OK
r-release-linux-ix86 5.3 66.00 112.00 178.00 OK
r-release-linux-x86_64 5.3 44.80 75.96 120.76 OK
r-release-osx-x86_64-mavericks 5.3 ERROR
r-release-osx-x86_64-snowleopard 5.3 OK
r-release-windows-ix86+x86_64 5.3 116.00 188.00 304.00 OK
r-oldrel-windows-ix86+x86_64 5.3 123.00 193.00 316.00 OK

Check Details

Version: 5.3
Check: package dependencies
Result: ERROR
    Packages required but not available: ‘zoo’ ‘tseries’
    
    Package suggested but not available for checking: ‘fpp’
    
    See the information on DESCRIPTION files in the chapter ‘Creating R
    packages’ of the ‘Writing R Extensions’ manual.
Flavor: r-devel-osx-x86_64-gcc

Version: 5.3
Check: package dependencies
Result: NOTE
    Package suggested but not available for checking: ‘fpp’
Flavor: r-release-osx-x86_64-mavericks

Version: 5.3
Check: tests
Result: ERROR
    Running the tests in ‘tests/test-all.R’ failed.
    Last 13 lines of output:
    
     Attaching package: 'zoo'
    
     The following objects are masked from 'package:base':
    
     as.Date, as.Date.numeric
    
     Loading required package: timeDate
     This is forecast 5.3
    
     > library(fpp)
     Error in library(fpp) : there is no package called 'fpp'
     Execution halted
Flavor: r-release-osx-x86_64-mavericks