CRAN Package Check Results for Package forecast

Last updated on 2017-02-26 19:53:44.

Flavor Version Tinstall Tcheck Ttotal Status Flags
r-devel-linux-x86_64-debian-clang 8.0 54.37 171.69 226.06 OK
r-devel-linux-x86_64-debian-gcc 8.0 57.16 169.73 226.89 OK
r-devel-linux-x86_64-fedora-clang 8.0 315.18 OK --no-stop-on-test-error
r-devel-linux-x86_64-fedora-gcc 8.0 437.73 NOTE --no-stop-on-test-error
r-devel-macos-x86_64-clang 8.0 302.52 OK --no-stop-on-test-error
r-devel-windows-ix86+x86_64 8.0 250.00 750.00 1000.00 OK
r-patched-linux-x86_64 8.0 46.28 160.61 206.89 OK
r-patched-solaris-sparc 8.0 2356.80 OK
r-patched-solaris-x86 8.0 429.60 OK
r-release-linux-x86_64 8.0 45.85 158.76 204.60 OK
r-release-osx-x86_64-mavericks 7.3 OK
r-release-windows-ix86+x86_64 8.0 184.00 560.00 744.00 OK
r-oldrel-windows-ix86+x86_64 8.0 194.00 603.00 797.00 OK

Check Details

Version: 8.0
Flags: --no-stop-on-test-error
Check: installed package size
Result: NOTE
     installed size is 5.2Mb
     sub-directories of 1Mb or more:
     libs 3.7Mb
Flavor: r-devel-linux-x86_64-fedora-gcc