CRAN Package Check Results for Package forecast

Last updated on 2016-06-27 12:49:02.

Flavor Version Tinstall Tcheck Ttotal Status Flags
r-devel-linux-x86_64-debian-gcc 7.1 61.64 123.51 185.14 NOTE
r-devel-linux-x86_64-fedora-clang 7.1 340.70 NOTE
r-devel-linux-x86_64-fedora-gcc 7.1 308.58 NOTE
r-devel-osx-x86_64-clang 7.1 241.42 NOTE
r-devel-windows-ix86+x86_64 7.1 143.00 366.00 509.00 NOTE
r-patched-linux-x86_64 7.1 44.90 122.71 167.60 NOTE
r-patched-solaris-sparc 7.1 2108.70 NOTE
r-patched-solaris-x86 7.1 368.30 NOTE
r-release-linux-x86_64 7.1 43.65 126.83 170.48 NOTE
r-release-osx-x86_64-mavericks 7.1 NOTE
r-release-windows-ix86+x86_64 7.1 136.00 362.00 498.00 NOTE
r-oldrel-windows-ix86+x86_64 7.1 176.00 355.00 531.00 NOTE

Check Details

Version: 7.1
Check: dependencies in R code
Result: NOTE
    There are ::: calls to the package's namespace in its code. A package
     almost never needs to use ::: for its own objects:
     ‘datamat’
Flavors: r-devel-linux-x86_64-debian-gcc, r-devel-linux-x86_64-fedora-clang, r-devel-linux-x86_64-fedora-gcc, r-devel-osx-x86_64-clang, r-devel-windows-ix86+x86_64, r-patched-linux-x86_64, r-patched-solaris-sparc, r-patched-solaris-x86, r-release-linux-x86_64, r-release-osx-x86_64-mavericks, r-release-windows-ix86+x86_64, r-oldrel-windows-ix86+x86_64

Version: 7.1
Check: installed package size
Result: NOTE
     installed size is 6.4Mb
     sub-directories of 1Mb or more:
     libs 5.4Mb
Flavors: r-patched-solaris-sparc, r-patched-solaris-x86