CRAN Package Check Results for Package forecast

Last updated on 2017-03-23 23:50:43.

Flavor Version Tinstall Tcheck Ttotal Status Flags
r-devel-linux-x86_64-debian-clang 8.0 55.90 171.93 227.83 OK
r-devel-linux-x86_64-debian-gcc 8.0 59.15 168.67 227.82 OK
r-devel-linux-x86_64-fedora-clang 8.0 458.97 OK --no-stop-on-test-error
r-devel-linux-x86_64-fedora-gcc 8.0 442.29 NOTE --no-stop-on-test-error
r-devel-macos-x86_64-clang 8.0 301.55 OK --no-stop-on-test-error
r-devel-windows-ix86+x86_64 8.0 168.00 479.00 647.00 OK
r-patched-linux-x86_64 8.0 47.33 157.13 204.47 OK
r-patched-solaris-sparc 8.0 2562.30 OK
r-patched-solaris-x86 8.0 463.50 OK
r-release-linux-x86_64 8.0 46.37 161.08 207.45 OK
r-release-osx-x86_64-mavericks 8.0 OK
r-release-windows-ix86+x86_64 8.0 207.00 458.00 665.00 OK
r-oldrel-windows-ix86+x86_64 8.0 194.00 596.00 790.00 OK

Check Details

Version: 8.0
Flags: --no-stop-on-test-error
Check: installed package size
Result: NOTE
     installed size is 5.2Mb
     sub-directories of 1Mb or more:
     libs 3.7Mb
Flavor: r-devel-linux-x86_64-fedora-gcc