CRAN Package Check Results for Package forecast

Last updated on 2018-01-21 15:48:03 CET.

Flavor Version Tinstall Tcheck Ttotal Status Flags
r-devel-linux-x86_64-debian-clang 8.2 78.41 313.81 392.22 OK
r-devel-linux-x86_64-debian-gcc 8.2 73.34 229.93 303.27 OK
r-devel-linux-x86_64-fedora-clang 8.2 496.67 OK
r-devel-linux-x86_64-fedora-gcc 8.2 500.50 NOTE
r-devel-windows-ix86+x86_64 8.2 180.00 588.00 768.00 OK
r-patched-linux-x86_64 8.2 90.81 303.72 394.53 OK
r-patched-solaris-x86 8.2 523.60 OK
r-release-linux-x86_64 8.2 83.62 304.32 387.94 OK
r-release-windows-ix86+x86_64 8.2 218.00 547.00 765.00 OK
r-release-osx-x86_64 8.2 OK
r-oldrel-windows-ix86+x86_64 8.2 207.00 544.00 751.00 OK
r-oldrel-osx-x86_64 8.2 OK

Check Details

Version: 8.2
Check: installed package size
Result: NOTE
     installed size is 6.2Mb
     sub-directories of 1Mb or more:
     libs 4.5Mb
Flavor: r-devel-linux-x86_64-fedora-gcc