CRAN Package Check Results for Package forecast

Last updated on 2017-05-30 02:46:34.

Flavor Version Tinstall Tcheck Ttotal Status Flags
r-devel-linux-x86_64-debian-clang 8.0 56.70 171.86 228.55 OK
r-devel-linux-x86_64-debian-gcc 8.0 60.10 168.18 228.29 OK
r-devel-linux-x86_64-fedora-clang 8.0 456.19 OK
r-devel-linux-x86_64-fedora-gcc 8.0 442.28 NOTE
r-devel-windows-ix86+x86_64 8.0 175.00 629.00 804.00 OK
r-patched-linux-x86_64 8.0 50.70 167.25 217.95 OK
r-patched-solaris-sparc 8.0 2562.30 OK
r-patched-solaris-x86 8.0 455.10 OK
r-release-linux-x86_64 8.0 52.14 177.58 229.71 OK
r-release-windows-ix86+x86_64 8.0 224.00 620.00 844.00 OK
r-release-osx-x86_64 8.0 OK
r-oldrel-windows-ix86+x86_64 8.0 156.00 451.00 607.00 OK
r-oldrel-osx-x86_64 8.0 OK

Check Details

Version: 8.0
Check: installed package size
Result: NOTE
     installed size is 5.9Mb
     sub-directories of 1Mb or more:
     libs 4.4Mb
Flavor: r-devel-linux-x86_64-fedora-gcc