CRAN Package Check Results for Package forecast

Last updated on 2018-04-21 14:46:35 CEST.

Flavor Version Tinstall Tcheck Ttotal Status Flags
r-devel-linux-x86_64-debian-clang 8.3 89.96 290.41 380.37 OK
r-devel-linux-x86_64-debian-gcc 8.3 82.18 223.40 305.58 OK
r-devel-linux-x86_64-fedora-clang 8.3 474.90 OK
r-devel-linux-x86_64-fedora-gcc 8.3 466.75 NOTE
r-devel-windows-ix86+x86_64 8.3 267.00 557.00 824.00 OK
r-devel-osx-x86_64 8.3 OK
r-patched-linux-x86_64 8.3 102.16 292.96 395.12 OK
r-patched-solaris-x86 8.3 550.30 OK
r-release-linux-x86_64 8.3 98.10 310.80 408.90 OK
r-release-windows-ix86+x86_64 8.3 256.00 571.00 827.00 OK
r-release-osx-x86_64 8.3 OK
r-oldrel-windows-ix86+x86_64 8.3 2.00 6.00 8.00 ERROR

Additional issues

MKL OpenBLAS

Check Details

Version: 8.3
Check: installed package size
Result: NOTE
     installed size is 6.0Mb
     sub-directories of 1Mb or more:
     libs 4.5Mb
Flavor: r-devel-linux-x86_64-fedora-gcc

Version: 8.3
Check: package dependencies
Result: ERROR
    Package required but not available: 'uroot'
    
    Package suggested but not available for checking: 'expsmooth'
    
    See section 'The DESCRIPTION file' in the 'Writing R Extensions'
    manual.
Flavor: r-oldrel-windows-ix86+x86_64