CRAN Package Check Results for Package forecast

Last updated on 2015-05-27 11:49:21.

Flavor Version Tinstall Tcheck Ttotal Status Flags
r-devel-linux-x86_64-debian-clang 6.1 41.38 61.77 103.16 OK
r-devel-linux-x86_64-debian-gcc 6.1 45.16 58.75 103.91 OK
r-devel-linux-x86_64-fedora-clang 6.1 207.87 OK
r-devel-linux-x86_64-fedora-gcc 6.1 197.50 OK
r-devel-osx-x86_64-clang 6.1 163.64 OK
r-devel-windows-ix86+x86_64 6.1 130.00 144.00 274.00 OK
r-patched-linux-x86_64 6.1 43.84 58.22 102.06 OK
r-patched-solaris-sparc 6.1 1286.10 NOTE
r-patched-solaris-x86 6.1 232.80 OK
r-release-linux-x86_64 6.1 47.30 60.35 107.65 OK
r-release-osx-x86_64-mavericks 6.1 OK
r-release-osx-x86_64-snowleopard 6.1 OK
r-release-windows-ix86+x86_64 6.1 137.00 146.00 283.00 OK
r-oldrel-windows-ix86+x86_64 6.1 126.00 162.00 288.00 OK

Check Details

Version: 6.1
Check: installed package size
Result: NOTE
     installed size is 5.1Mb
     sub-directories of 1Mb or more:
     libs 4.3Mb
Flavor: r-patched-solaris-sparc