CRAN Package Check Results for Package forecast

Last updated on 2016-02-14 06:47:00.

Flavor Version Tinstall Tcheck Ttotal Status Flags
r-devel-linux-x86_64-debian-gcc 6.2 41.07 92.25 133.32 OK
r-devel-linux-x86_64-fedora-clang 6.2 277.97 OK
r-devel-linux-x86_64-fedora-gcc 6.2 255.56 OK
r-devel-osx-x86_64-clang 6.2 249.90 OK
r-devel-windows-ix86+x86_64 6.2 185.00 285.00 470.00 OK
r-patched-linux-x86_64 6.2 41.55 94.27 135.82 OK
r-patched-solaris-sparc 6.2 1625.90 ERROR
r-patched-solaris-x86 6.2 300.90 OK
r-release-linux-x86_64 6.2 40.68 95.01 135.69 OK
r-release-osx-x86_64-mavericks 6.2 OK
r-release-windows-ix86+x86_64 6.2 174.00 293.00 467.00 OK
r-oldrel-windows-ix86+x86_64 6.2 175.00 434.00 609.00 OK

Check Details

Version: 6.2
Check: tests
Result: ERROR
    Running the tests in ‘tests/testthat.R’ failed.
    Last 13 lines of output:
     Training set -0.1655154
    
     testthat results ================================================================
     OK: 244 SKIPPED: 1 FAILED: 1
     1. Failure (at test-clean.R#22): tests for tsclean
    
     Error: testthat unit tests failed
     In addition: Warning messages:
     1: In stats::HoltWinters(BoxCox(cafe, lambda = 0.25)) :
     optimization difficulties: ERROR: ABNORMAL_TERMINATION_IN_LNSRCH
     2: In auto.arima(as.numeric(first.model$errors), d = 0, ...) :
     Unable to fit final model using maximum likelihood. AIC value approximated
     Execution halted
Flavor: r-patched-solaris-sparc