CRAN Package Check Results for Package forecast

Last updated on 2017-04-24 20:47:14.

Flavor Version Tinstall Tcheck Ttotal Status Flags
r-devel-linux-x86_64-debian-clang 8.0 55.69 167.20 222.89 OK
r-devel-linux-x86_64-debian-gcc 8.0 58.68 166.43 225.11 OK
r-devel-linux-x86_64-fedora-clang 8.0 452.67 OK --no-stop-on-test-error
r-devel-linux-x86_64-fedora-gcc 8.0 436.38 NOTE --no-stop-on-test-error
r-devel-windows-ix86+x86_64 8.0 OK
r-patched-linux-x86_64 8.0 48.26 173.60 221.86 OK
r-patched-solaris-sparc 8.0 2562.30 OK
r-patched-solaris-x86 8.0 457.60 OK
r-release-linux-x86_64 8.0 48.42 169.46 217.87 OK
r-release-windows-ix86+x86_64 8.0 154.00 508.00 662.00 OK
r-release-osx-x86_64 8.0 OK
r-oldrel-windows-ix86+x86_64 8.0 160.00 495.00 655.00 OK
r-oldrel-osx-x86_64 8.0 OK

Check Details

Version: 8.0
Flags: --no-stop-on-test-error
Check: installed package size
Result: NOTE
     installed size is 5.2Mb
     sub-directories of 1Mb or more:
     libs 3.7Mb
Flavor: r-devel-linux-x86_64-fedora-gcc