CRAN Package Check Results for Package forecast

Last updated on 2017-07-21 23:49:32.

Flavor Version Tinstall Tcheck Ttotal Status Flags
r-devel-linux-x86_64-debian-clang 8.1 57.70 190.56 248.27 OK
r-devel-linux-x86_64-debian-gcc 8.1 62.22 189.33 251.55 OK
r-devel-linux-x86_64-fedora-clang 8.1 463.30 OK
r-devel-linux-x86_64-fedora-gcc 8.1 455.55 NOTE
r-devel-windows-ix86+x86_64 8.1 207.00 665.00 872.00 OK
r-patched-linux-x86_64 8.1 61.13 192.60 253.74 OK
r-patched-solaris-x86 8.1 484.20 OK
r-release-linux-x86_64 8.1 61.52 191.47 252.99 OK
r-release-windows-ix86+x86_64 8.1 180.00 639.00 819.00 OK
r-release-osx-x86_64 8.1 OK
r-oldrel-windows-ix86+x86_64 8.1 223.00 602.00 825.00 OK
r-oldrel-osx-x86_64 8.1 OK

Check Details

Version: 8.1
Check: installed package size
Result: NOTE
     installed size is 6.0Mb
     sub-directories of 1Mb or more:
     libs 4.4Mb
Flavor: r-devel-linux-x86_64-fedora-gcc