CRAN Package Check Results for Package forecast

Last updated on 2014-07-22 23:48:18.

Flavor Version Tinstall Tcheck Ttotal Status Flags
r-devel-linux-x86_64-debian-clang 5.4 37.04 73.13 110.16 OK
r-devel-linux-x86_64-debian-gcc 5.4 45.92 73.99 119.90 OK
r-devel-linux-x86_64-fedora-clang 5.4 234.38 OK
r-devel-linux-x86_64-fedora-gcc 5.4 227.86 OK
r-devel-osx-x86_64-clang 5.4 154.88 OK
r-devel-windows-ix86+x86_64 5.4 107.00 181.00 288.00 OK
r-patched-linux-x86_64 5.4 44.19 71.56 115.75 OK
r-patched-solaris-sparc 5.4 1283.10 OK
r-patched-solaris-x86 5.4 259.90 OK
r-release-linux-ix86 5.4 52.55 85.75 138.30 OK
r-release-linux-x86_64 5.4 43.42 73.38 116.80 OK
r-release-osx-x86_64-mavericks 5.4 NOTE
r-release-osx-x86_64-snowleopard 5.4 OK
r-release-windows-ix86+x86_64 5.4 113.00 190.00 303.00 OK
r-oldrel-windows-ix86+x86_64 5.4 122.00 197.00 319.00 OK

Check Details

Version: 5.4
Check: package dependencies
Result: NOTE
    Package suggested but not available for checking: ‘fpp’
Flavor: r-release-osx-x86_64-mavericks