CRAN Package Check Results for Package forecast

Last updated on 2017-09-25 02:47:06.

Flavor Version Tinstall Tcheck Ttotal Status Flags
r-devel-linux-x86_64-debian-clang 8.1 71.97 180.74 252.71 OK
r-devel-linux-x86_64-debian-gcc 8.1 63.36 174.39 237.75 OK
r-devel-linux-x86_64-fedora-clang 8.1 467.85 OK
r-devel-linux-x86_64-fedora-gcc 8.1 454.49 NOTE
r-devel-windows-ix86+x86_64 8.1 163.00 500.00 663.00 OK
r-patched-linux-x86_64 8.1 62.68 181.71 244.39 OK
r-patched-solaris-x86 8.1 486.70 OK
r-release-linux-x86_64 8.1 63.35 183.17 246.52 OK
r-release-windows-ix86+x86_64 8.1 156.00 493.00 649.00 OK
r-release-osx-x86_64 8.1 OK
r-oldrel-windows-ix86+x86_64 8.1 165.00 514.00 679.00 OK
r-oldrel-osx-x86_64 8.1 OK

Check Details

Version: 8.1
Check: installed package size
Result: NOTE
     installed size is 6.1Mb
     sub-directories of 1Mb or more:
     libs 4.4Mb
Flavor: r-devel-linux-x86_64-fedora-gcc