CRAN Package Check Results for Package forecast

Last updated on 2016-08-30 04:50:27.

Flavor Version Tinstall Tcheck Ttotal Status Flags
r-devel-linux-x86_64-debian-clang 7.1 50.68 133.39 184.07 NOTE
r-devel-linux-x86_64-debian-gcc 7.1 52.78 132.01 184.79 NOTE
r-devel-linux-x86_64-fedora-clang 7.1 348.27 NOTE
r-devel-linux-x86_64-fedora-gcc 7.1 327.13 NOTE
r-devel-osx-x86_64-clang 7.1 244.43 NOTE
r-devel-windows-ix86+x86_64 7.1 210.00 339.00 549.00 NOTE
r-patched-linux-x86_64 7.1 43.64 126.98 170.62 NOTE
r-patched-solaris-sparc 7.1 2099.80 NOTE
r-patched-solaris-x86 7.1 361.20 NOTE
r-release-linux-x86_64 7.1 44.11 128.52 172.63 NOTE
r-release-osx-x86_64-mavericks 7.1 NOTE
r-release-windows-ix86+x86_64 7.1 151.00 349.00 500.00 NOTE
r-oldrel-windows-ix86+x86_64 7.1 187.00 570.00 757.00 NOTE

Check Details

Version: 7.1
Check: dependencies in R code
Result: NOTE
    There are ::: calls to the package's namespace in its code. A package
     almost never needs to use ::: for its own objects:
     ‘datamat’
Flavors: r-devel-linux-x86_64-debian-clang, r-devel-linux-x86_64-debian-gcc, r-devel-linux-x86_64-fedora-clang, r-devel-linux-x86_64-fedora-gcc, r-devel-osx-x86_64-clang, r-devel-windows-ix86+x86_64, r-patched-linux-x86_64, r-patched-solaris-sparc, r-patched-solaris-x86, r-release-linux-x86_64, r-release-osx-x86_64-mavericks, r-release-windows-ix86+x86_64, r-oldrel-windows-ix86+x86_64