CRAN Package Check Results for Package forecast

Last updated on 2014-08-20 08:47:42.

Flavor Version Tinstall Tcheck Ttotal Status Flags
r-devel-linux-x86_64-debian-clang 5.5 36.96 71.98 108.95 OK
r-devel-linux-x86_64-debian-gcc 5.5 42.77 71.20 113.97 OK
r-devel-linux-x86_64-fedora-clang 5.5 233.76 NOTE
r-devel-linux-x86_64-fedora-gcc 5.5 220.02 NOTE
r-devel-osx-x86_64-clang 5.5 145.52 NOTE
r-devel-windows-ix86+x86_64 5.5 117.00 179.00 296.00 OK
r-patched-linux-x86_64 5.5 44.56 73.66 118.22 OK
r-patched-solaris-sparc 5.5 1297.00 OK
r-patched-solaris-x86 5.5 265.60 OK
r-release-linux-ix86 5.5 52.56 87.71 140.27 OK
r-release-linux-x86_64 5.5 43.25 73.85 117.10 OK
r-release-osx-x86_64-mavericks 5.5 OK
r-release-osx-x86_64-snowleopard 5.5 OK
r-release-windows-ix86+x86_64 5.5 114.00 189.00 303.00 OK
r-oldrel-windows-ix86+x86_64 5.5 116.00 194.00 310.00 OK

Check Details

Version: 5.5
Check: R code for possible problems
Result: NOTE
    etsmodel: no visible global function definition for
     ‘malschains.control’
Flavors: r-devel-linux-x86_64-fedora-clang, r-devel-linux-x86_64-fedora-gcc, r-devel-osx-x86_64-clang