CRAN Package Check Results for Package forecast

Last updated on 2015-09-01 19:47:13.

Flavor Version Tinstall Tcheck Ttotal Status Flags
r-devel-linux-x86_64-debian-clang 6.1 41.38 60.52 101.90 NOTE
r-devel-linux-x86_64-debian-gcc 6.1 43.24 57.16 100.40 NOTE
r-devel-linux-x86_64-fedora-clang 6.1 202.80 NOTE
r-devel-linux-x86_64-fedora-gcc 6.1 184.99 NOTE
r-devel-osx-x86_64-clang 6.1 136.35 OK
r-devel-windows-ix86+x86_64 6.1 172.00 159.00 331.00 NOTE
r-patched-linux-x86_64 6.1 43.73 58.45 102.18 OK
r-patched-solaris-sparc 6.1 1340.90 OK
r-patched-solaris-x86 6.1 226.70 OK
r-release-linux-x86_64 6.1 44.10 59.16 103.27 OK
r-release-osx-x86_64-mavericks 6.1 OK
r-release-windows-ix86+x86_64 6.1 160.00 157.00 317.00 OK
r-oldrel-windows-ix86+x86_64 6.1 172.00 186.00 358.00 OK

Check Details

Version: 6.1
Check: R code for possible problems
Result: NOTE
    Acf: no visible global function definition for ‘acf’
    Acf: no visible global function definition for ‘axis’
    CV: no visible global function definition for ‘extractAIC’
    CV: no visible global function definition for ‘residuals’
    CV: no visible global function definition for ‘hatvalues’
    HoltWintersZZ: no visible global function definition for ‘as.ts’
    HoltWintersZZ: no visible global function definition for ‘optim’
    HoltWintersZZ: no visible global function definition for ‘tsp’
    HoltWintersZZ: no visible global function definition for ‘ts’
    OCSBtest: no visible global function definition for ‘ts’
    OCSBtest: no visible global function definition for ‘lm’
    SD.test: no visible global function definition for ‘lm’
    SD.test: no visible binding for global variable ‘na.exclude’
    SD.test: no visible global function definition for ‘residuals’
    arfima: no visible global function definition for ‘residuals’
    arima.errors: no visible global function definition for ‘ts’
    arima2: no visible global function definition for ‘lm’
    arima2: no visible global function definition for ‘time’
    as.data.frame.forecast: no visible global function definition for
     ‘is.ts’
    as.data.frame.forecast: no visible global function definition for ‘ts’
    as.data.frame.forecast: no visible global function definition for
     ‘time’
    as.data.frame.forecast: no visible global function definition for
     ‘as.ts’
    as.data.frame.forecast: no visible global function definition for ‘tsp’
    auto.arima: no visible global function definition for ‘as.ts’
    auto.arima: no visible global function definition for ‘residuals’
    auto.arima: no visible global function definition for ‘lm’
    auto.arima: no visible global function definition for ‘arima’
    auto.arima: no visible global function definition for ‘fitted’
    bats: no visible global function definition for ‘as.ts’
    bats: no visible global function definition for ‘ts’
    bcloglik: no visible global function definition for ‘na.omit’
    bcloglik: no visible global function definition for ‘lm’
    bcloglik: no visible binding for global variable ‘na.exclude’
    bizdays: no visible global function definition for ‘tsp’
    bizdays: no visible global function definition for ‘time’
    bizdays: no visible global function definition for ‘ts’
    calcFTest: no visible global function definition for ‘pf’
    croston2: no visible global function definition for ‘as.ts’
    croston2: no visible global function definition for ‘tsp’
    croston2: no visible global function definition for ‘ts’
    croston2: no visible global function definition for ‘tsp<-’
    dm.test: no visible global function definition for ‘acf’
    dm.test: no visible binding for global variable ‘na.omit’
    dm.test: no visible global function definition for ‘pt’
    dshw: no visible global function definition for ‘ts’
    dshw: no visible global function definition for ‘tsp’
    dshw: no visible global function definition for ‘tsp<-’
    easter: no visible global function definition for ‘tsp’
    easter: no visible global function definition for ‘time’
    easter: no visible global function definition for ‘ts’
    ets: no visible global function definition for ‘as.ts’
    ets: no visible global function definition for ‘tsp’
    ets: no visible global function definition for ‘ts’
    etsmodel: no visible global function definition for ‘tsp’
    etsmodel: no visible global function definition for ‘na.omit’
    etsmodel: no visible global function definition for ‘ts’
    findfrequency: no visible global function definition for ‘as.ts’
    findfrequency: no visible global function definition for ‘residuals’
    fitSpecificBATS: no visible global function definition for ‘lm’
    fitSpecificBATS: no visible global function definition for ‘optim’
    fitSpecificTBATS: no visible global function definition for ‘lm’
    fitSpecificTBATS: no visible global function definition for ‘optim’
    fitted.fracdiff: no visible global function definition for ‘residuals’
    forecast.Arima: no visible global function definition for ‘predict’
    forecast.Arima: no visible global function definition for ‘tsp’
    forecast.Arima: no visible global function definition for ‘time’
    forecast.Arima: no visible global function definition for ‘ts’
    forecast.Arima: no visible binding for global variable ‘quantile’
    forecast.Arima: no visible global function definition for ‘qnorm’
    forecast.Arima: no visible global function definition for ‘fitted’
    forecast.Arima: no visible global function definition for ‘residuals’
    forecast.HoltWinters: no visible global function definition for
     ‘predict’
    forecast.HoltWinters: no visible global function definition for ‘qnorm’
    forecast.HoltWinters: no visible global function definition for
     ‘residuals’
    forecast.StructTS: no visible global function definition for ‘predict’
    forecast.StructTS: no visible global function definition for ‘qnorm’
    forecast.StructTS: no visible global function definition for
     ‘residuals’
    forecast.ar: no visible global function definition for ‘predict’
    forecast.ar: no visible binding for global variable ‘sd’
    forecast.ar: no visible global function definition for ‘qnorm’
    forecast.ar: no visible global function definition for ‘ts’
    forecast.ar: no visible global function definition for ‘tsp’
    forecast.bats: no visible global function definition for ‘qnorm’
    forecast.bats: no visible global function definition for ‘ts’
    forecast.ets: no visible global function definition for ‘tsp’
    forecast.ets: no visible global function definition for ‘ts’
    forecast.ets: no visible global function definition for ‘qnorm’
    forecast.ets: no visible global function definition for ‘fitted’
    forecast.ets: no visible global function definition for ‘residuals’
    forecast.fracdiff: no visible global function definition for ‘qnorm’
    forecast.fracdiff: no visible global function definition for
     ‘residuals’
    forecast.fracdiff: no visible global function definition for ‘tsp’
    forecast.fracdiff: no visible global function definition for ‘ts’
    forecast.lm: no visible global function definition for ‘fitted’
    forecast.lm: no visible global function definition for ‘residuals’
    forecast.lm: no visible global function definition for ‘tsp’
    forecast.lm: no visible global function definition for ‘time’
    forecast.lm: no visible global function definition for ‘tsp<-’
    forecast.lm: no visible global function definition for ‘cycle’
    forecast.lm: no visible global function definition for ‘formula’
    forecast.lm: no visible global function definition for ‘predict’
    forecast.nnetar: no visible global function definition for ‘tsp’
    forecast.nnetar: no visible global function definition for ‘tail’
    forecast.nnetar: no visible binding for global variable ‘predict’
    forecast.nnetar: no visible global function definition for ‘ts’
    forecast.stl: no visible global function definition for ‘ts’
    forecast.stl: no visible global function definition for ‘tsp<-’
    forecast.stl: no visible global function definition for ‘tsp’
    forecast.stl: no visible global function definition for ‘fitted’
    forecast.stlm: no visible global function definition for ‘ts’
    forecast.stlm: no visible global function definition for ‘tsp’
    forecast.stlm: no visible global function definition for ‘fitted’
    forecast.tbats: no visible global function definition for ‘qnorm’
    forecast.tbats: no visible global function definition for ‘ts’
    forecast.ts: no visible global function definition for ‘ts’
    forecast.varest: no visible global function definition for ‘ts’
    forecast.varest: no visible global function definition for ‘tsp<-’
    forecast.varest: no visible global function definition for ‘tsp’
    forecast.varest: no visible global function definition for ‘residuals’
    forecast.varest: no visible global function definition for ‘fitted’
    forecast.varest: no visible global function definition for ‘predict’
    getResponse.Arima: no visible global function definition for ‘as.ts’
    getResponse.fracdiff: no visible global function definition for ‘tsp’
    getResponse.fracdiff: no visible global function definition for ‘ts’
    getResponse.lm: no visible global function definition for ‘formula’
    getResponse.lm: no visible global function definition for ‘model.frame’
    guer.cv: no visible binding for global variable ‘sd’
    guer.cv: no visible global function definition for ‘sd’
    guerrero: no visible global function definition for ‘optimize’
    initstate: no visible global function definition for ‘decompose’
    initstate: no visible global function definition for ‘lsfit’
    lpb: no visible global function definition for ‘ts’
    lpb: no visible global function definition for ‘tsp<-’
    lpb: no visible global function definition for ‘tsp’
    ma: no visible global function definition for ‘ts’
    ma: no visible global function definition for ‘ksmooth’
    ma: no visible global function definition for ‘tsp<-’
    ma: no visible global function definition for ‘tsp’
    meanf: no visible global function definition for ‘sd’
    meanf: no visible global function definition for ‘qt’
    meanf: no visible global function definition for ‘is.ts’
    meanf: no visible global function definition for ‘ts’
    meanf: no visible global function definition for ‘tsp<-’
    meanf: no visible global function definition for ‘tsp’
    monthdays: no visible global function definition for ‘is.ts’
    monthdays: no visible global function definition for ‘ts’
    msts: no visible global function definition for ‘tsp’
    msts: no visible global function definition for ‘ts’
    msts: no visible global function definition for ‘tsp<-’
    myarima.sim: no visible global function definition for ‘residuals’
    myarima.sim: no visible global function definition for ‘tsp’
    myarima.sim: no visible global function definition for ‘ts’
    myarima.sim: no visible global function definition for ‘diffinv’
    na.ends: no visible global function definition for ‘tsp’
    na.ends: no visible global function definition for ‘ts’
    na.interp: no visible global function definition for ‘tsp’
    na.interp: no visible global function definition for ‘ts’
    na.interp: no visible global function definition for ‘as.ts’
    na.interp: no visible global function definition for ‘approx’
    na.interp: no visible global function definition for ‘tsp<-’
    na.interp: no visible global function definition for ‘poly’
    na.interp: no visible global function definition for ‘lm’
    na.interp: no visible binding for global variable ‘na.exclude’
    na.interp: no visible global function definition for ‘predict’
    na.interp: no visible global function definition for ‘stl’
    ndiffs: no visible global function definition for ‘na.omit’
    nnetar: no visible global function definition for ‘as.ts’
    nnetar: no visible global function definition for ‘ar’
    nnetar: no visible global function definition for ‘stl’
    nnetar: no visible global function definition for ‘complete.cases’
    nnetar: no visible binding for global variable ‘predict’
    nnetar: no visible global function definition for ‘ts’
    nnetar: no visible global function definition for ‘tsp<-’
    nnetar: no visible global function definition for ‘tsp’
    par_dshw: no visible global function definition for ‘optim’
    pegelsfcast.C: no visible binding for global variable ‘quantile’
    pegelsresid.C: no visible global function definition for ‘tsp’
    pegelsresid.C: no visible global function definition for ‘ts’
    pegelsresid.C: no visible global function definition for ‘tsp<-’
    plot.Arima: no visible global function definition for ‘par’
    plot.Arima: no visible global function definition for ‘plot’
    plot.ar: no visible global function definition for ‘plot’
    plot.armaroots: no visible global function definition for ‘par’
    plot.armaroots: no visible global function definition for ‘plot’
    plot.armaroots: no visible global function definition for ‘axis’
    plot.armaroots: no visible global function definition for ‘lines’
    plot.armaroots: no visible global function definition for ‘points’
    plot.bats: no visible global function definition for ‘ts’
    plot.bats: no visible global function definition for ‘tsp<-’
    plot.bats: no visible global function definition for ‘tsp’
    plot.bats: no visible global function definition for ‘plot’
    plot.ets: no visible global function definition for ‘plot’
    plot.forecast: no visible global function definition for ‘as.ts’
    plot.forecast: no visible global function definition for ‘ts’
    plot.forecast: no visible global function definition for ‘tsp’
    plot.forecast: no visible global function definition for ‘is.ts’
    plot.forecast: no visible global function definition for ‘plot’
    plot.forecast: no visible global function definition for ‘heat.colors’
    plot.forecast: no visible global function definition for ‘polygon’
    plot.forecast: no visible global function definition for ‘lines’
    plot.forecast: no visible global function definition for ‘points’
    plot.mforecast: no visible global function definition for ‘par’
    plot.mforecast: no visible global function definition for ‘plot’
    plot.mforecast: no visible global function definition for ‘axis’
    plot.mforecast: no visible global function definition for ‘mtext’
    plot.mforecast: no visible global function definition for ‘title’
    plot.mpacf: no visible global function definition for ‘plot’
    plot.mpacf: no visible global function definition for ‘grid’
    plot.mpacf: no visible global function definition for ‘gray’
    plot.mpacf: no visible global function definition for ‘abline’
    plot.mpacf: no visible global function definition for ‘axis’
    plot.mpacf: no visible global function definition for ‘polygon’
    plot.mpacf: no visible global function definition for ‘lines’
    plot.mpacf: no visible global function definition for ‘points’
    plot.splineforecast: no visible global function definition for ‘lines’
    plot.tbats: no visible global function definition for ‘plot’
    plotlmforecast: no visible global function definition for ‘terms’
    plotlmforecast: no visible global function definition for ‘model.frame’
    plotlmforecast: no visible global function definition for ‘fitted’
    plotlmforecast: no visible global function definition for ‘residuals’
    plotlmforecast: no visible global function definition for ‘plot’
    plotlmforecast: no visible global function definition for ‘formula’
    plotlmforecast: no visible global function definition for ‘abline’
    plotlmforecast: no visible global function definition for ‘heat.colors’
    plotlmforecast: no visible global function definition for ‘lines’
    plotlmforecast: no visible global function definition for ‘points’
    print.nnetar: no visible global function definition for ‘residuals’
    residuals.fracdiff: no visible global function definition for ‘arima’
    residuals.fracdiff: no visible global function definition for
     ‘residuals’
    rwf: no visible global function definition for ‘is.ts’
    rwf: no visible global function definition for ‘ts’
    rwf: no visible global function definition for ‘lm’
    rwf: no visible binding for global variable ‘na.exclude’
    rwf: no visible global function definition for ‘sd’
    rwf: no visible global function definition for ‘tsp’
    rwf: no visible global function definition for ‘qnorm’
    seasonaldummy: no visible global function definition for ‘is.ts’
    seasonaldummy: no visible global function definition for ‘cycle’
    seasonaldummyf: no visible global function definition for ‘is.ts’
    seasonaldummyf: no visible global function definition for ‘ts’
    seasonaldummyf: no visible global function definition for ‘tsp’
    seasonplot: no visible global function definition for ‘plot’
    seasonplot: no visible global function definition for ‘lines’
    seasonplot: no visible global function definition for ‘time’
    seasonplot: no visible global function definition for ‘text’
    seasonplot: no visible global function definition for ‘axis’
    simulate.Arima: no visible global function definition for ‘runif’
    simulate.Arima: no visible global function definition for ‘residuals’
    simulate.Arima: no visible global function definition for ‘tsp’
    simulate.Arima: no visible global function definition for ‘ts’
    simulate.Arima: no visible global function definition for ‘rnorm’
    simulate.Arima: no visible global function definition for ‘arima.sim’
    simulate.Arima: no visible global function definition for ‘diffinv’
    simulate.Arima: no visible global function definition for ‘tail’
    simulate.Arima: no visible global function definition for ‘tsp<-’
    simulate.ar: no visible global function definition for ‘runif’
    simulate.ar: no visible global function definition for ‘na.omit’
    simulate.ar: no visible global function definition for ‘rnorm’
    simulate.ar: no visible global function definition for ‘arima.sim’
    simulate.ets: no visible global function definition for ‘runif’
    simulate.ets: no visible global function definition for ‘tsp’
    simulate.ets: no visible global function definition for ‘ts’
    simulate.ets: no visible global function definition for ‘rnorm’
    sindexf: no visible global function definition for ‘tsp’
    sindexf: no visible global function definition for ‘ts’
    splinef: no visible global function definition for ‘is.ts’
    splinef: no visible global function definition for ‘ts’
    splinef: no visible global function definition for ‘optimize’
    splinef: no visible global function definition for ‘smooth.spline’
    splinef: no visible global function definition for ‘qnorm’
    splinef: no visible global function definition for ‘tsp’
    stlboot: no visible global function definition for ‘as.ts’
    stlboot: no visible global function definition for ‘stl’
    stlf: no visible global function definition for ‘stl’
    stlm: no visible global function definition for ‘stl’
    subset.ts: no visible global function definition for ‘time’
    subset.ts: no visible global function definition for ‘cycle’
    subset.ts: no visible global function definition for ‘ts’
    taperedacf: no visible binding for global variable ‘quantile’
    tbats: no visible global function definition for ‘as.ts’
    tbats: no visible global function definition for ‘ts’
    tbats.components: no visible global function definition for ‘ts’
    tbats.components: no visible global function definition for ‘tsp<-’
    tbats.components: no visible global function definition for ‘tsp’
    testaccuracy: no visible global function definition for ‘formula’
    testaccuracy: no visible global function definition for ‘is.ts’
    testaccuracy: no visible global function definition for ‘tsp’
    testaccuracy: no visible global function definition for ‘acf’
    testaccuracy: no visible binding for global variable ‘na.pass’
    thetaf: no visible global function definition for ‘lsfit’
    thetaf: no visible global function definition for ‘qnorm’
    tl: no visible global function definition for ‘as.ts’
    tl: no visible global function definition for ‘tsp’
    tl: no visible global function definition for ‘supsmu’
    tl: no visible global function definition for ‘ts’
    tl: no visible global function definition for ‘tsp<-’
    trainingaccuracy: no visible global function definition for ‘fitted’
    trainingaccuracy: no visible global function definition for ‘tsp’
    trainingaccuracy: no visible global function definition for ‘acf’
    trainingaccuracy: no visible binding for global variable ‘na.pass’
    tsdiag.ets: no visible global function definition for ‘par’
    tsdiag.ets: no visible global function definition for ‘plot’
    tsdiag.ets: no visible global function definition for ‘abline’
    tsdiag.ets: no visible global function definition for ‘acf’
    tsdiag.ets: no visible binding for global variable ‘na.pass’
    tsdiag.ets: no visible global function definition for ‘Box.test’
    tsdisplay: no visible global function definition for ‘par’
    tsdisplay: no visible global function definition for ‘layout’
    tsdisplay: no visible global function definition for ‘is.ts’
    tsdisplay: no visible global function definition for ‘ts’
    tsdisplay: no visible global function definition for ‘plot.ts’
    tsdisplay: no visible global function definition for ‘acf’
    tsdisplay: no visible global function definition for ‘pacf’
    tsdisplay: no visible global function definition for ‘plot’
    tslm: no visible global function definition for ‘is.ts’
    tslm: no visible global function definition for ‘tsp’
    tslm: no visible global function definition for ‘terms’
    tslm: no visible global function definition for ‘cycle’
    tslm: no visible global function definition for ‘lm’
    tslm: no visible binding for global variable ‘na.exclude’
    tslm: no visible global function definition for ‘time’
    tslm: no visible global function definition for ‘ts’
    tslm: no visible global function definition for ‘residuals’
    tslm: no visible global function definition for ‘fitted’
    tslm: no visible global function definition for ‘tsp<-’
    tsoutliers: no visible global function definition for ‘stl’
    tsoutliers: no visible global function definition for ‘loess’
    tsoutliers: no visible binding for global variable ‘na.exclude’
    tsoutliers: no visible global function definition for ‘fitted’
    tsoutliers: no visible global function definition for ‘quantile’
    undo.na.ends: no visible global function definition for ‘tsp’
    undo.na.ends: no visible global function definition for ‘tsp<-’
    unfracdiff: no visible global function definition for ‘tsp’
    unfracdiff: no visible global function definition for ‘ts’
    wacf: no visible global function definition for ‘acf’
    Undefined global functions or variables:
     Box.test abline acf approx ar arima arima.sim as.ts axis
     complete.cases cycle decompose diffinv extractAIC fitted formula gray
     grid hatvalues heat.colors is.ts ksmooth layout lines lm loess lsfit
     model.frame mtext na.exclude na.omit na.pass optim optimize pacf par
     pf plot plot.ts points poly polygon predict pt qnorm qt quantile
     residuals rnorm runif sd smooth.spline stl supsmu tail terms text
     time title ts tsp tsp<-
    Consider adding
     importFrom("grDevices", "gray", "heat.colors")
     importFrom("graphics", "abline", "axis", "grid", "layout", "lines",
     "mtext", "par", "plot", "points", "polygon", "text",
     "title")
     importFrom("stats", "Box.test", "acf", "approx", "ar", "arima",
     "arima.sim", "as.ts", "complete.cases", "cycle",
     "decompose", "diffinv", "extractAIC", "fitted", "formula",
     "hatvalues", "is.ts", "ksmooth", "lm", "loess", "lsfit",
     "model.frame", "na.exclude", "na.omit", "na.pass", "optim",
     "optimize", "pacf", "pf", "plot.ts", "poly", "predict",
     "pt", "qnorm", "qt", "quantile", "residuals", "rnorm",
     "runif", "sd", "smooth.spline", "stl", "supsmu", "terms",
     "time", "ts", "tsp", "tsp<-")
     importFrom("utils", "tail")
    to your NAMESPACE.
Flavors: r-devel-linux-x86_64-debian-clang, r-devel-linux-x86_64-debian-gcc, r-devel-linux-x86_64-fedora-clang, r-devel-linux-x86_64-fedora-gcc, r-devel-windows-ix86+x86_64