CRAN Package Check Results for Package forecast

Last updated on 2017-11-17 23:48:14.

Flavor Version Tinstall Tcheck Ttotal Status Flags
r-devel-linux-x86_64-debian-clang 8.2 59.51 178.75 238.26 OK
r-devel-linux-x86_64-debian-gcc 8.2 68.38 178.39 246.76 OK
r-devel-linux-x86_64-fedora-clang 8.2 464.31 OK
r-devel-linux-x86_64-fedora-gcc 8.2 458.87 NOTE
r-devel-windows-ix86+x86_64 8.2 291.00 662.00 953.00 WARN
r-patched-linux-x86_64 8.2 63.43 183.41 246.84 OK
r-patched-solaris-x86 8.2 492.70 OK
r-release-linux-x86_64 8.2 63.61 179.10 242.71 OK
r-release-windows-ix86+x86_64 8.2 241.00 650.00 891.00 WARN
r-release-osx-x86_64 8.2 OK
r-oldrel-windows-ix86+x86_64 8.2 164.00 483.00 647.00 WARN
r-oldrel-osx-x86_64 8.2 OK

Check Details

Version: 8.2
Check: installed package size
Result: NOTE
     installed size is 6.2Mb
     sub-directories of 1Mb or more:
     libs 4.5Mb
Flavor: r-devel-linux-x86_64-fedora-gcc

Version: 8.2
Check: re-building of vignette outputs
Result: WARN
    Error in re-building vignettes:
     ...
    Warning--I didn't find a database entry for "ForecastPro00"
    Warning--I didn't find a database entry for "Reilly00"
    Warning--I didn't find a database entry for "OL96"
    Warning--I didn't find a database entry for "BDbook91"
    Warning--I didn't find a database entry for "DKbook01"
    Warning--I didn't find a database entry for "Ripley:2002"
    Warning--I didn't find a database entry for "SY94"
    Warning--I didn't find a database entry for "Hendry97"
    Warning--I didn't find a database entry for "DF81"
    Warning--I didn't find a database entry for "HEGY90"
    Warning--I didn't find a database entry for "KPSS92"
    Warning--I didn't find a database entry for "CH95"
    Warning--I didn't find a database entry for "Hyndman01"
    Warning--I didn't find a database entry for "HK06"
    Warning--I didn't find a database entry for "Meyer:2002"
    Warning--I didn't find a database entry for "shortseasonal"
    Warning--I didn't find a database entry for "CY91"
    Warning--I didn't find a database entry for "Wallis99"
    Warning--I didn't find a database entry for "Croston72"
    Warning--I didn't find a database entry for "SH05"
    Warning--I didn't find a database entry for "HB03"
    (There were 2 error messages)
    Error: processing vignette 'JSS2008.Rmd' failed with diagnostics:
    Failed to build the bibliography via bibtex
    Execution halted
Flavor: r-devel-windows-ix86+x86_64

Version: 8.2
Check: re-building of vignette outputs
Result: WARN
    Error in re-building vignettes:
     ...
    Warning--I didn't find a database entry for "Reilly00"
    Warning--I didn't find a database entry for "OL96"
    Warning--I didn't find a database entry for "BDbook91"
    Warning--I didn't find a database entry for "DKbook01"
    Warning--I didn't find a database entry for "Ripley:2002"
    Warning--I didn't find a database entry for "SY94"
    Warning--I didn't find a database entry for "Hendry97"
    Warning--I didn't find a database entry for "DF81"
    Warning--I didn't find a database entry for "HEGY90"
    Warning--I didn't find a database entry for "KPSS92"
    Warning--I didn't find a database entry for "CH95"
    Warning--I didn't find a database entry for "Hyndman01"
    Warning--I didn't find a database entry for "HK06"
    Warning--I didn't find a database entry for "Meyer:2002"
    Warning--I didn't find a database entry for "shortseasonal"
    Warning--I didn't find a database entry for "CY91"
    Warning--I didn't find a database entry for "Wallis99"
    Warning--I didn't find a database entry for "Croston72"
    Warning--I didn't find a database entry for "SH05"
    Warning--I didn't find a database entry for "HB03"
    (There were 2 error messages)
    Warning: running command '"bibtex" "JSS2008.aux"' had status 1
    Error: processing vignette 'JSS2008.Rmd' failed with diagnostics:
    Failed to build the bibliography via bibtex
    Execution halted
Flavors: r-release-windows-ix86+x86_64, r-oldrel-windows-ix86+x86_64