CRAN Package Check Results for Package forecast

Last updated on 2016-07-29 11:49:35.

Flavor Version Tinstall Tcheck Ttotal Status Flags
r-devel-linux-x86_64-debian-clang 7.1 56.84 131.57 188.41 NOTE
r-devel-linux-x86_64-debian-gcc 7.1 69.23 139.65 208.88 NOTE
r-devel-linux-x86_64-fedora-clang 7.1 337.09 NOTE
r-devel-linux-x86_64-fedora-gcc 7.1 304.11 NOTE
r-devel-osx-x86_64-clang 7.1 241.35 NOTE
r-devel-windows-ix86+x86_64 7.1 200.00 451.00 651.00 NOTE
r-patched-linux-x86_64 7.1 52.26 139.10 191.35 NOTE
r-patched-solaris-sparc 7.1 2093.70 NOTE
r-patched-solaris-x86 7.1 353.50 NOTE
r-release-linux-x86_64 7.1 50.58 138.54 189.13 NOTE
r-release-osx-x86_64-mavericks 7.1 NOTE
r-release-windows-ix86+x86_64 7.1 200.00 448.00 648.00 NOTE
r-oldrel-windows-ix86+x86_64 7.1 184.00 468.00 652.00 NOTE

Check Details

Version: 7.1
Check: dependencies in R code
Result: NOTE
    There are ::: calls to the package's namespace in its code. A package
     almost never needs to use ::: for its own objects:
     ‘datamat’
Flavors: r-devel-linux-x86_64-debian-clang, r-devel-linux-x86_64-debian-gcc, r-devel-linux-x86_64-fedora-clang, r-devel-linux-x86_64-fedora-gcc, r-devel-osx-x86_64-clang, r-devel-windows-ix86+x86_64, r-patched-linux-x86_64, r-patched-solaris-sparc, r-patched-solaris-x86, r-release-linux-x86_64, r-release-osx-x86_64-mavericks, r-release-windows-ix86+x86_64, r-oldrel-windows-ix86+x86_64