CRAN Package Check Results for Package foreign

Last updated on 2014-04-23 12:48:18.

Flavor Version Tinstall Tcheck Ttotal Status Flags
r-devel-linux-x86_64-debian-clang 0.8-61 7.03 18.51 25.54 OK
r-devel-linux-x86_64-debian-gcc 0.8-61 5.64 18.72 24.36 OK
r-devel-linux-x86_64-fedora-clang 0.8-61 43.05 OK
r-devel-linux-x86_64-fedora-gcc 0.8-61 42.63 OK
r-devel-osx-x86_64-clang 0.8-61 36.25 OK
r-devel-osx-x86_64-gcc 0.8-61 OK
r-patched-linux-x86_64 0.8-61 11.12 17.99 29.10 OK
r-patched-solaris-sparc 0.8-61 OK
r-patched-solaris-x86 0.8-61 OK
r-release-linux-ix86 0.8-61 9.00 34.00 43.00 OK
r-release-linux-x86_64 0.8-61 13.46 18.23 31.70 OK
r-release-osx-x86_64-mavericks 0.8-61 WARN
r-release-osx-x86_64-snowleopard 0.8-61 OK
r-release-windows-ix86+x86_64 0.8-61 46.00 52.00 98.00 OK
r-oldrel-windows-ix86+x86_64 0.8-61 21.00 46.00 67.00 OK

Check Details

Version: 0.8-61
Check: PDF version of manual
Result: WARNING
    LaTeX errors when creating PDF version.
    This typically indicates Rd problems.
    LaTeX errors found:
    ! LaTeX Error: File `upquote.sty' not found.
    
    Type X to quit or <RETURN> to proceed,
    or enter new name. (Default extension: sty)
    
    66aa20a/Rd2.tex:8: ==> Fatal error occurred, no output PDF file produced!
Flavor: r-release-osx-x86_64-mavericks