CRAN Package Check Results for Package forensim

Last updated on 2015-05-05 03:47:25.

Flavor Version Tinstall Tcheck Ttotal Status Flags
r-devel-linux-x86_64-debian-clang 4.3 2.16 28.49 30.65 NOTE
r-devel-linux-x86_64-debian-gcc 4.3 2.05 29.11 31.16 NOTE
r-devel-linux-x86_64-fedora-clang 4.3 59.82 NOTE
r-devel-linux-x86_64-fedora-gcc 4.3 55.64 NOTE
r-devel-osx-x86_64-clang 4.3 57.61 NOTE
r-devel-windows-ix86+x86_64 4.3 18.00 51.00 69.00 NOTE
r-patched-linux-x86_64 4.3 2.14 28.14 30.28 NOTE
r-patched-solaris-sparc 4.3 340.50 NOTE
r-patched-solaris-x86 4.3 83.50 NOTE
r-release-linux-x86_64 4.3 2.12 28.22 30.34 NOTE
r-release-osx-x86_64-mavericks 4.3 NOTE
r-release-osx-x86_64-snowleopard 4.3 NOTE
r-release-windows-ix86+x86_64 4.3 11.00 59.00 70.00 NOTE
r-oldrel-windows-ix86+x86_64 4.3 24.00 71.00 95.00 OK

Check Details

Version: 4.3
Check: DESCRIPTION meta-information
Result: NOTE
    Malformed Description field: should contain one or more complete sentences.
Flavors: r-devel-linux-x86_64-debian-clang, r-devel-linux-x86_64-debian-gcc, r-devel-linux-x86_64-fedora-clang, r-devel-linux-x86_64-fedora-gcc, r-devel-osx-x86_64-clang, r-devel-windows-ix86+x86_64, r-patched-linux-x86_64, r-patched-solaris-sparc, r-patched-solaris-x86, r-release-linux-x86_64, r-release-osx-x86_64-mavericks, r-release-osx-x86_64-snowleopard, r-release-windows-ix86+x86_64