CRAN Package Check Results for Package forensim

Last updated on 2015-03-28 03:50:02.

Flavor Version Tinstall Tcheck Ttotal Status Flags
r-devel-linux-x86_64-debian-clang 4.3 2.20 29.05 31.25 NOTE
r-devel-linux-x86_64-debian-gcc 4.3 2.07 28.32 30.40 NOTE
r-devel-linux-x86_64-fedora-clang 4.3 59.08 NOTE
r-devel-linux-x86_64-fedora-gcc 4.3 55.60 NOTE
r-devel-osx-x86_64-clang 4.3 63.81 NOTE
r-prerel-windows-ix86+x86_64 4.3 17.00 49.00 66.00 NOTE
r-prerel-linux-x86_64 4.3 2.01 28.62 30.63 NOTE
r-prerel-solaris-sparc 4.3 340.50 NOTE
r-prerel-solaris-x86 4.3 84.30 NOTE
r-release-linux-x86_64 4.3 2.34 31.79 34.13 OK
r-release-osx-x86_64-mavericks 4.3 OK
r-release-windows-ix86+x86_64 4.3 24.00 71.00 95.00 OK
r-oldrel-windows-ix86+x86_64 4.3 19.00 81.00 100.00 OK

Check Details

Version: 4.3
Check: DESCRIPTION meta-information
Result: NOTE
    Malformed Description field: should contain one or more complete sentences.
Flavors: r-devel-linux-x86_64-debian-clang, r-devel-linux-x86_64-debian-gcc, r-devel-linux-x86_64-fedora-clang, r-devel-linux-x86_64-fedora-gcc, r-devel-osx-x86_64-clang, r-prerel-windows-ix86+x86_64, r-prerel-linux-x86_64, r-prerel-solaris-sparc, r-prerel-solaris-x86