CRAN Package Check Results for Package forestRK

Last updated on 2025-01-20 02:48:22 CET.

Flavor Version Tinstall Tcheck Ttotal Status Flags
r-devel-linux-x86_64-debian-clang 0.0-5 10.20 114.79 124.99 OK
r-devel-linux-x86_64-debian-gcc 0.0-5 9.84 76.01 85.85 OK
r-devel-linux-x86_64-fedora-clang 0.0-5 207.11 NOTE
r-devel-linux-x86_64-fedora-gcc 0.0-5 203.63 NOTE
r-devel-windows-x86_64 0.0-5 12.00 119.00 131.00 OK
r-patched-linux-x86_64 0.0-5 9.84 110.18 120.02 OK
r-release-linux-x86_64 0.0-5 10.39 108.54 118.93 OK
r-release-macos-arm64 0.0-5 52.00 OK
r-release-macos-x86_64 0.0-5 89.00 OK
r-release-windows-x86_64 0.0-5 13.00 122.00 135.00 OK
r-oldrel-macos-arm64 0.0-5 61.00 OK
r-oldrel-macos-x86_64 0.0-5 106.00 OK
r-oldrel-windows-x86_64 0.0-5 14.00 138.00 152.00 OK

Check Details

Version: 0.0-5
Check: dependencies in R code
Result: NOTE Namespace in Imports field not imported from: ‘pkgKitten’ All declared Imports should be used. Flavors: r-devel-linux-x86_64-fedora-clang, r-devel-linux-x86_64-fedora-gcc