CRAN Package Check Results for Package forestRK

Last updated on 2020-09-20 00:47:12 CEST.

Flavor Version Tinstall Tcheck Ttotal Status Flags
r-devel-linux-x86_64-debian-clang 0.0-5 10.85 122.54 133.39 OK
r-devel-linux-x86_64-debian-gcc 0.0-5 8.69 91.75 100.44 OK
r-devel-linux-x86_64-fedora-clang 0.0-5 168.55 NOTE
r-devel-linux-x86_64-fedora-gcc 0.0-5 160.59 NOTE
r-devel-windows-ix86+x86_64 0.0-5 26.00 160.00 186.00 OK
r-patched-linux-x86_64 0.0-5 11.25 119.86 131.11 OK
r-patched-solaris-x86 0.0-5 229.20 NOTE
r-release-linux-x86_64 0.0-5 11.00 121.07 132.07 OK
r-release-macos-x86_64 0.0-5 NOTE
r-release-windows-ix86+x86_64 0.0-5 26.00 117.00 143.00 OK
r-oldrel-macos-x86_64 0.0-5 NOTE
r-oldrel-windows-ix86+x86_64 0.0-5 15.00 144.00 159.00 OK

Check Details

Version: 0.0-5
Check: dependencies in R code
Result: NOTE
    Namespace in Imports field not imported from: ‘pkgKitten’
     All declared Imports should be used.
Flavors: r-devel-linux-x86_64-fedora-clang, r-devel-linux-x86_64-fedora-gcc, r-patched-solaris-x86, r-release-macos-x86_64, r-oldrel-macos-x86_64