CRAN Package Check Results for Package fork

Last updated on 2014-07-25 17:48:00.

Flavor Version Tinstall Tcheck Ttotal Status Flags
r-devel-linux-x86_64-debian-clang 1.2.4 0.87 39.70 40.58 NOTE
r-devel-linux-x86_64-debian-gcc 1.2.4 0.93 39.73 40.66 NOTE
r-devel-linux-x86_64-fedora-clang 1.2.4 22.28 NOTE
r-devel-linux-x86_64-fedora-gcc 1.2.4 20.33 NOTE
r-devel-osx-x86_64-clang 1.2.4 53.40 NOTE
r-patched-linux-x86_64 1.2.4 0.88 39.85 40.73 NOTE
r-patched-solaris-sparc 1.2.4 19.60 ERROR
r-patched-solaris-x86 1.2.4 5.80 ERROR
r-release-linux-ix86 1.2.4 1.41 48.95 50.36 NOTE
r-release-linux-x86_64 1.2.4 0.94 39.93 40.86 NOTE
r-release-osx-x86_64-mavericks 1.2.4 NOTE

Check Details

Version: 1.2.4
Check: R code for possible problems
Result: NOTE
    fork: no visible binding for global variable ‘.pidlist’
    
    Found the following assignments to the global environment:
    File ‘fork/R/fork.R’:
     assign(".pidlist", pid, pos = .GlobalEnv)
     assign(".pidlist", c(.pidlist, pid), pos = .GlobalEnv)
Flavors: r-devel-linux-x86_64-debian-clang, r-devel-linux-x86_64-debian-gcc, r-devel-linux-x86_64-fedora-clang, r-devel-osx-x86_64-clang, r-patched-linux-x86_64, r-release-linux-ix86, r-release-linux-x86_64

Version: 1.2.4
Check: R code for possible problems
Result: NOTE
    fork: no visible binding for global variable ‘.pidlist’
Flavors: r-devel-linux-x86_64-fedora-gcc, r-release-osx-x86_64-mavericks

Version: 1.2.4
Check: whether package can be installed
Result: ERROR
    Installation failed.
    See ‘/home/ripley/R/packages/tests32/fork.Rcheck/00install.out’ for details.
Flavors: r-patched-solaris-sparc, r-patched-solaris-x86