CRAN Package Check Results for Package fork

Last updated on 2014-04-24 23:48:03.

Flavor Version Tinstall Tcheck Ttotal Status Flags
r-devel-linux-x86_64-debian-clang 1.2.4 0.95 40.45 41.40 NOTE
r-devel-linux-x86_64-debian-gcc 1.2.4 0.95 40.42 41.38 NOTE
r-devel-linux-x86_64-fedora-clang 1.2.4 21.96 NOTE
r-devel-linux-x86_64-fedora-gcc 1.2.4 20.99 NOTE
r-devel-osx-x86_64-clang 1.2.4 52.73 NOTE
r-devel-osx-x86_64-gcc 1.2.4 NOTE
r-patched-linux-x86_64 1.2.4 0.92 40.59 41.51 NOTE
r-patched-solaris-sparc 1.2.4 19.60 ERROR
r-patched-solaris-x86 1.2.4 6.00 ERROR
r-release-linux-ix86 1.2.4 2.00 58.00 60.00 NOTE
r-release-linux-x86_64 1.2.4 0.97 40.54 41.51 NOTE
r-release-osx-x86_64-mavericks 1.2.4 NOTE

Check Details

Version: 1.2.4
Check: R code for possible problems
Result: NOTE
    fork: no visible binding for global variable ‘.pidlist’
    
    Found the following assignments to the global environment:
    File ‘fork/R/fork.R’:
     assign(".pidlist", pid, pos = .GlobalEnv)
     assign(".pidlist", c(.pidlist, pid), pos = .GlobalEnv)
Flavors: r-devel-linux-x86_64-debian-clang, r-devel-linux-x86_64-debian-gcc, r-devel-linux-x86_64-fedora-clang, r-devel-osx-x86_64-clang, r-patched-linux-x86_64, r-release-linux-ix86, r-release-linux-x86_64

Version: 1.2.4
Check: R code for possible problems
Result: NOTE
    fork: no visible binding for global variable ‘.pidlist’
Flavors: r-devel-linux-x86_64-fedora-gcc, r-devel-osx-x86_64-gcc, r-release-osx-x86_64-mavericks

Version: 1.2.4
Check: whether package can be installed
Result: ERROR
    Installation failed.
    See ‘/home/ripley/R/packages/tests32/fork.Rcheck/00install.out’ for details.
Flavors: r-patched-solaris-sparc, r-patched-solaris-x86