CRAN Package Check Results for Package fork

Last updated on 2014-09-03 05:47:42.

Flavor Version Tinstall Tcheck Ttotal Status Flags
r-devel-linux-x86_64-debian-clang 1.2.4 0.86 39.62 40.48 NOTE
r-devel-linux-x86_64-debian-gcc 1.2.4 0.88 39.80 40.68 NOTE
r-devel-linux-x86_64-fedora-clang 1.2.4 21.47 NOTE
r-devel-linux-x86_64-fedora-gcc 1.2.4 19.87 NOTE
r-devel-osx-x86_64-clang 1.2.4 52.71 NOTE
r-patched-linux-x86_64 1.2.4 0.90 39.64 40.53 NOTE
r-patched-solaris-sparc 1.2.4 19.90 ERROR
r-patched-solaris-x86 1.2.4 6.60 ERROR
r-release-linux-ix86 1.2.4 1.42 48.97 50.39 NOTE
r-release-linux-x86_64 1.2.4 0.98 40.03 41.01 NOTE
r-release-osx-x86_64-mavericks 1.2.4 NOTE

Check Details

Version: 1.2.4
Check: R code for possible problems
Result: NOTE
    fork: no visible binding for global variable ‘.pidlist’
    
    Found the following assignments to the global environment:
    File ‘fork/R/fork.R’:
     assign(".pidlist", pid, pos = .GlobalEnv)
     assign(".pidlist", c(.pidlist, pid), pos = .GlobalEnv)
Flavors: r-devel-linux-x86_64-debian-clang, r-devel-linux-x86_64-debian-gcc, r-devel-linux-x86_64-fedora-clang, r-devel-osx-x86_64-clang, r-patched-linux-x86_64, r-release-linux-ix86, r-release-linux-x86_64

Version: 1.2.4
Check: compiled code
Result: NOTE
    File ‘/home/hornik/tmp/R.check/r-devel-clang/Work/build/Packages/fork/libs/fork.so’:
     Found ‘_exit’, possibly from ‘_exit’ (C)
     Object: ‘fork.o’
    
    Compiled code should not call entry points which might terminate R nor
    write to stdout/stderr instead of to the console, nor the C RNG.
    
    See ‘Writing portable packages’ in the ‘Writing R Extensions’ manual.
Flavor: r-devel-linux-x86_64-debian-clang

Version: 1.2.4
Check: compiled code
Result: NOTE
    File ‘/home/hornik/tmp/R.check/r-devel-gcc/Work/build/Packages/fork/libs/fork.so’:
     Found ‘_exit’, possibly from ‘_exit’ (C)
     Object: ‘fork.o’
    
    Compiled code should not call entry points which might terminate R nor
    write to stdout/stderr instead of to the console, nor the C RNG.
    
    See ‘Writing portable packages’ in the ‘Writing R Extensions’ manual.
Flavor: r-devel-linux-x86_64-debian-gcc

Version: 1.2.4
Check: compiled code
Result: NOTE
    File ‘/data/gannet/ripley/R/packages/tests-clang/fork.Rcheck/fork/libs/fork.so’:
     Found ‘_exit’, possibly from ‘_exit’ (C)
     Object: ‘fork.o’
    
    Compiled code should not call entry points which might terminate R nor
    write to stdout/stderr instead of to the console, nor the C RNG.
    
    See ‘Writing portable packages’ in the ‘Writing R Extensions’ manual.
Flavor: r-devel-linux-x86_64-fedora-clang

Version: 1.2.4
Check: R code for possible problems
Result: NOTE
    fork: no visible binding for global variable ‘.pidlist’
Flavors: r-devel-linux-x86_64-fedora-gcc, r-release-osx-x86_64-mavericks

Version: 1.2.4
Check: compiled code
Result: NOTE
    File ‘/data/gannet/ripley/R/packages/tests-devel/fork.Rcheck/fork/libs/fork.so’:
     Found ‘_exit’, possibly from ‘_exit’ (C)
     Object: ‘fork.o’
    
    Compiled code should not call entry points which might terminate R nor
    write to stdout/stderr instead of to the console, nor the C RNG.
    
    See ‘Writing portable packages’ in the ‘Writing R Extensions’ manual.
Flavor: r-devel-linux-x86_64-fedora-gcc

Version: 1.2.4
Check: compiled code
Result: NOTE
    File ‘/Users/ripley/R/packages/tests-devel/fork.Rcheck/fork/libs/fork.so’:
     Found ‘__exit’, possibly from ‘_exit’ (C)
     Object: ‘fork.o’
    
    Compiled code should not call entry points which might terminate R nor
    write to stdout/stderr instead of to the console, nor the C RNG.
    
    See ‘Writing portable packages’ in the ‘Writing R Extensions’ manual.
Flavor: r-devel-osx-x86_64-clang

Version: 1.2.4
Check: whether package can be installed
Result: ERROR
    Installation failed.
Flavors: r-patched-solaris-sparc, r-patched-solaris-x86