CRAN Package Check Results for Package formatR

Last updated on 2015-05-30 08:48:35.

Flavor Version Tinstall Tcheck Ttotal Status Flags
r-devel-linux-x86_64-debian-clang 1.2 0.58 10.79 11.37 OK
r-devel-linux-x86_64-debian-gcc 1.2 0.55 10.48 11.04 OK
r-devel-linux-x86_64-fedora-clang 1.2 23.33 OK
r-devel-linux-x86_64-fedora-gcc 1.2 19.44 OK
r-devel-osx-x86_64-clang 1.2 23.32 OK
r-devel-windows-ix86+x86_64 1.2 3.00 19.00 22.00 OK
r-patched-linux-x86_64 1.2 0.55 10.68 11.23 OK
r-patched-solaris-sparc 1.2 138.40 OK
r-patched-solaris-x86 1.2 32.50 OK
r-release-linux-x86_64 1.2 0.60 10.46 11.06 OK
r-release-osx-x86_64-mavericks 1.2 OK
r-release-osx-x86_64-snowleopard 1.2 ERROR
r-release-windows-ix86+x86_64 1.2 4.00 19.00 23.00 OK
r-oldrel-windows-ix86+x86_64 1.2 4.00 21.00 25.00 OK

Check Details

Version: 1.2
Check: package dependencies
Result: ERROR
    Package suggested but not available for checking: ‘knitr’
    
    VignetteBuilder package required for checking but not installed: ‘knitr’
    
    See section ‘The DESCRIPTION file’ in the ‘Writing R Extensions’
    manual.
Flavor: r-release-osx-x86_64-snowleopard