CRAN Package Check Results for Package formatR

Last updated on 2015-07-02 11:48:14.

Flavor Version Tinstall Tcheck Ttotal Status Flags
r-devel-linux-x86_64-debian-clang 1.2 0.58 10.17 10.75 NOTE
r-devel-linux-x86_64-debian-gcc 1.2 0.58 9.94 10.52 NOTE
r-devel-linux-x86_64-fedora-clang 1.2 20.14 NOTE
r-devel-linux-x86_64-fedora-gcc 1.2 18.83 NOTE
r-devel-osx-x86_64-clang 1.2 21.15 OK
r-devel-windows-ix86+x86_64 1.2 3.00 19.00 22.00 NOTE
r-patched-linux-x86_64 1.2 0.55 11.06 11.61 OK
r-patched-solaris-sparc 1.2 138.40 OK
r-patched-solaris-x86 1.2 32.60 OK
r-release-linux-x86_64 1.2 0.56 11.62 12.18 OK
r-release-osx-x86_64-mavericks 1.2 OK
r-release-windows-ix86+x86_64 1.2 3.00 19.00 22.00 OK
r-oldrel-windows-ix86+x86_64 1.2 6.00 31.00 37.00 OK

Check Details

Version: 1.2
Check: R code for possible problems
Result: NOTE
    tidy_eval: no visible global function definition for ‘capture.output’
    usage: no visible global function definition for ‘capture.output’
    usage: no visible binding for global variable ‘argsAnywhere’
    usage: no visible global function definition for ‘getS3method’
Flavors: r-devel-linux-x86_64-debian-clang, r-devel-linux-x86_64-debian-gcc, r-devel-linux-x86_64-fedora-gcc, r-devel-windows-ix86+x86_64

Version: 1.2
Check: R code for possible problems
Result: NOTE
    tidy_eval: no visible global function definition for ‘capture.output’
    usage: no visible global function definition for ‘capture.output’
    usage: no visible binding for global variable ‘argsAnywhere’
    usage: no visible global function definition for ‘getS3method’
    Undefined global functions or variables:
     argsAnywhere capture.output getS3method
Flavor: r-devel-linux-x86_64-fedora-clang