CRAN Package Check Results for Package formatR

Last updated on 2014-04-24 19:53:58.

Flavor Version Tinstall Tcheck Ttotal Status Flags
r-devel-linux-x86_64-debian-clang 0.10 0.58 13.24 13.82 OK
r-devel-linux-x86_64-debian-gcc 0.10 0.59 13.36 13.94 OK
r-devel-linux-x86_64-fedora-clang 0.10 27.98 OK
r-devel-linux-x86_64-fedora-gcc 0.10 25.76 OK
r-devel-osx-x86_64-clang 0.10 23.26 OK
r-devel-osx-x86_64-gcc 0.10 NOTE
r-devel-windows-ix86+x86_64 0.10 3.00 23.00 26.00 OK
r-patched-linux-x86_64 0.10 0.56 13.33 13.89 OK
r-patched-solaris-sparc 0.10 156.20 OK
r-patched-solaris-x86 0.10 41.60 OK
r-release-linux-ix86 0.10 1.00 28.00 29.00 OK
r-release-linux-x86_64 0.10 0.56 13.68 14.24 OK
r-release-osx-x86_64-mavericks 0.10 WARN
r-release-osx-x86_64-snowleopard 0.10 OK
r-release-windows-ix86+x86_64 0.10 3.00 22.00 25.00 OK
r-oldrel-windows-ix86+x86_64 0.10 3.00 23.00 26.00 OK

Check Details

Version: 0.10
Check: package dependencies
Result: NOTE
    Package suggested but not available for checking: ‘knitr’
Flavor: r-devel-osx-x86_64-gcc

Version: 0.10
Check: package dependencies
Result: NOTE
    Package suggested but not available for checking: ‘gWidgetsRGtk2’
Flavor: r-release-osx-x86_64-mavericks

Version: 0.10
Check: R code for possible problems
Result: NOTE
    tidy.gui: no visible global function definition for ‘ggroup’
    tidy.gui: no visible global function definition for ‘gwindow’
    tidy.gui: no visible global function definition for ‘gtext’
    tidy.gui: no visible global function definition for ‘gbutton’
    tidy.gui : <anonymous>: no visible global function definition for
     ‘gfile’
    tidy.gui : <anonymous>: no visible global function definition for
     ‘svalue<-’
    tidy.gui : <anonymous>: no visible global function definition for
     ‘tag<-’
    tidy.gui : <anonymous>: no visible global function definition for
     ‘tooltip<-’
    tidy.gui : <anonymous>: no visible global function definition for
     ‘svalue’
    tidy.gui : <anonymous>: no visible global function definition for ‘tag’
    tidy.gui : <anonymous>: no visible global function definition for
     ‘gwindow’
    tidy.gui : <anonymous>: no visible global function definition for
     ‘ggroup’
    tidy.gui : <anonymous>: no visible global function definition for
     ‘glayout’
    tidy.gui : <anonymous>: no visible global function definition for
     ‘gframe’
    tidy.gui : <anonymous>: no visible global function definition for
     ‘gradio’
    tidy.gui : <anonymous>: no visible global function definition for
     ‘gbutton’
    tidy.gui : <anonymous> : <anonymous>: no visible global function
     definition for ‘svalue’
    tidy.gui : <anonymous> : <anonymous>: no visible global function
     definition for ‘font<-’
    tidy.gui : <anonymous> : <anonymous>: no visible global function
     definition for ‘dispose’
    tidy.gui : <anonymous>: no visible global function definition for
     ‘gedit’
    tidy.gui : <anonymous> : <anonymous>: no visible global function
     definition for ‘gmessage’
Flavor: r-release-osx-x86_64-mavericks

Version: 0.10
Check: PDF version of manual
Result: WARNING
    LaTeX errors when creating PDF version.
    This typically indicates Rd problems.
    LaTeX errors found:
    ! LaTeX Error: File `upquote.sty' not found.
    
    Type X to quit or <RETURN> to proceed,
    or enter new name. (Default extension: sty)
    
    24e509d4/Rd2.tex:8: ==> Fatal error occurred, no output PDF file produced!
Flavor: r-release-osx-x86_64-mavericks