CRAN Package Check Results for Package formatR

Last updated on 2015-04-28 12:47:23.

Flavor Version Tinstall Tcheck Ttotal Status Flags
r-devel-linux-x86_64-debian-clang 1.2 0.60 10.84 11.44 OK
r-devel-linux-x86_64-debian-gcc 1.2 0.62 10.80 11.42 OK
r-devel-linux-x86_64-fedora-clang 1.2 22.14 OK
r-devel-linux-x86_64-fedora-gcc 1.2 20.26 OK
r-devel-osx-x86_64-clang 1.2 23.33 OK
r-devel-windows-ix86+x86_64 1.2 3.00 18.00 21.00 OK
r-patched-linux-x86_64 1.2 0.56 10.48 11.04 OK
r-patched-solaris-sparc 1.2 145.90 OK
r-patched-solaris-x86 1.2 32.80 OK
r-release-linux-x86_64 1.2 0.56 10.62 11.18 OK
r-release-osx-x86_64-mavericks 1.2 OK
r-release-osx-x86_64-snowleopard 1.2 ERROR
r-release-windows-ix86+x86_64 1.2 3.00 19.00 22.00 OK
r-oldrel-windows-ix86+x86_64 1.2 2.00 22.00 24.00 OK

Check Details

Version: 1.2
Check: package dependencies
Result: ERROR
    Package suggested but not available for checking: ‘knitr’
    
    VignetteBuilder package required for checking but not installed: ‘knitr’
    
    See section ‘The DESCRIPTION file’ in the ‘Writing R Extensions’
    manual.
Flavor: r-release-osx-x86_64-snowleopard