CRAN Package Check Results for Package formatR

Last updated on 2016-07-28 03:47:50.

Flavor Version Tinstall Tcheck Ttotal Status Flags
r-devel-linux-x86_64-debian-clang 1.4 0.80 12.85 13.65 OK
r-devel-linux-x86_64-debian-gcc 1.4 0.67 12.51 13.18 OK
r-devel-linux-x86_64-fedora-clang 1.4 19.00 OK
r-devel-linux-x86_64-fedora-gcc 1.4 17.16 OK
r-devel-osx-x86_64-clang 1.4 17.80 OK
r-devel-windows-ix86+x86_64 1.4 5.00 34.00 39.00 ERROR
r-patched-linux-x86_64 1.4 0.83 12.34 13.17 OK
r-patched-solaris-sparc 1.4 116.00 OK
r-patched-solaris-x86 1.4 26.40 OK
r-release-linux-x86_64 1.4 0.77 13.05 13.82 OK
r-release-osx-x86_64-mavericks 1.4 OK
r-release-windows-ix86+x86_64 1.4 5.00 36.00 41.00 OK
r-oldrel-windows-ix86+x86_64 1.4 5.00 32.00 37.00 OK

Check Details

Version: 1.4
Check: whether package can be installed
Result: ERROR
    Installation failed.
Flavor: r-devel-windows-ix86+x86_64