CRAN Package Check Results for Package formattable

Last updated on 2020-09-26 02:09:15 CEST.

Flavor Version Tinstall Tcheck Ttotal Status Flags
r-devel-linux-x86_64-debian-clang 0.2.0.1 3.46 42.11 45.57 OK
r-devel-linux-x86_64-debian-gcc 0.2.0.1 3.04 34.48 37.52 OK
r-devel-linux-x86_64-fedora-clang 0.2.0.1 62.98 OK
r-devel-linux-x86_64-fedora-gcc 0.2.0.1 54.62 OK
r-devel-windows-ix86+x86_64 0.2.0.1 7.00 72.00 79.00 OK
r-patched-linux-x86_64 0.2.0.1 3.60 41.34 44.94 OK
r-patched-solaris-x86 0.2.0.1 79.00 WARN
r-release-linux-x86_64 0.2.0.1 3.96 41.28 45.24 OK
r-release-macos-x86_64 0.2.0.1 WARN
r-release-windows-ix86+x86_64 0.2.0.1 6.00 74.00 80.00 OK
r-oldrel-macos-x86_64 0.2.0.1 WARN
r-oldrel-windows-ix86+x86_64 0.2.0.1 6.00 61.00 67.00 OK

Check Details

Version: 0.2.0.1
Check: re-building of vignette outputs
Result: WARN
    Error(s) in re-building vignettes:
     ...
    --- re-building ‘formattable-data-frame.Rmd’ using rmarkdown
    Warning in engine$weave(file, quiet = quiet, encoding = enc) :
     Pandoc (>= 1.12.3) and/or pandoc-citeproc not available. Falling back to R Markdown v1.
    Quitting from lines 168-169 (formattable-data-frame.Rmd)
    Error: processing vignette 'formattable-data-frame.Rmd' failed with diagnostics:
    there is no package called 'webshot'
    --- failed re-building ‘formattable-data-frame.Rmd’
    
    --- re-building ‘introduction.Rmd’ using rmarkdown
    Warning in engine$weave(file, quiet = quiet, encoding = enc) :
     Pandoc (>= 1.12.3) and/or pandoc-citeproc not available. Falling back to R Markdown v1.
    --- finished re-building ‘introduction.Rmd’
    
    SUMMARY: processing the following file failed:
     ‘formattable-data-frame.Rmd’
    
    Error: Vignette re-building failed.
    Execution halted
Flavor: r-patched-solaris-x86

Version: 0.2.0.1
Check: re-building of vignette outputs
Result: WARN
    Error(s) in re-building vignettes:
     ...
    --- re-building ‘formattable-data-frame.Rmd’ using rmarkdown
    Warning in engine$weave(file, quiet = quiet, encoding = enc) :
     Pandoc (>= 1.12.3) and/or pandoc-citeproc not available. Falling back to R Markdown v1.
    Quitting from lines 168-169 (formattable-data-frame.Rmd)
    Error: processing vignette 'formattable-data-frame.Rmd' failed with diagnostics:
    cannot open the connection
    --- failed re-building ‘formattable-data-frame.Rmd’
    
    --- re-building ‘introduction.Rmd’ using rmarkdown
    Warning in engine$weave(file, quiet = quiet, encoding = enc) :
     Pandoc (>= 1.12.3) and/or pandoc-citeproc not available. Falling back to R Markdown v1.
    --- finished re-building ‘introduction.Rmd’
    
    SUMMARY: processing the following file failed:
     ‘formattable-data-frame.Rmd’
    
    Error: Vignette re-building failed.
    Execution halted
Flavors: r-release-macos-x86_64, r-oldrel-macos-x86_64