CRAN Package Check Results for Package fortunes

Last updated on 2016-04-29 15:46:50.

Flavor Version Tinstall Tcheck Ttotal Status Flags
r-devel-linux-x86_64-debian-gcc 1.5-2 0.60 10.12 10.71 NOTE
r-devel-linux-x86_64-fedora-clang 1.5-2 18.70 NOTE
r-devel-linux-x86_64-fedora-gcc 1.5-2 17.30 NOTE
r-devel-osx-x86_64-clang 1.5-2 23.01 NOTE
r-devel-windows-ix86+x86_64 1.5-2 2.00 25.00 27.00 NOTE
r-patched-linux-x86_64 1.5-2 0.54 10.19 10.74 NOTE
r-patched-solaris-sparc 1.5-2 104.10 NOTE
r-patched-solaris-x86 1.5-2 24.90 NOTE
r-release-linux-x86_64 1.5-2 0.63 11.23 11.86 NOTE
r-release-osx-x86_64-mavericks 1.5-2 NOTE
r-release-windows-ix86+x86_64 1.5-2 2.00 19.00 21.00 NOTE
r-oldrel-windows-ix86+x86_64 1.5-2 4.00 20.00 24.00 OK

Check Details

Version: 1.5-2
Check: DESCRIPTION meta-information
Result: NOTE
    Malformed Description field: should contain one or more complete sentences.
Flavors: r-devel-linux-x86_64-debian-gcc, r-devel-linux-x86_64-fedora-clang, r-devel-linux-x86_64-fedora-gcc, r-devel-osx-x86_64-clang, r-devel-windows-ix86+x86_64, r-patched-linux-x86_64, r-patched-solaris-sparc, r-patched-solaris-x86, r-release-linux-x86_64, r-release-osx-x86_64-mavericks, r-release-windows-ix86+x86_64