CRAN Package Check Results for Package fortunes

Last updated on 2014-09-30 17:48:25.

Flavor Version Tinstall Tcheck Ttotal Status Flags
r-devel-linux-x86_64-debian-clang 1.5-2 0.53 11.43 11.96 OK
r-devel-linux-x86_64-debian-gcc 1.5-2 0.51 11.26 11.77 OK
r-devel-linux-x86_64-fedora-clang 1.5-2 25.16 OK
r-devel-linux-x86_64-fedora-gcc 1.5-2 23.09 OK
r-devel-osx-x86_64-clang 1.5-2 23.75 OK
r-devel-windows-ix86+x86_64 1.5-2 2.00 19.00 21.00 OK
r-patched-linux-x86_64 1.5-2 0.57 11.31 11.88 OK
r-patched-solaris-sparc 1.5-2 131.10 OK
r-patched-solaris-x86 1.5-2 35.00 OK
r-release-linux-ix86 1.5-2 0.83 17.45 18.28 OK
r-release-linux-x86_64 1.5-2 0.55 11.26 11.81 OK
r-release-osx-x86_64-mavericks 1.5-2 NOTE
r-release-osx-x86_64-snowleopard 1.5-2 OK
r-release-windows-ix86+x86_64 1.5-2 3.00 29.00 32.00 OK
r-oldrel-windows-ix86+x86_64 1.5-2 2.00 20.00 22.00 OK

Check Details

Version: 1.5-2
Check: re-building of vignette outputs
Result: NOTE
    Error in re-building vignettes:
     ...
    Error in texi2dvi(file = file, pdf = TRUE, clean = clean, quiet = quiet, :
     Running 'texi2dvi' on 'fortunes.tex' failed.
    LaTeX errors:
    ! LaTeX Error: File `a4wide.sty' not found.
    
    Type X to quit or <RETURN> to proceed,
    or enter new name. (Default extension: sty)
    
    n_test/fortunes/vignettes/fortunes.tex:3: ==> Fatal error occurred, no output
    PDF file produced!
    Calls: buildVignettes -> texi2pdf -> texi2dvi
    Execution halted
Flavor: r-release-osx-x86_64-mavericks