CRAN Package Check Results for Package fortunes

Last updated on 2015-05-22 17:46:37.

Flavor Version Tinstall Tcheck Ttotal Status Flags
r-devel-linux-x86_64-debian-clang 1.5-2 0.54 10.62 11.16 NOTE
r-devel-linux-x86_64-debian-gcc 1.5-2 0.58 10.65 11.24 NOTE
r-devel-linux-x86_64-fedora-clang 1.5-2 22.25 NOTE
r-devel-linux-x86_64-fedora-gcc 1.5-2 21.05 NOTE
r-devel-osx-x86_64-clang 1.5-2 26.18 NOTE
r-devel-windows-ix86+x86_64 1.5-2 5.00 19.00 24.00 NOTE
r-patched-linux-x86_64 1.5-2 0.48 10.66 11.14 NOTE
r-patched-solaris-sparc 1.5-2 113.90 NOTE
r-patched-solaris-x86 1.5-2 30.50 NOTE
r-release-linux-x86_64 1.5-2 0.52 10.74 11.26 NOTE
r-release-osx-x86_64-mavericks 1.5-2 NOTE
r-release-osx-x86_64-snowleopard 1.5-2 NOTE
r-release-windows-ix86+x86_64 1.5-2 1.00 20.00 21.00 NOTE
r-oldrel-windows-ix86+x86_64 1.5-2 4.00 20.00 24.00 OK

Check Details

Version: 1.5-2
Check: DESCRIPTION meta-information
Result: NOTE
    Malformed Description field: should contain one or more complete sentences.
Flavors: r-devel-linux-x86_64-debian-clang, r-devel-linux-x86_64-debian-gcc, r-devel-linux-x86_64-fedora-clang, r-devel-linux-x86_64-fedora-gcc, r-devel-osx-x86_64-clang, r-devel-windows-ix86+x86_64, r-patched-linux-x86_64, r-patched-solaris-sparc, r-patched-solaris-x86, r-release-linux-x86_64, r-release-osx-x86_64-mavericks, r-release-osx-x86_64-snowleopard, r-release-windows-ix86+x86_64