CRAN Package Check Results for Package fortunes

Last updated on 2015-07-07 03:47:38.

Flavor Version Tinstall Tcheck Ttotal Status Flags
r-devel-linux-x86_64-debian-clang 1.5-2 0.55 10.28 10.84 NOTE
r-devel-linux-x86_64-debian-gcc 1.5-2 0.52 10.55 11.06 NOTE
r-devel-linux-x86_64-fedora-clang 1.5-2 20.72 NOTE
r-devel-linux-x86_64-fedora-gcc 1.5-2 19.53 NOTE
r-devel-osx-x86_64-clang 1.5-2 20.06 NOTE
r-devel-windows-ix86+x86_64 1.5-2 3.00 18.00 21.00 NOTE
r-patched-linux-x86_64 1.5-2 0.56 10.56 11.12 NOTE
r-patched-solaris-sparc 1.5-2 138.30 NOTE
r-patched-solaris-x86 1.5-2 30.00 NOTE
r-release-linux-x86_64 1.5-2 0.49 10.38 10.88 NOTE
r-release-osx-x86_64-mavericks 1.5-2 NOTE
r-release-windows-ix86+x86_64 1.5-2 2.00 17.00 19.00 NOTE
r-oldrel-windows-ix86+x86_64 1.5-2 4.00 20.00 24.00 OK

Check Details

Version: 1.5-2
Check: DESCRIPTION meta-information
Result: NOTE
    Malformed Description field: should contain one or more complete sentences.
Flavors: r-devel-linux-x86_64-debian-clang, r-devel-linux-x86_64-debian-gcc, r-devel-linux-x86_64-fedora-clang, r-devel-linux-x86_64-fedora-gcc, r-devel-osx-x86_64-clang, r-devel-windows-ix86+x86_64, r-patched-linux-x86_64, r-patched-solaris-sparc, r-patched-solaris-x86, r-release-linux-x86_64, r-release-osx-x86_64-mavericks, r-release-windows-ix86+x86_64