CRAN Package Check Results for Package fortunes

Last updated on 2015-03-28 11:49:14.

Flavor Version Tinstall Tcheck Ttotal Status Flags
r-devel-linux-x86_64-debian-clang 1.5-2 0.49 11.25 11.74 NOTE
r-devel-linux-x86_64-debian-gcc 1.5-2 0.49 10.71 11.20 NOTE
r-devel-linux-x86_64-fedora-clang 1.5-2 22.08 NOTE
r-devel-linux-x86_64-fedora-gcc 1.5-2 20.67 NOTE
r-devel-osx-x86_64-clang 1.5-2 28.65 NOTE
r-prerel-windows-ix86+x86_64 1.5-2 3.00 18.00 21.00 NOTE
r-prerel-linux-x86_64 1.5-2 0.48 10.88 11.36 NOTE
r-prerel-solaris-sparc 1.5-2 113.90 NOTE
r-prerel-solaris-x86 1.5-2 29.60 NOTE
r-release-linux-x86_64 1.5-2 0.57 11.29 11.86 OK
r-release-osx-x86_64-mavericks 1.5-2 OK
r-release-osx-x86_64-snowleopard 1.5-2 OK
r-release-windows-ix86+x86_64 1.5-2 4.00 20.00 24.00 OK
r-oldrel-windows-ix86+x86_64 1.5-2 2.00 20.00 22.00 OK

Check Details

Version: 1.5-2
Check: DESCRIPTION meta-information
Result: NOTE
    Malformed Description field: should contain one or more complete sentences.
Flavors: r-devel-linux-x86_64-debian-clang, r-devel-linux-x86_64-debian-gcc, r-devel-linux-x86_64-fedora-clang, r-devel-linux-x86_64-fedora-gcc, r-devel-osx-x86_64-clang, r-prerel-windows-ix86+x86_64, r-prerel-linux-x86_64, r-prerel-solaris-sparc, r-prerel-solaris-x86