CRAN Package Check Results for Package fortunes

Last updated on 2016-02-10 10:47:43.

Flavor Version Tinstall Tcheck Ttotal Status Flags
r-devel-linux-x86_64-debian-gcc 1.5-2 0.54 9.17 9.71 NOTE
r-devel-linux-x86_64-fedora-clang 1.5-2 18.53 NOTE
r-devel-linux-x86_64-fedora-gcc 1.5-2 17.13 NOTE
r-devel-osx-x86_64-clang 1.5-2 22.11 NOTE
r-devel-windows-ix86+x86_64 1.5-2 4.00 21.00 25.00 NOTE
r-patched-linux-x86_64 1.5-2 0.61 10.23 10.84 NOTE
r-patched-solaris-sparc 1.5-2 115.30 NOTE
r-patched-solaris-x86 1.5-2 26.10 NOTE
r-release-linux-x86_64 1.5-2 0.59 10.52 11.11 NOTE
r-release-osx-x86_64-mavericks 1.5-2 NOTE
r-release-windows-ix86+x86_64 1.5-2 2.00 19.00 21.00 NOTE
r-oldrel-windows-ix86+x86_64 1.5-2 4.00 20.00 24.00 OK

Check Details

Version: 1.5-2
Check: DESCRIPTION meta-information
Result: NOTE
    Malformed Description field: should contain one or more complete sentences.
Flavors: r-devel-linux-x86_64-debian-gcc, r-devel-linux-x86_64-fedora-clang, r-devel-linux-x86_64-fedora-gcc, r-devel-osx-x86_64-clang, r-devel-windows-ix86+x86_64, r-patched-linux-x86_64, r-patched-solaris-sparc, r-patched-solaris-x86, r-release-linux-x86_64, r-release-osx-x86_64-mavericks, r-release-windows-ix86+x86_64