CRAN Package Check Results for Package fortunes

Last updated on 2015-08-30 04:48:22.

Flavor Version Tinstall Tcheck Ttotal Status Flags
r-devel-linux-x86_64-debian-clang 1.5-2 0.52 10.05 10.57 NOTE
r-devel-linux-x86_64-debian-gcc 1.5-2 0.46 10.00 10.46 NOTE
r-devel-linux-x86_64-fedora-clang 1.5-2 21.34 NOTE
r-devel-linux-x86_64-fedora-gcc 1.5-2 20.19 NOTE
r-devel-osx-x86_64-clang 1.5-2 19.52 NOTE
r-devel-windows-ix86+x86_64 1.5-2 4.00 29.00 33.00 NOTE
r-patched-linux-x86_64 1.5-2 0.49 10.54 11.03 NOTE
r-patched-solaris-sparc 1.5-2 125.70 NOTE
r-patched-solaris-x86 1.5-2 31.40 NOTE
r-release-linux-x86_64 1.5-2 0.52 10.62 11.14 NOTE
r-release-osx-x86_64-mavericks 1.5-2 NOTE
r-release-windows-ix86+x86_64 1.5-2 3.00 21.00 24.00 NOTE
r-oldrel-windows-ix86+x86_64 1.5-2 4.00 20.00 24.00 OK

Check Details

Version: 1.5-2
Check: DESCRIPTION meta-information
Result: NOTE
    Malformed Description field: should contain one or more complete sentences.
Flavors: r-devel-linux-x86_64-debian-clang, r-devel-linux-x86_64-debian-gcc, r-devel-linux-x86_64-fedora-clang, r-devel-linux-x86_64-fedora-gcc, r-devel-osx-x86_64-clang, r-devel-windows-ix86+x86_64, r-patched-linux-x86_64, r-patched-solaris-sparc, r-patched-solaris-x86, r-release-linux-x86_64, r-release-osx-x86_64-mavericks, r-release-windows-ix86+x86_64