CRAN Package Check Results for Package fortunes

Last updated on 2014-04-24 09:49:01.

Flavor Version Tinstall Tcheck Ttotal Status Flags
r-devel-linux-x86_64-debian-clang 1.5-2 0.57 10.54 11.11 OK
r-devel-linux-x86_64-debian-gcc 1.5-2 0.51 10.87 11.38 OK
r-devel-linux-x86_64-fedora-clang 1.5-2 24.47 OK
r-devel-linux-x86_64-fedora-gcc 1.5-2 23.47 OK
r-devel-osx-x86_64-clang 1.5-2 22.17 OK
r-devel-osx-x86_64-gcc 1.5-2 OK
r-devel-windows-ix86+x86_64 1.5-2 2.00 18.00 20.00 OK
r-patched-linux-x86_64 1.5-2 0.51 10.44 10.95 OK
r-patched-solaris-sparc 1.5-2 124.50 OK
r-patched-solaris-x86 1.5-2 35.90 OK
r-release-linux-ix86 1.5-2 1.00 25.00 26.00 OK
r-release-linux-x86_64 1.5-2 0.53 10.36 10.89 OK
r-release-osx-x86_64-mavericks 1.5-2 NOTE
r-release-osx-x86_64-snowleopard 1.5-2 OK
r-release-windows-ix86+x86_64 1.5-2 4.00 27.00 31.00 OK
r-oldrel-windows-ix86+x86_64 1.5-2 2.00 20.00 22.00 OK

Check Details

Version: 1.5-2
Check: re-building of vignette outputs
Result: NOTE
    Error in re-building vignettes:
     ...
    Error in texi2dvi(file = file, pdf = TRUE, clean = clean, quiet = quiet, :
     Running 'texi2dvi' on 'fortunes.tex' failed.
    LaTeX errors:
    ! LaTeX Error: File `a4wide.sty' not found.
    
    Type X to quit or <RETURN> to proceed,
    or enter new name. (Default extension: sty)
    
    n_test/fortunes/vignettes/fortunes.tex:3: ==> Fatal error occurred, no output
    PDF file produced!
    Calls: buildVignettes -> texi2pdf -> texi2dvi
    Execution halted
Flavor: r-release-osx-x86_64-mavericks