CRAN Package Check Results for Package fortunes

Last updated on 2014-07-22 23:48:18.

Flavor Version Tinstall Tcheck Ttotal Status Flags
r-devel-linux-x86_64-debian-clang 1.5-2 0.51 9.98 10.49 OK
r-devel-linux-x86_64-debian-gcc 1.5-2 0.47 9.76 10.23 OK
r-devel-linux-x86_64-fedora-clang 1.5-2 24.53 OK
r-devel-linux-x86_64-fedora-gcc 1.5-2 23.13 OK
r-devel-osx-x86_64-clang 1.5-2 22.55 OK
r-devel-windows-ix86+x86_64 1.5-2 2.00 18.00 20.00 OK
r-patched-linux-x86_64 1.5-2 0.48 9.83 10.31 OK
r-patched-solaris-sparc 1.5-2 124.50 OK
r-patched-solaris-x86 1.5-2 34.80 OK
r-release-linux-ix86 1.5-2 0.82 17.40 18.22 OK
r-release-linux-x86_64 1.5-2 0.50 10.51 11.01 OK
r-release-osx-x86_64-mavericks 1.5-2 NOTE
r-release-osx-x86_64-snowleopard 1.5-2 OK
r-release-windows-ix86+x86_64 1.5-2 3.00 29.00 32.00 OK
r-oldrel-windows-ix86+x86_64 1.5-2 2.00 20.00 22.00 OK

Check Details

Version: 1.5-2
Check: re-building of vignette outputs
Result: NOTE
    Error in re-building vignettes:
     ...
    Error in texi2dvi(file = file, pdf = TRUE, clean = clean, quiet = quiet, :
     Running 'texi2dvi' on 'fortunes.tex' failed.
    LaTeX errors:
    ! LaTeX Error: File `a4wide.sty' not found.
    
    Type X to quit or <RETURN> to proceed,
    or enter new name. (Default extension: sty)
    
    n_test/fortunes/vignettes/fortunes.tex:3: ==> Fatal error occurred, no output
    PDF file produced!
    Calls: buildVignettes -> texi2pdf -> texi2dvi
    Execution halted
Flavor: r-release-osx-x86_64-mavericks