CRAN Package Check Results for Package fortunes

Last updated on 2019-03-23 05:47:48 CET.

Flavor Version Tinstall Tcheck Ttotal Status Flags
r-devel-linux-x86_64-debian-clang 1.5-4 1.47 22.09 23.56 OK
r-devel-linux-x86_64-debian-gcc 1.5-4 1.34 17.88 19.22 OK
r-devel-linux-x86_64-fedora-clang 1.5-4 29.42 OK
r-devel-linux-x86_64-fedora-gcc 1.5-4 27.87 OK
r-devel-windows-ix86+x86_64 1.5-4 7.00 42.00 49.00 OK
r-patched-linux-x86_64 1.5-4 0.84 20.98 21.82 OK
r-patched-solaris-x86 1.5-4 41.00 OK
r-release-linux-x86_64 1.5-4 0.35 1.85 2.20 ERROR
r-release-windows-ix86+x86_64 1.5-4 2.00 34.00 36.00 OK
r-release-osx-x86_64 1.5-4 OK
r-oldrel-windows-ix86+x86_64 1.5-4 2.00 49.00 51.00 OK
r-oldrel-osx-x86_64 1.5-4 OK

Check Details

Version: 1.5-4
Check: whether package can be installed
Result: ERROR
    Installation failed.
Flavor: r-release-linux-x86_64