CRAN Package Check Results for Package forward

Last updated on 2014-11-27 14:47:17.

Flavor Version Tinstall Tcheck Ttotal Status Flags
r-devel-linux-x86_64-debian-clang 1.0.3 1.02 17.60 18.62 NOTE
r-devel-linux-x86_64-debian-gcc 1.0.3 1.00 16.84 17.84 NOTE
r-devel-linux-x86_64-fedora-clang 1.0.3 36.90 NOTE
r-devel-linux-x86_64-fedora-gcc 1.0.3 39.07 NOTE
r-devel-osx-x86_64-clang 1.0.3 32.93 NOTE
r-devel-windows-ix86+x86_64 1.0.3 4.00 29.00 33.00 NOTE
r-patched-linux-x86_64 1.0.3 1.04 18.02 19.06 NOTE
r-patched-solaris-sparc 1.0.3 214.30 NOTE
r-patched-solaris-x86 1.0.3 49.90 NOTE
r-release-linux-ix86 1.0.3 1.38 24.68 26.06 NOTE
r-release-linux-x86_64 1.0.3 1.04 17.54 18.58 NOTE
r-release-osx-x86_64-mavericks 1.0.3 NOTE
r-release-windows-ix86+x86_64 1.0.3 4.00 29.00 33.00 NOTE
r-oldrel-windows-ix86+x86_64 1.0.3 4.00 28.00 32.00 NOTE

Check Details

Version: 1.0.3
Check: top-level files
Result: NOTE
    Non-standard file/directory found at top level:
     ‘scripts’
Flavors: r-devel-linux-x86_64-debian-clang, r-devel-linux-x86_64-debian-gcc, r-devel-linux-x86_64-fedora-clang, r-devel-linux-x86_64-fedora-gcc, r-patched-linux-x86_64, r-release-linux-x86_64

Version: 1.0.3
Check: R code for possible problems
Result: NOTE
    fwdglm: warning in glm.fit(x = x[bsb, ], y = y[bsb], w = weights[bsb],
     offset = obsb, family = family, control = glm.control(epsilon =
     epsilon, maxit = maxit)): partial argument match of ‘w’ to ‘weights’
    lmsglm : subset.median: warning in glm.fit(x[bsb, ], ybsb, family =
     family, w = weights[bsb], offset = obsb, control =
     glm.control(epsilon = epsilon, maxit = maxit)): partial argument
     match of ‘w’ to ‘weights’
    lmsglm: warning in glm.fit(x[bsb, ], y[bsb], family = family, w =
     weights[bsb], offset = obsb, control = glm.control(epsilon = epsilon,
     maxit = maxit)): partial argument match of ‘w’ to ‘weights’
Flavors: r-devel-linux-x86_64-debian-clang, r-devel-linux-x86_64-debian-gcc, r-devel-linux-x86_64-fedora-clang, r-devel-linux-x86_64-fedora-gcc, r-devel-osx-x86_64-clang, r-devel-windows-ix86+x86_64, r-patched-linux-x86_64, r-patched-solaris-sparc, r-patched-solaris-x86, r-release-linux-ix86, r-release-linux-x86_64, r-release-osx-x86_64-mavericks, r-release-windows-ix86+x86_64, r-oldrel-windows-ix86+x86_64

Version: 1.0.3
Check: Rd line widths
Result: NOTE
    Rd file 'lmsglm.Rd':
     \usage lines wider than 90 characters:
     lmsglm(x, y, family, weights, offset, n.samples = 100, max.samples = 200, epsilon = 1e-04, maxit = 50, trace = FALSE)
    
    These lines will be truncated in the PDF manual.
Flavors: r-devel-linux-x86_64-debian-clang, r-devel-linux-x86_64-debian-gcc, r-devel-linux-x86_64-fedora-clang, r-devel-linux-x86_64-fedora-gcc, r-patched-linux-x86_64, r-release-linux-x86_64