CRAN Package Check Results for Package forward

Last updated on 2015-01-25 21:48:17.

Flavor Version Tinstall Tcheck Ttotal Status Flags
r-devel-linux-x86_64-debian-clang 1.0.3 1.05 16.22 17.27 NOTE
r-devel-linux-x86_64-debian-gcc 1.0.3 1.00 17.67 18.66 NOTE
r-devel-linux-x86_64-fedora-clang 1.0.3 37.16 NOTE
r-devel-linux-x86_64-fedora-gcc 1.0.3 35.53 NOTE
r-devel-osx-x86_64-clang 1.0.3 34.45 NOTE
r-devel-windows-ix86+x86_64 1.0.3 7.00 29.00 36.00 NOTE
r-patched-linux-x86_64 1.0.3 1.06 17.98 19.04 NOTE
r-patched-solaris-sparc 1.0.3 221.80 NOTE
r-patched-solaris-x86 1.0.3 49.00 NOTE
r-release-linux-ix86 1.0.3 1.40 24.21 25.60 NOTE
r-release-linux-x86_64 1.0.3 1.37 17.90 19.27 NOTE
r-release-osx-x86_64-mavericks 1.0.3 NOTE
r-release-windows-ix86+x86_64 1.0.3 4.00 29.00 33.00 NOTE
r-oldrel-windows-ix86+x86_64 1.0.3 5.00 28.00 33.00 NOTE

Check Details

Version: 1.0.3
Check: top-level files
Result: NOTE
    Non-standard file/directory found at top level:
     ‘scripts’
Flavors: r-devel-linux-x86_64-debian-clang, r-devel-linux-x86_64-debian-gcc, r-devel-linux-x86_64-fedora-clang, r-devel-linux-x86_64-fedora-gcc, r-patched-linux-x86_64, r-release-linux-x86_64

Version: 1.0.3
Check: R code for possible problems
Result: NOTE
    fwdglm: warning in glm.fit(x = x[bsb, ], y = y[bsb], w = weights[bsb],
     offset = obsb, family = family, control = glm.control(epsilon =
     epsilon, maxit = maxit)): partial argument match of ‘w’ to ‘weights’
    lmsglm : subset.median: warning in glm.fit(x[bsb, ], ybsb, family =
     family, w = weights[bsb], offset = obsb, control =
     glm.control(epsilon = epsilon, maxit = maxit)): partial argument
     match of ‘w’ to ‘weights’
    lmsglm: warning in glm.fit(x[bsb, ], y[bsb], family = family, w =
     weights[bsb], offset = obsb, control = glm.control(epsilon = epsilon,
     maxit = maxit)): partial argument match of ‘w’ to ‘weights’
Flavors: r-devel-linux-x86_64-debian-clang, r-devel-linux-x86_64-debian-gcc, r-devel-linux-x86_64-fedora-clang, r-devel-linux-x86_64-fedora-gcc, r-devel-osx-x86_64-clang, r-devel-windows-ix86+x86_64, r-patched-linux-x86_64, r-patched-solaris-sparc, r-patched-solaris-x86, r-release-linux-ix86, r-release-linux-x86_64, r-release-osx-x86_64-mavericks, r-release-windows-ix86+x86_64, r-oldrel-windows-ix86+x86_64

Version: 1.0.3
Check: Rd line widths
Result: NOTE
    Rd file 'lmsglm.Rd':
     \usage lines wider than 90 characters:
     lmsglm(x, y, family, weights, offset, n.samples = 100, max.samples = 200, epsilon = 1e-04, maxit = 50, trace = FALSE)
    
    These lines will be truncated in the PDF manual.
Flavors: r-devel-linux-x86_64-debian-clang, r-devel-linux-x86_64-debian-gcc, r-devel-linux-x86_64-fedora-clang, r-devel-linux-x86_64-fedora-gcc, r-patched-linux-x86_64, r-release-linux-x86_64

Version: 1.0.3
Check: S3 generic/method consistency
Result: NOTE
    Found the following apparent S3 methods exported but not registered:
     print.fwdglm print.fwdlm print.fwdsco print.summary.fwdglm
     print.summary.fwdlm print.summary.fwdsco summary.fwdglm summary.fwdlm
     summary.fwdsco plot.fwdglm plot.fwdlm plot.fwdsco
    See section ‘Registering S3 methods’ in the ‘Writing R Extensions’
    manual.
Flavors: r-devel-linux-x86_64-fedora-clang, r-devel-linux-x86_64-fedora-gcc, r-devel-osx-x86_64-clang