CRAN Package Check Results for Package forward

Last updated on 2015-04-25 19:47:20.

Flavor Version Tinstall Tcheck Ttotal Status Flags
r-devel-linux-x86_64-debian-clang 1.0.3 0.99 16.25 17.24 NOTE
r-devel-linux-x86_64-debian-gcc 1.0.3 0.92 15.78 16.69 NOTE
r-devel-linux-x86_64-fedora-clang 1.0.3 33.32 NOTE
r-devel-linux-x86_64-fedora-gcc 1.0.3 30.20 NOTE
r-devel-osx-x86_64-clang 1.0.3 31.12 NOTE
r-devel-windows-ix86+x86_64 1.0.3 4.00 25.00 29.00 NOTE
r-patched-linux-x86_64 1.0.3 0.89 16.46 17.35 NOTE
r-patched-solaris-sparc 1.0.3 211.70 NOTE
r-patched-solaris-x86 1.0.3 41.40 NOTE
r-release-linux-x86_64 1.0.3 0.90 15.74 16.64 NOTE
r-release-osx-x86_64-mavericks 1.0.3 NOTE
r-release-osx-x86_64-snowleopard 1.0.3 NOTE
r-release-windows-ix86+x86_64 1.0.3 4.00 27.00 31.00 NOTE
r-oldrel-windows-ix86+x86_64 1.0.3 4.00 29.00 33.00 NOTE

Check Details

Version: 1.0.3
Check: R code for possible problems
Result: NOTE
    fwdglm: warning in glm.fit(x = x[bsb, ], y = y[bsb], w = weights[bsb],
     offset = obsb, family = family, control = glm.control(epsilon =
     epsilon, maxit = maxit)): partial argument match of 'w' to 'weights'
    lmsglm : subset.median: warning in glm.fit(x[bsb, ], ybsb, family =
     family, w = weights[bsb], offset = obsb, control =
     glm.control(epsilon = epsilon, maxit = maxit)): partial argument
     match of 'w' to 'weights'
    lmsglm: warning in glm.fit(x[bsb, ], y[bsb], family = family, w =
     weights[bsb], offset = obsb, control = glm.control(epsilon = epsilon,
     maxit = maxit)): partial argument match of 'w' to 'weights'
Flavors: r-devel-windows-ix86+x86_64, r-release-windows-ix86+x86_64, r-oldrel-windows-ix86+x86_64