CRAN Package Check Results for Package fossil

Last updated on 2014-04-17 10:47:48.

Flavor Version Tinstall Tcheck Ttotal Status Flags
r-devel-linux-x86_64-debian-clang 0.3.7 1.68 33.74 35.42 NOTE
r-devel-linux-x86_64-debian-gcc 0.3.7 1.52 34.32 35.84 NOTE
r-devel-linux-x86_64-fedora-clang 0.3.7 73.00 NOTE
r-devel-linux-x86_64-fedora-gcc 0.3.7 68.08 NOTE
r-devel-macosx-x86_64-clang 0.3.7 57.29 NOTE
r-devel-macosx-x86_64-gcc 0.3.7 NOTE
r-devel-windows-ix86+x86_64 0.3.7 5.00 53.00 58.00 NOTE
r-patched-linux-x86_64 0.3.7 1.53 34.22 35.74 NOTE
r-patched-solaris-sparc 0.3.7 399.50 NOTE
r-patched-solaris-x86 0.3.7 86.70 NOTE
r-release-linux-ix86 0.3.7 3.00 59.00 62.00 NOTE
r-release-linux-x86_64 0.3.7 1.50 33.92 35.43 NOTE
r-release-macosx-x86_64 0.3.7 NOTE
r-release-windows-ix86+x86_64 0.3.7 5.00 53.00 58.00 NOTE
r-oldrel-windows-ix86+x86_64 0.3.7 6.00 52.00 58.00 NOTE

Check Details

Version: 0.3.7
Check: dependencies in R code
Result: NOTE
    'library' or 'require' call to ‘shapefiles’ which was already attached by Depends.
     Please remove these calls from your code.
    See the information on DESCRIPTION files in the chapter ‘Creating R
    packages’ of the ‘Writing R Extensions’ manual.
Flavors: r-devel-linux-x86_64-debian-clang, r-devel-linux-x86_64-debian-gcc, r-devel-linux-x86_64-fedora-clang, r-devel-linux-x86_64-fedora-gcc, r-devel-macosx-x86_64-clang, r-devel-macosx-x86_64-gcc, r-devel-windows-ix86+x86_64, r-patched-linux-x86_64, r-patched-solaris-sparc, r-patched-solaris-x86, r-release-linux-ix86, r-release-linux-x86_64, r-release-macosx-x86_64, r-release-windows-ix86+x86_64, r-oldrel-windows-ix86+x86_64

Version: 0.3.7
Check: Rd line widths
Result: NOTE
    Rd file 'create.matrix.Rd':
     \usage lines wider than 90 characters:
     create.matrix(x,tax.name="genus",locality="locality",time.col=NULL,time=NULL,abund=FALSE,abund.col="abundance")
    
    Rd file 'new.lat.long.Rd':
     \examples lines wider than 100 characters:
     #Travel from 0,0 to a new location at a bearing of 45 degrees from North (clockwise) and 1000 km away
    
    These lines will be truncated in the PDF manual.
Flavors: r-devel-linux-x86_64-fedora-clang, r-devel-linux-x86_64-fedora-gcc