CRAN Package Check Results for Package fossil

Last updated on 2015-04-25 12:46:15.

Flavor Version Tinstall Tcheck Ttotal Status Flags
r-devel-linux-x86_64-debian-clang 0.3.7 0.30 1.69 2.00 ERROR
r-devel-linux-x86_64-debian-gcc 0.3.7 1.25 33.49 34.74 NOTE
r-devel-linux-x86_64-fedora-clang 0.3.7 61.88 NOTE
r-devel-linux-x86_64-fedora-gcc 0.3.7 60.17 NOTE
r-devel-osx-x86_64-clang 0.3.7 50.98 NOTE
r-devel-windows-ix86+x86_64 0.3.7 5.00 51.00 56.00 NOTE
r-patched-linux-x86_64 0.3.7 1.49 28.76 30.26 NOTE
r-patched-solaris-sparc 0.3.7 362.70 NOTE
r-patched-solaris-x86 0.3.7 71.80 NOTE
r-release-linux-x86_64 0.3.7 1.26 28.90 30.15 NOTE
r-release-osx-x86_64-mavericks 0.3.7 NOTE
r-release-osx-x86_64-snowleopard 0.3.7 NOTE
r-release-windows-ix86+x86_64 0.3.7 6.00 50.00 56.00 NOTE
r-oldrel-windows-ix86+x86_64 0.3.7 4.00 54.00 58.00 NOTE

Check Details

Version: 0.3.7
Check: dependencies in R code
Result: NOTE
    'library' or 'require' call to 'shapefiles' which was already attached by Depends.
     Please remove these calls from your code.
Flavors: r-devel-windows-ix86+x86_64, r-release-windows-ix86+x86_64, r-oldrel-windows-ix86+x86_64