CRAN Package Check Results for Package fossil

Last updated on 2015-03-31 03:48:29.

Flavor Version Tinstall Tcheck Ttotal Status Flags
r-devel-linux-x86_64-debian-clang 0.3.7 1.34 29.05 30.39 NOTE
r-devel-linux-x86_64-debian-gcc 0.3.7 1.42 29.16 30.58 NOTE
r-devel-linux-x86_64-fedora-clang 0.3.7 61.46 NOTE
r-devel-linux-x86_64-fedora-gcc 0.3.7 58.82 NOTE
r-devel-osx-x86_64-clang 0.3.7 57.76 NOTE
r-prerel-windows-ix86+x86_64 0.3.7 7.00 50.00 57.00 NOTE
r-prerel-linux-x86_64 0.3.7 1.23 28.26 29.49 NOTE
r-prerel-solaris-sparc 0.3.7 362.70 NOTE
r-prerel-solaris-x86 0.3.7 72.10 NOTE
r-release-linux-x86_64 0.3.7 1.63 32.49 34.12 NOTE
r-release-osx-x86_64-mavericks 0.3.7 NOTE
r-release-osx-x86_64-snowleopard 0.3.7 NOTE
r-release-windows-ix86+x86_64 0.3.7 6.00 51.00 57.00 NOTE
r-oldrel-windows-ix86+x86_64 0.3.7 7.00 54.00 61.00 NOTE

Check Details

Version: 0.3.7
Check: dependencies in R code
Result: NOTE
    'library' or 'require' call to ‘shapefiles’ which was already attached by Depends.
     Please remove these calls from your code.
Flavors: r-devel-linux-x86_64-debian-clang, r-devel-linux-x86_64-debian-gcc, r-devel-linux-x86_64-fedora-clang, r-devel-linux-x86_64-fedora-gcc, r-devel-osx-x86_64-clang, r-prerel-windows-ix86+x86_64, r-prerel-linux-x86_64, r-prerel-solaris-sparc, r-prerel-solaris-x86, r-release-linux-x86_64, r-release-windows-ix86+x86_64

Version: 0.3.7
Check: Rd line widths
Result: NOTE
    Rd file 'create.matrix.Rd':
     \usage lines wider than 90 characters:
     create.matrix(x,tax.name="genus",locality="locality",time.col=NULL,time=NULL,abund=FALSE,abund.col="abundance")
    
    Rd file 'new.lat.long.Rd':
     \examples lines wider than 100 characters:
     #Travel from 0,0 to a new location at a bearing of 45 degrees from North (clockwise) and 1000 km away
    
    These lines will be truncated in the PDF manual.
Flavors: r-devel-linux-x86_64-debian-clang, r-devel-linux-x86_64-debian-gcc, r-devel-linux-x86_64-fedora-clang, r-devel-linux-x86_64-fedora-gcc, r-prerel-linux-x86_64, r-release-linux-x86_64

Version: 0.3.7
Check: dependencies in R code
Result: NOTE
    'library' or 'require' call to ‘shapefiles’ which was already attached by Depends.
     Please remove these calls from your code.
    See the information on DESCRIPTION files in the chapter ‘Creating R
    packages’ of the ‘Writing R Extensions’ manual.
Flavors: r-release-osx-x86_64-mavericks, r-release-osx-x86_64-snowleopard, r-oldrel-windows-ix86+x86_64