CRAN Package Check Results for Package fossil

Last updated on 2016-09-27 10:47:31.

Flavor Version Tinstall Tcheck Ttotal Status Flags
r-devel-linux-x86_64-debian-clang 0.3.7 1.12 29.24 30.36 NOTE
r-devel-linux-x86_64-debian-gcc 0.3.7 1.26 28.64 29.89 NOTE
r-devel-linux-x86_64-fedora-clang 0.3.7 57.49 NOTE
r-devel-linux-x86_64-fedora-gcc 0.3.7 54.06 NOTE
r-devel-macos-x86_64-clang 0.3.7 46.17 NOTE
r-devel-windows-ix86+x86_64 0.3.7 6.00 74.00 80.00 NOTE
r-patched-linux-x86_64 0.3.7 1.14 28.19 29.33 NOTE
r-patched-solaris-sparc 0.3.7 407.40 NOTE
r-patched-solaris-x86 0.3.7 65.30 NOTE
r-release-linux-x86_64 0.3.7 1.23 28.49 29.72 NOTE
r-release-osx-x86_64-mavericks 0.3.7 NOTE
r-release-windows-ix86+x86_64 0.3.7 8.00 75.00 83.00 NOTE
r-oldrel-windows-ix86+x86_64 0.3.7 10.00 75.00 85.00 NOTE

Check Details

Version: 0.3.7
Check: dependencies in R code
Result: NOTE
    'library' or 'require' call to ‘shapefiles’ which was already attached by Depends.
     Please remove these calls from your code.
Flavors: r-devel-linux-x86_64-debian-clang, r-devel-linux-x86_64-debian-gcc, r-devel-linux-x86_64-fedora-clang, r-devel-linux-x86_64-fedora-gcc, r-devel-macos-x86_64-clang, r-devel-windows-ix86+x86_64, r-patched-linux-x86_64, r-patched-solaris-sparc, r-patched-solaris-x86, r-release-linux-x86_64, r-release-osx-x86_64-mavericks, r-release-windows-ix86+x86_64, r-oldrel-windows-ix86+x86_64

Version: 0.3.7
Check: R code for possible problems
Result: NOTE
    dino.dist: no visible global function definition for ‘as.dist’
    earth.dist: no visible global function definition for ‘as.dist’
    ecol.dist: no visible global function definition for ‘as.dist’
    loc.map: no visible global function definition for ‘points’
    msn.map: no visible global function definition for ‘points’
    msn.map: no visible global function definition for ‘lines’
    mstlines: no visible global function definition for ‘lines’
    nmds.mst: no visible global function definition for ‘lines’
    rclust.null: no visible global function definition for ‘sd’
    sim.occ: no visible global function definition for ‘rlnorm’
    spp.est: no visible global function definition for ‘sd’
    Undefined global functions or variables:
     as.dist lines points rlnorm sd
    Consider adding
     importFrom("graphics", "lines", "points")
     importFrom("stats", "as.dist", "rlnorm", "sd")
    to your NAMESPACE file.
Flavors: r-devel-linux-x86_64-debian-clang, r-devel-linux-x86_64-debian-gcc, r-devel-linux-x86_64-fedora-clang, r-devel-linux-x86_64-fedora-gcc, r-devel-macos-x86_64-clang, r-devel-windows-ix86+x86_64, r-patched-linux-x86_64, r-patched-solaris-sparc, r-patched-solaris-x86, r-release-linux-x86_64, r-release-osx-x86_64-mavericks, r-release-windows-ix86+x86_64

Version: 0.3.7
Check: Rd line widths
Result: NOTE
    Rd file 'create.matrix.Rd':
     \usage lines wider than 90 characters:
     create.matrix(x,tax.name="genus",locality="locality",time.col=NULL,time=NULL,abund=FALSE,abund.col="abundance")
    
    Rd file 'new.lat.long.Rd':
     \examples lines wider than 100 characters:
     #Travel from 0,0 to a new location at a bearing of 45 degrees from North (clockwise) and 1000 km away
    
    These lines will be truncated in the PDF manual.
Flavors: r-devel-linux-x86_64-debian-clang, r-devel-linux-x86_64-debian-gcc, r-devel-linux-x86_64-fedora-clang, r-devel-linux-x86_64-fedora-gcc, r-patched-linux-x86_64, r-release-linux-x86_64