CRAN Package Check Results for Package fossil

Last updated on 2015-05-27 02:47:08.

Flavor Version Tinstall Tcheck Ttotal Status Flags
r-devel-linux-x86_64-debian-clang 0.3.7 1.34 31.47 32.81 NOTE
r-devel-linux-x86_64-debian-gcc 0.3.7 1.30 28.56 29.86 NOTE
r-devel-linux-x86_64-fedora-clang 0.3.7 62.21 NOTE
r-devel-linux-x86_64-fedora-gcc 0.3.7 58.10 NOTE
r-devel-osx-x86_64-clang 0.3.7 57.31 NOTE
r-devel-windows-ix86+x86_64 0.3.7 5.00 50.00 55.00 NOTE
r-patched-linux-x86_64 0.3.7 3.25 28.72 31.97 NOTE
r-patched-solaris-sparc 0.3.7 379.60 NOTE
r-patched-solaris-x86 0.3.7 76.20 NOTE
r-release-linux-x86_64 0.3.7 1.26 29.24 30.50 NOTE
r-release-osx-x86_64-mavericks 0.3.7 NOTE
r-release-osx-x86_64-snowleopard 0.3.7 NOTE
r-release-windows-ix86+x86_64 0.3.7 5.00 46.00 51.00 NOTE
r-oldrel-windows-ix86+x86_64 0.3.7 7.00 52.00 59.00 NOTE

Check Details

Version: 0.3.7
Check: dependencies in R code
Result: NOTE
    'library' or 'require' call to ‘shapefiles’ which was already attached by Depends.
     Please remove these calls from your code.
Flavors: r-devel-linux-x86_64-debian-clang, r-devel-linux-x86_64-debian-gcc, r-devel-linux-x86_64-fedora-clang, r-devel-linux-x86_64-fedora-gcc, r-devel-osx-x86_64-clang, r-devel-windows-ix86+x86_64, r-patched-linux-x86_64, r-patched-solaris-sparc, r-patched-solaris-x86, r-release-linux-x86_64, r-release-osx-x86_64-mavericks, r-release-osx-x86_64-snowleopard, r-release-windows-ix86+x86_64, r-oldrel-windows-ix86+x86_64

Version: 0.3.7
Check: Rd line widths
Result: NOTE
    Rd file 'create.matrix.Rd':
     \usage lines wider than 90 characters:
     create.matrix(x,tax.name="genus",locality="locality",time.col=NULL,time=NULL,abund=FALSE,abund.col="abundance")
    
    Rd file 'new.lat.long.Rd':
     \examples lines wider than 100 characters:
     #Travel from 0,0 to a new location at a bearing of 45 degrees from North (clockwise) and 1000 km away
    
    These lines will be truncated in the PDF manual.
Flavors: r-devel-linux-x86_64-debian-clang, r-devel-linux-x86_64-debian-gcc, r-devel-linux-x86_64-fedora-clang, r-devel-linux-x86_64-fedora-gcc, r-patched-linux-x86_64, r-release-linux-x86_64