CRAN Package Check Results for Package fossil

Last updated on 2017-03-29 18:47:07.

Flavor Version Tinstall Tcheck Ttotal Status Flags
r-devel-linux-x86_64-debian-clang 0.3.7 1.31 31.54 32.85 NOTE
r-devel-linux-x86_64-debian-gcc 0.3.7 1.42 31.00 32.41 NOTE
r-devel-linux-x86_64-fedora-clang 0.3.7 58.94 NOTE --no-stop-on-test-error
r-devel-linux-x86_64-fedora-gcc 0.3.7 57.99 NOTE --no-stop-on-test-error
r-devel-macos-x86_64-clang 0.3.7 47.91 NOTE --no-stop-on-test-error
r-devel-windows-ix86+x86_64 0.3.7 8.00 63.00 71.00 NOTE
r-patched-linux-x86_64 0.3.7 1.39 31.24 32.62 NOTE
r-patched-solaris-sparc 0.3.7 356.00 NOTE
r-patched-solaris-x86 0.3.7 72.40 NOTE
r-release-linux-x86_64 0.3.7 1.14 27.88 29.02 NOTE
r-release-osx-x86_64-mavericks 0.3.7 NOTE
r-release-windows-ix86+x86_64 0.3.7 9.00 111.00 120.00 NOTE
r-oldrel-windows-ix86+x86_64 0.3.7 14.00 66.00 80.00 NOTE

Check Details

Version: 0.3.7
Check: dependencies in R code
Result: NOTE
    'library' or 'require' call to ‘shapefiles’ which was already attached by Depends.
     Please remove these calls from your code.
Flavors: r-devel-linux-x86_64-debian-clang, r-devel-linux-x86_64-debian-gcc, r-devel-windows-ix86+x86_64, r-patched-linux-x86_64, r-patched-solaris-sparc, r-patched-solaris-x86, r-release-linux-x86_64, r-release-osx-x86_64-mavericks, r-release-windows-ix86+x86_64, r-oldrel-windows-ix86+x86_64

Version: 0.3.7
Check: R code for possible problems
Result: NOTE
    dino.dist: no visible global function definition for ‘as.dist’
    earth.dist: no visible global function definition for ‘as.dist’
    ecol.dist: no visible global function definition for ‘as.dist’
    loc.map: no visible global function definition for ‘points’
    msn.map: no visible global function definition for ‘points’
    msn.map: no visible global function definition for ‘lines’
    mstlines: no visible global function definition for ‘lines’
    nmds.mst: no visible global function definition for ‘lines’
    rclust.null: no visible global function definition for ‘sd’
    sim.occ: no visible global function definition for ‘rlnorm’
    spp.est: no visible global function definition for ‘sd’
    Undefined global functions or variables:
     as.dist lines points rlnorm sd
    Consider adding
     importFrom("graphics", "lines", "points")
     importFrom("stats", "as.dist", "rlnorm", "sd")
    to your NAMESPACE file.
Flavors: r-devel-linux-x86_64-debian-clang, r-devel-linux-x86_64-debian-gcc, r-devel-windows-ix86+x86_64, r-patched-linux-x86_64, r-patched-solaris-sparc, r-patched-solaris-x86, r-release-linux-x86_64, r-release-osx-x86_64-mavericks, r-release-windows-ix86+x86_64

Version: 0.3.7
Check: Rd line widths
Result: NOTE
    Rd file 'create.matrix.Rd':
     \usage lines wider than 90 characters:
     create.matrix(x,tax.name="genus",locality="locality",time.col=NULL,time=NULL,abund=FALSE,abund.col="abundance")
    
    Rd file 'new.lat.long.Rd':
     \examples lines wider than 100 characters:
     #Travel from 0,0 to a new location at a bearing of 45 degrees from North (clockwise) and 1000 km away
    
    These lines will be truncated in the PDF manual.
Flavors: r-devel-linux-x86_64-debian-clang, r-devel-linux-x86_64-debian-gcc, r-patched-linux-x86_64, r-release-linux-x86_64

Version: 0.3.7
Flags: --no-stop-on-test-error
Check: dependencies in R code
Result: NOTE
    'library' or 'require' call to ‘shapefiles’ which was already attached by Depends.
     Please remove these calls from your code.
Flavors: r-devel-linux-x86_64-fedora-clang, r-devel-linux-x86_64-fedora-gcc, r-devel-macos-x86_64-clang

Version: 0.3.7
Flags: --no-stop-on-test-error
Check: R code for possible problems
Result: NOTE
    dino.dist: no visible global function definition for ‘as.dist’
    earth.dist: no visible global function definition for ‘as.dist’
    ecol.dist: no visible global function definition for ‘as.dist’
    loc.map: no visible global function definition for ‘points’
    msn.map: no visible global function definition for ‘points’
    msn.map: no visible global function definition for ‘lines’
    mstlines: no visible global function definition for ‘lines’
    nmds.mst: no visible global function definition for ‘lines’
    rclust.null: no visible global function definition for ‘sd’
    sim.occ: no visible global function definition for ‘rlnorm’
    spp.est: no visible global function definition for ‘sd’
    Undefined global functions or variables:
     as.dist lines points rlnorm sd
    Consider adding
     importFrom("graphics", "lines", "points")
     importFrom("stats", "as.dist", "rlnorm", "sd")
    to your NAMESPACE file.
Flavors: r-devel-linux-x86_64-fedora-clang, r-devel-linux-x86_64-fedora-gcc, r-devel-macos-x86_64-clang

Version: 0.3.7
Flags: --no-stop-on-test-error
Check: Rd line widths
Result: NOTE
    Rd file 'create.matrix.Rd':
     \usage lines wider than 90 characters:
     create.matrix(x,tax.name="genus",locality="locality",time.col=NULL,time=NULL,abund=FALSE,abund.col="abundance")
    
    Rd file 'new.lat.long.Rd':
     \examples lines wider than 100 characters:
     #Travel from 0,0 to a new location at a bearing of 45 degrees from North (clockwise) and 1000 km away
    
    These lines will be truncated in the PDF manual.
Flavors: r-devel-linux-x86_64-fedora-clang, r-devel-linux-x86_64-fedora-gcc