CRAN Package Check Results for Package fossil

Last updated on 2014-09-18 21:46:45.

Flavor Version Tinstall Tcheck Ttotal Status Flags
r-devel-linux-x86_64-debian-clang 0.3.7 1.39 34.62 36.02 NOTE
r-devel-linux-x86_64-debian-gcc 0.3.7 1.36 30.98 32.33 NOTE
r-devel-linux-x86_64-fedora-clang 0.3.7 69.46 NOTE
r-devel-linux-x86_64-fedora-gcc 0.3.7 62.55 NOTE
r-devel-osx-x86_64-clang 0.3.7 52.95 NOTE
r-devel-windows-ix86+x86_64 0.3.7 6.00 48.00 54.00 NOTE
r-patched-linux-x86_64 0.3.7 1.52 33.32 34.84 NOTE
r-patched-solaris-sparc 0.3.7 395.70 NOTE
r-patched-solaris-x86 0.3.7 86.80 NOTE
r-release-linux-ix86 0.3.7 1.88 43.38 45.26 NOTE
r-release-linux-x86_64 0.3.7 1.48 34.74 36.22 NOTE
r-release-osx-x86_64-mavericks 0.3.7 NOTE
r-release-osx-x86_64-snowleopard 0.3.7 NOTE
r-release-windows-ix86+x86_64 0.3.7 5.00 57.00 62.00 NOTE
r-oldrel-windows-ix86+x86_64 0.3.7 5.00 53.00 58.00 NOTE

Check Details

Version: 0.3.7
Check: dependencies in R code
Result: NOTE
    'library' or 'require' call to ‘shapefiles’ which was already attached by Depends.
     Please remove these calls from your code.
    See the information on DESCRIPTION files in the chapter ‘Creating R
    packages’ of the ‘Writing R Extensions’ manual.
Flavors: r-devel-linux-x86_64-debian-clang, r-devel-linux-x86_64-debian-gcc, r-devel-linux-x86_64-fedora-clang, r-devel-linux-x86_64-fedora-gcc, r-devel-osx-x86_64-clang, r-devel-windows-ix86+x86_64, r-patched-linux-x86_64, r-patched-solaris-sparc, r-patched-solaris-x86, r-release-linux-ix86, r-release-linux-x86_64, r-release-osx-x86_64-mavericks, r-release-osx-x86_64-snowleopard, r-release-windows-ix86+x86_64, r-oldrel-windows-ix86+x86_64

Version: 0.3.7
Check: Rd line widths
Result: NOTE
    Rd file 'create.matrix.Rd':
     \usage lines wider than 90 characters:
     create.matrix(x,tax.name="genus",locality="locality",time.col=NULL,time=NULL,abund=FALSE,abund.col="abundance")
    
    Rd file 'new.lat.long.Rd':
     \examples lines wider than 100 characters:
     #Travel from 0,0 to a new location at a bearing of 45 degrees from North (clockwise) and 1000 km away
    
    These lines will be truncated in the PDF manual.
Flavors: r-devel-linux-x86_64-debian-clang, r-devel-linux-x86_64-debian-gcc, r-devel-linux-x86_64-fedora-clang, r-devel-linux-x86_64-fedora-gcc, r-patched-linux-x86_64, r-release-linux-x86_64