CRAN Package Check Results for Package fpc

Last updated on 2018-02-25 00:48:40 CET.

Flavor Version Tinstall Tcheck Ttotal Status Flags
r-devel-linux-x86_64-debian-clang 2.1-11 9.75 96.33 106.08 WARN
r-devel-linux-x86_64-debian-gcc 2.1-11 7.51 74.45 81.96 WARN
r-devel-linux-x86_64-fedora-clang 2.1-11 131.86 WARN
r-devel-linux-x86_64-fedora-gcc 2.1-11 125.24 WARN
r-devel-windows-ix86+x86_64 2.1-11 26.00 147.00 173.00 WARN
r-patched-linux-x86_64 2.1-11 4.00 105.55 109.55 OK
r-patched-solaris-x86 2.1-11 149.80 OK
r-release-linux-x86_64 2.1-11 4.69 105.34 110.03 OK
r-release-windows-ix86+x86_64 2.1-11 11.00 153.00 164.00 OK
r-release-osx-x86_64 2.1-11 OK
r-oldrel-windows-ix86+x86_64 2.1-11 9.00 142.00 151.00 OK
r-oldrel-osx-x86_64 2.1-10 OK

Check Details

Version: 2.1-11
Check: whether package can be installed
Result: WARN
    Found the following significant warnings:
     Note: break may be used in wrong context: no loop is visible
Flavors: r-devel-linux-x86_64-debian-clang, r-devel-linux-x86_64-debian-gcc, r-devel-linux-x86_64-fedora-clang, r-devel-linux-x86_64-fedora-gcc, r-devel-windows-ix86+x86_64