CRAN Package Check Results for Package fpc

Last updated on 2015-05-03 11:47:36.

Flavor Version Tinstall Tcheck Ttotal Status Flags
r-devel-linux-x86_64-debian-clang 2.1-9 3.35 63.44 66.78 NOTE
r-devel-linux-x86_64-debian-gcc 2.1-9 3.24 61.74 64.98 NOTE
r-devel-linux-x86_64-fedora-clang 2.1-9 130.03 NOTE
r-devel-linux-x86_64-fedora-gcc 2.1-9 119.77 NOTE
r-devel-osx-x86_64-clang 2.1-9 103.83 NOTE
r-devel-windows-ix86+x86_64 2.1-9 10.00 90.00 100.00 OK
r-patched-linux-x86_64 2.1-9 3.18 59.48 62.66 NOTE
r-patched-solaris-sparc 2.1-9 761.90 NOTE
r-patched-solaris-x86 2.1-9 160.10 NOTE
r-release-linux-x86_64 2.1-9 3.28 59.61 62.89 NOTE
r-release-osx-x86_64-mavericks 2.1-9 OK
r-release-osx-x86_64-snowleopard 2.1-9 ERROR
r-release-windows-ix86+x86_64 2.1-9 11.00 94.00 105.00 OK
r-oldrel-windows-ix86+x86_64 2.1-9 13.00 81.00 94.00 ERROR

Check Details

Version: 2.1-9
Check: S3 generic/method consistency
Result: NOTE
    Found the following apparent S3 methods exported but not registered:
     fpclusters.mfpc fpclusters.rfpc plot.clboot plot.dbscan plot.mfpc
     plot.rfpc predict.dbscan print.clboot print.dbscan print.mfpc
     print.predstr print.rfpc print.summary.mergenorm print.summary.mfpc
     print.summary.rfpc print.varwisetables summary.mergenorm summary.mfpc
     summary.rfpc
    See section ‘Registering S3 methods’ in the ‘Writing R Extensions’
    manual.
Flavors: r-devel-linux-x86_64-debian-clang, r-devel-linux-x86_64-debian-gcc, r-devel-linux-x86_64-fedora-clang, r-devel-linux-x86_64-fedora-gcc, r-devel-osx-x86_64-clang, r-patched-linux-x86_64, r-patched-solaris-sparc, r-patched-solaris-x86, r-release-linux-x86_64

Version: 2.1-9
Check: package dependencies
Result: ERROR
    Package required but not available: ‘prabclus’
    
    See section ‘The DESCRIPTION file’ in the ‘Writing R Extensions’
    manual.
Flavor: r-release-osx-x86_64-snowleopard

Version: 2.1-9
Check: examples
Result: ERROR
    Running examples in 'fpc-Ex.R' failed
    The error most likely occurred in:
    
    > ### Name: mixpredictive
    > ### Title: Prediction strength of merged Gaussian mixture
    > ### Aliases: mixpredictive
    > ### Keywords: cluster multivariate
    >
    > ### ** Examples
    >
    > set.seed(98765)
    > iriss <- iris[sample(150,20),-5]
    > mp <- mixpredictive(iriss,2,2,M=2)
    Error in if (loglik > signif(.Machine$double.xmax, 6) || any(!c(scale, :
     missing value where TRUE/FALSE needed
    Calls: mixpredictive -> mclustBIC -> me -> eval -> eval -> meEVV
    Execution halted
Flavor: r-oldrel-windows-ix86+x86_64