CRAN Package Check Results for Package fpc

Last updated on 2014-08-30 08:50:03.

Flavor Version Tinstall Tcheck Ttotal Status Flags
r-devel-linux-x86_64-debian-clang 2.1-7 3.08 57.38 60.45 NOTE
r-devel-linux-x86_64-debian-gcc 2.1-7 3.00 56.31 59.32 NOTE
r-devel-linux-x86_64-fedora-clang 2.1-7 132.07 NOTE
r-devel-linux-x86_64-fedora-gcc 2.1-7 120.31 NOTE
r-devel-osx-x86_64-clang 2.1-7 96.62 NOTE
r-devel-windows-ix86+x86_64 2.1-7 13.00 87.00 100.00 NOTE
r-patched-linux-x86_64 2.1-7 3.05 60.45 63.50 OK
r-patched-solaris-sparc 2.1-7 789.00 OK
r-patched-solaris-x86 2.1-7 165.20 OK
r-release-linux-ix86 2.1-7 3.84 77.53 81.38 OK
r-release-linux-x86_64 2.1-7 3.12 61.14 64.27 OK
r-release-osx-x86_64-mavericks 2.1-7 OK
r-release-osx-x86_64-snowleopard 2.1-7 OK
r-release-windows-ix86+x86_64 2.1-7 9.00 96.00 105.00 OK
r-oldrel-windows-ix86+x86_64 2.1-7 10.00 87.00 97.00 OK

Check Details

Version: 2.1-7
Check: R code for possible problems
Result: NOTE
    classifnp: no visible global function definition for ‘knn1’
    classifnp: no visible global function definition for ‘knn’
    dipp.tantrum: no visible global function definition for ‘dip’
    diptest.multi: no visible global function definition for ‘dip’
    diptest.multi: no visible global function definition for ‘dip.test’
    distnoisemclustCBI: no visible global function definition for ‘NNclean’
    disttrimkmeansCBI: no visible global function definition for
     ‘trimkmeans’
    dridgeline: no visible global function definition for ‘dmvnorm’
    localshape: no visible global function definition for ‘covMcd’
    mergenormCBI: no visible global function definition for ‘NNclean’
    mixdens: no visible global function definition for ‘dmvnorm’
    noisemclustCBI: no visible global function definition for ‘NNclean’
    piridge: no visible global function definition for ‘dmvnorm’
    predict.dbscan : batchpredict: no visible global function definition
     for ‘knn1’
    speccCBI: no visible global function definition for ‘specc’
    trimkmeansCBI: no visible global function definition for ‘trimkmeans’
Flavors: r-devel-linux-x86_64-debian-clang, r-devel-linux-x86_64-debian-gcc, r-devel-linux-x86_64-fedora-clang, r-devel-linux-x86_64-fedora-gcc, r-devel-osx-x86_64-clang, r-devel-windows-ix86+x86_64