CRAN Package Check Results for Package fpc

Last updated on 2019-05-19 12:46:26 CEST.

Flavor Version Tinstall Tcheck Ttotal Status Flags
r-devel-linux-x86_64-debian-clang 2.1-11.2 14.56 101.81 116.37 OK
r-devel-linux-x86_64-debian-gcc 2.1-11.2 10.73 77.85 88.58 OK
r-devel-linux-x86_64-fedora-clang 2.1-11.2 142.89 OK
r-devel-linux-x86_64-fedora-gcc 2.1-11.2 125.78 OK
r-devel-windows-ix86+x86_64 2.1-11.2 28.00 158.00 186.00 OK
r-patched-linux-x86_64 2.1-11.2 11.56 100.14 111.70 OK
r-patched-solaris-x86 2.1-11.2 193.00 OK
r-release-linux-x86_64 2.1-11.2 12.44 100.00 112.44 OK
r-release-windows-ix86+x86_64 2.1-11.2 30.00 153.00 183.00 OK
r-release-osx-x86_64 2.1-11.2 OK
r-oldrel-windows-ix86+x86_64 2.1-11.1 21.00 103.00 124.00 OK
r-oldrel-osx-x86_64 2.1-11.2 ERROR

Check Details

Version: 2.1-11.2
Check: whether package can be installed
Result: ERROR
    Installation failed.
Flavor: r-oldrel-osx-x86_64