CRAN Package Check Results for Package fpc

Last updated on 2014-04-24 09:49:01.

Flavor Version Tinstall Tcheck Ttotal Status Flags
r-devel-linux-x86_64-debian-clang 2.1-7 3.27 63.02 66.30 OK
r-devel-linux-x86_64-debian-gcc 2.1-7 3.26 62.67 65.93 OK
r-devel-linux-x86_64-fedora-clang 2.1-7 137.23 OK
r-devel-linux-x86_64-fedora-gcc 2.1-7 131.50 OK
r-devel-osx-x86_64-clang 2.1-7 97.85 OK
r-devel-osx-x86_64-gcc 2.1-7 ERROR
r-devel-windows-ix86+x86_64 2.1-7 10.00 87.00 97.00 OK
r-patched-linux-x86_64 2.1-7 3.20 63.54 66.74 OK
r-patched-solaris-sparc 2.1-7 768.90 OK
r-patched-solaris-x86 2.1-7 162.10 OK
r-release-linux-ix86 2.1-7 5.00 101.00 106.00 OK
r-release-linux-x86_64 2.1-7 3.24 64.55 67.80 OK
r-release-osx-x86_64-mavericks 2.1-7 WARN
r-release-osx-x86_64-snowleopard 2.1-7 OK
r-release-windows-ix86+x86_64 2.1-7 10.00 94.00 104.00 OK
r-oldrel-windows-ix86+x86_64 2.1-7 11.00 87.00 98.00 OK

Check Details

Version: 2.1-7
Check: package dependencies
Result: NOTE
    Packages suggested but not available for checking: ‘prabclus’ ‘robustbase’
Flavor: r-devel-osx-x86_64-gcc

Version: 2.1-7
Check: R code for possible problems
Result: NOTE
    distnoisemclustCBI: no visible global function definition for ‘NNclean’
    localshape: no visible global function definition for ‘covMcd’
    mergenormCBI: no visible global function definition for ‘NNclean’
    noisemclustCBI: no visible global function definition for ‘NNclean’
Flavor: r-devel-osx-x86_64-gcc

Version: 2.1-7
Check: Rd cross-references
Result: NOTE
    Packages unavailable to check Rd xrefs: ‘prabclus’, ‘robustbase’
Flavor: r-devel-osx-x86_64-gcc

Version: 2.1-7
Check: examples
Result: ERROR
    Running examples in ‘fpc-Ex.R’ failed
    The error most likely occurred in:
    
    > ### Name: kmeansCBI
    > ### Title: Interface functions for clustering methods
    > ### Aliases: kmeansCBI hclustCBI hclusttreeCBI disthclustCBI
    > ### disthclusttreeCBI noisemclustCBI distnoisemclustCBI claraCBI pamkCBI
    > ### trimkmeansCBI disttrimkmeansCBI dbscanCBI mahalCBI mergenormCBI
    > ### speccCBI
    > ### Keywords: cluster multivariate
    >
    > ### ** Examples
    >
    > set.seed(20000)
    > face <- rFace(50,dMoNo=2,dNoEy=0,p=2)
    > dbs <- dbscanCBI(face,eps=1.5,MinPts=4)
    > dhc <- disthclustCBI(dist(face),method="average",k=1.5,noisecut=2)
    > table(dbs$partition,dhc$partition)
    
     1
     1 16
     2 9
     3 9
     4 5
     5 11
    > mergenormCBI(face,G=10,emModelNames="EEE",nnk=2)
    Loading required package: prabclus
    Warning in library(package, lib.loc = lib.loc, character.only = TRUE, logical.return = TRUE, :
     there is no package called ‘prabclus’
    Error in mergenormCBI(face, G = 10, emModelNames = "EEE", nnk = 2) :
     could not find function "NNclean"
    Execution halted
Flavor: r-devel-osx-x86_64-gcc

Version: 2.1-7
Check: PDF version of manual
Result: WARNING
    LaTeX errors when creating PDF version.
    This typically indicates Rd problems.
    LaTeX errors found:
    ! LaTeX Error: File `upquote.sty' not found.
    
    Type X to quit or <RETURN> to proceed,
    or enter new name. (Default extension: sty)
    
    dcaa9d5/Rd2.tex:8: ==> Fatal error occurred, no output PDF file produced!
Flavor: r-release-osx-x86_64-mavericks