CRAN Package Check Results for Package fpc

Last updated on 2015-08-02 03:48:09.

Flavor Version Tinstall Tcheck Ttotal Status Flags
r-devel-linux-x86_64-debian-clang 2.1-9 3.75 59.94 63.69 NOTE
r-devel-linux-x86_64-debian-gcc 2.1-9 3.42 60.34 63.76 NOTE
r-devel-linux-x86_64-fedora-clang 2.1-9 130.91 NOTE
r-devel-linux-x86_64-fedora-gcc 2.1-9 119.48 NOTE
r-devel-osx-x86_64-clang 2.1-9 102.72 NOTE
r-devel-windows-ix86+x86_64 2.1-9 10.00 101.00 111.00 NOTE
r-patched-linux-x86_64 2.1-9 3.26 60.62 63.88 NOTE
r-patched-solaris-sparc 2.1-9 821.90 NOTE
r-patched-solaris-x86 2.1-9 158.50 NOTE
r-release-linux-x86_64 2.1-9 3.25 60.65 63.90 NOTE
r-release-osx-x86_64-mavericks 2.1-9 OK
r-release-windows-ix86+x86_64 2.1-9 14.00 104.00 118.00 OK
r-oldrel-windows-ix86+x86_64 2.1-9 19.00 131.00 150.00 OK

Check Details

Version: 2.1-9
Check: S3 generic/method consistency
Result: NOTE
    Found the following apparent S3 methods exported but not registered:
     fpclusters.mfpc fpclusters.rfpc plot.clboot plot.dbscan plot.mfpc
     plot.rfpc predict.dbscan print.clboot print.dbscan print.mfpc
     print.predstr print.rfpc print.summary.mergenorm print.summary.mfpc
     print.summary.rfpc print.varwisetables summary.mergenorm summary.mfpc
     summary.rfpc
    See section ‘Registering S3 methods’ in the ‘Writing R Extensions’
    manual.
Flavors: r-devel-linux-x86_64-debian-clang, r-devel-linux-x86_64-debian-gcc, r-devel-linux-x86_64-fedora-clang, r-devel-linux-x86_64-fedora-gcc, r-devel-osx-x86_64-clang, r-patched-linux-x86_64, r-patched-solaris-sparc, r-patched-solaris-x86, r-release-linux-x86_64

Version: 2.1-9
Check: R code for possible problems
Result: NOTE
    adcoord: no visible global function definition for ‘cov’
    ancoord: no visible global function definition for ‘mahalanobis’
    awcoord: no visible global function definition for ‘qchisq’
    batvarcoord: no visible global function definition for ‘cov’
    bhattacharyya.dist: no visible global function definition for
     ‘mahalanobis’
    calinhara: no visible global function definition for ‘cov’
    classifdist: no visible binding for global variable ‘data’
    classifnp: no visible global function definition for ‘dist’
    clucols: no visible global function definition for ‘colours’
    clugrey: no visible global function definition for ‘grey’
    cluster.stats: no visible global function definition for ‘as.dist’
    cluster.stats: no visible global function definition for ‘median’
    cluster.stats: no visible global function definition for ‘cor’
    cluster.stats: no visible global function definition for ‘hclust’
    cluster.varstats: no visible global function definition for ‘par’
    cluster.varstats: no visible global function definition for ‘hist’
    cluster.varstats: no visible global function definition for ‘sd’
    cluster.varstats: no visible global function definition for ‘quantile’
    cluster.varstats: no visible global function definition for
     ‘addmargins’
    clusterboot: no visible global function definition for ‘cmdscale’
    clusterboot: no visible global function definition for ‘cov’
    clusterboot: no visible global function definition for ‘quantile’
    clusterboot: no visible global function definition for ‘rnorm’
    clusterboot: no visible global function definition for ‘rbinom’
    clusterboot: no visible global function definition for ‘runif’
    dipp.tantrum: no visible global function definition for ‘density’
    dipp.tantrum: no visible global function definition for ‘rnorm’
    discrcoord: no visible global function definition for ‘cov’
    distcritmulti: no visible global function definition for ‘dist’
    distcritmulti: no visible global function definition for ‘sd’
    disthclustCBI: no visible global function definition for ‘hclust’
    disthclustCBI: no visible global function definition for ‘as.dist’
    disthclustCBI: no visible global function definition for ‘cutree’
    disthclusttreeCBI: no visible global function definition for ‘hclust’
    disthclusttreeCBI: no visible global function definition for ‘as.dist’
    disthclusttreeCBI: no visible global function definition for ‘cutree’
    distnoisemclustCBI: no visible global function definition for
     ‘cmdscale’
    disttrimkmeansCBI: no visible global function definition for ‘cmdscale’
    dridgeline: no visible global function definition for ‘dnorm’
    dudahart2: no visible global function definition for ‘cov’
    dudahart2: no visible global function definition for ‘qnorm’
    dudahart2: no visible global function definition for ‘pnorm’
    fixmahal: no visible global function definition for ‘qchisq’
    fixmahal: no visible global function definition for ‘pchisq’
    fixmahal: no visible global function definition for ‘cov’
    fixmahal: no visible global function definition for ‘mahalanobis’
    flexmixedruns: no visible global function definition for ‘BIC’
    fpclusters.mfpc: no visible global function definition for
     ‘mahalanobis’
    hclustCBI: no visible global function definition for ‘hclust’
    hclustCBI: no visible global function definition for ‘dist’
    hclustCBI: no visible global function definition for ‘cutree’
    hclusttreeCBI: no visible global function definition for ‘hclust’
    hclusttreeCBI: no visible global function definition for ‘dist’
    hclusttreeCBI: no visible global function definition for ‘cutree’
    itnumber: no visible global function definition for ‘qbinom’
    kmeansruns: no visible global function definition for ‘dist’
    kmeansruns: no visible global function definition for ‘kmeans’
    kmeansruns: no visible global function definition for ‘par’
    kmeansruns: no visible global function definition for ‘pairs’
    lcmixed: no visible global function definition for ‘new’
    lcmixed : <anonymous>: no visible global function definition for
     ‘cov.wt’
    localshape: no visible global function definition for ‘cov’
    localshape: no visible global function definition for ‘mahalanobis’
    mahalanodisc: no visible global function definition for ‘mahalanobis’
    mahalanofix: no visible global function definition for ‘cov’
    mahalanofix: no visible global function definition for ‘mahalanobis’
    mahalanofuz: no visible global function definition for ‘mahalanobis’
    mahalconf: no visible global function definition for ‘mahalanobis’
    mergeparameters: no visible global function definition for ‘cov.wt’
    minsize: no visible global function definition for ‘qbinom’
    mixdens: no visible global function definition for ‘dnorm’
    mvdcoord: no visible global function definition for ‘cov’
    nselectboot: no visible global function definition for ‘dist’
    piridge: no visible global function definition for ‘dnorm’
    plot.clboot: no visible global function definition for ‘par’
    plot.clboot: no visible global function definition for ‘hist’
    plot.mfpc: no visible global function definition for ‘abline’
    plot.mfpc: no visible global function definition for ‘xy.coords’
    plot.mfpc: no visible global function definition for ‘points’
    plot.mfpc: no visible global function definition for ‘polygon’
    plot.rfpc: no visible global function definition for ‘points’
    plot.rfpc: no visible global function definition for ‘abline’
    plotcluster: no visible global function definition for ‘colors’
    prediction.strength: no visible global function definition for
     ‘as.dist’
    rFace: no visible global function definition for ‘runif’
    rFace: no visible global function definition for ‘rnorm’
    rFace: no visible global function definition for ‘rgamma’
    rFace: no visible global function definition for ‘rexp’
    rFace: no visible global function definition for ‘rt’
    randcmatrix: no visible global function definition for ‘runif’
    regem: no visible global function definition for ‘lm’
    regem: no visible global function definition for ‘fitted.values’
    regem: no visible global function definition for ‘coefficients’
    regem: no visible global function definition for ‘residuals’
    regem: no visible global function definition for ‘weighted.mean’
    regem: no visible global function definition for ‘dnorm’
    rfpi: no visible global function definition for ‘lsfit’
    rfpi: no visible global function definition for ‘coef’
    rfpi: no visible global function definition for ‘resid’
    ridgeline.diagnosis: no visible global function definition for ‘par’
    ridgeline.diagnosis: no visible global function definition for ‘title’
    weightplots: no visible global function definition for ‘grey’
    weightplots: no visible global function definition for ‘par’
    weightplots: no visible global function definition for ‘points’
    weightplots: no visible global function definition for ‘legend’
    Undefined global functions or variables:
     BIC abline addmargins as.dist cmdscale coef coefficients colors
     colours cor cov cov.wt cutree data density dist dnorm fitted.values
     grey hclust hist kmeans legend lm lsfit mahalanobis median new pairs
     par pchisq pnorm points polygon qbinom qchisq qnorm quantile rbinom
     resid residuals rexp rgamma rnorm rt runif sd title weighted.mean
     xy.coords
    Consider adding
     importFrom("grDevices", "colors", "colours", "grey", "xy.coords")
     importFrom("graphics", "abline", "hist", "legend", "pairs", "par",
     "points", "polygon", "title")
     importFrom("methods", "new")
     importFrom("stats", "BIC", "addmargins", "as.dist", "cmdscale", "coef",
     "coefficients", "cor", "cov", "cov.wt", "cutree", "density",
     "dist", "dnorm", "fitted.values", "hclust", "kmeans", "lm",
     "lsfit", "mahalanobis", "median", "pchisq", "pnorm",
     "qbinom", "qchisq", "qnorm", "quantile", "rbinom", "resid",
     "residuals", "rexp", "rgamma", "rnorm", "rt", "runif", "sd",
     "weighted.mean")
     importFrom("utils", "data")
    to your NAMESPACE.
Flavors: r-devel-linux-x86_64-debian-clang, r-devel-linux-x86_64-debian-gcc, r-devel-linux-x86_64-fedora-clang, r-devel-linux-x86_64-fedora-gcc, r-devel-windows-ix86+x86_64