CRAN Package Check Results for Package fpc

Last updated on 2015-03-05 17:49:04.

Flavor Version Tinstall Tcheck Ttotal Status Flags
r-devel-linux-x86_64-debian-clang 2.1-9 3.94 59.42 63.36 NOTE
r-devel-linux-x86_64-debian-gcc 2.1-9 3.20 58.12 61.32 NOTE
r-devel-linux-x86_64-fedora-clang 2.1-9 124.01 NOTE
r-devel-linux-x86_64-fedora-gcc 2.1-9 116.39 NOTE
r-devel-osx-x86_64-clang 2.1-9 104.54 NOTE
r-devel-windows-ix86+x86_64 2.1-9 11.00 84.00 95.00 OK
r-patched-linux-x86_64 2.1-9 4.85 73.04 77.89 OK
r-patched-solaris-sparc 2.1-9 975.90 OK
r-patched-solaris-x86 2.1-9 192.00 OK
r-release-linux-ix86 2.1-9 5.40 89.28 94.69 OK
r-release-linux-x86_64 2.1-9 4.64 76.77 81.40 OK
r-release-osx-x86_64-mavericks 2.1-9 OK
r-release-osx-x86_64-snowleopard 2.1-9 OK
r-release-windows-ix86+x86_64 2.1-9 14.00 118.00 132.00 OK
r-oldrel-windows-ix86+x86_64 2.1-9 16.00 108.00 124.00 OK

Check Details

Version: 2.1-9
Check: S3 generic/method consistency
Result: NOTE
    Found the following apparent S3 methods exported but not registered:
     fpclusters.mfpc fpclusters.rfpc plot.clboot plot.dbscan plot.mfpc
     plot.rfpc predict.dbscan print.clboot print.dbscan print.mfpc
     print.predstr print.rfpc print.summary.mergenorm print.summary.mfpc
     print.summary.rfpc print.varwisetables summary.mergenorm summary.mfpc
     summary.rfpc
    See section ‘Registering S3 methods’ in the ‘Writing R Extensions’
    manual.
Flavors: r-devel-linux-x86_64-debian-clang, r-devel-linux-x86_64-debian-gcc, r-devel-linux-x86_64-fedora-clang, r-devel-linux-x86_64-fedora-gcc, r-devel-osx-x86_64-clang