CRAN Package Check Results for Package fpc

Last updated on 2015-01-25 19:47:39.

Flavor Version Tinstall Tcheck Ttotal Status Flags
r-devel-linux-x86_64-debian-clang 2.1-9 3.89 62.84 66.73 OK
r-devel-linux-x86_64-debian-gcc 2.1-9 4.56 66.86 71.42 OK
r-devel-linux-x86_64-fedora-clang 2.1-9 154.07 NOTE
r-devel-linux-x86_64-fedora-gcc 2.1-9 150.28 NOTE
r-devel-osx-x86_64-clang 2.1-9 124.93 NOTE
r-devel-windows-ix86+x86_64 2.1-9 18.00 95.00 113.00 OK
r-patched-linux-x86_64 2.1-9 4.59 76.35 80.94 OK
r-patched-solaris-sparc 2.1-9 951.70 OK
r-patched-solaris-x86 2.1-9 191.70 OK
r-release-linux-ix86 2.1-9 5.50 86.36 91.87 OK
r-release-linux-x86_64 2.1-9 4.61 72.91 77.52 OK
r-release-osx-x86_64-mavericks 2.1-9 OK
r-release-osx-x86_64-snowleopard 2.1-9 OK
r-release-windows-ix86+x86_64 2.1-9 14.00 112.00 126.00 OK
r-oldrel-windows-ix86+x86_64 2.1-9 14.00 104.00 118.00 OK

Check Details

Version: 2.1-9
Check: S3 generic/method consistency
Result: NOTE
    Found the following apparent S3 methods exported but not registered:
     fpclusters.mfpc fpclusters.rfpc print.clboot print.dbscan print.mfpc
     print.predstr print.rfpc print.summary.mergenorm print.summary.mfpc
     print.summary.rfpc print.varwisetables summary.mergenorm summary.mfpc
     summary.rfpc plot.clboot plot.dbscan plot.mfpc plot.rfpc
     predict.dbscan
    See section ‘Registering S3 methods’ in the ‘Writing R Extensions’
    manual.
Flavors: r-devel-linux-x86_64-fedora-clang, r-devel-linux-x86_64-fedora-gcc, r-devel-osx-x86_64-clang