CRAN Package Check Results for Package fpca

Last updated on 2014-04-23 17:47:44.

Flavor Version Tinstall Tcheck Ttotal Status Flags
r-devel-linux-x86_64-debian-clang 0.2-1 0.70 66.11 66.81 OK
r-devel-linux-x86_64-debian-gcc 0.2-1 0.66 64.60 65.25 OK
r-devel-linux-x86_64-fedora-clang 0.2-1 133.67 NOTE
r-devel-linux-x86_64-fedora-gcc 0.2-1 130.93 NOTE
r-devel-osx-x86_64-clang 0.2-1 90.85 OK
r-devel-osx-x86_64-gcc 0.2-1 OK
r-devel-windows-ix86+x86_64 0.2-1 3.00 92.00 95.00 OK
r-patched-linux-x86_64 0.2-1 0.66 64.17 64.83 OK
r-patched-solaris-sparc 0.2-1 792.10 OK
r-patched-solaris-x86 0.2-1 137.50 OK
r-release-linux-ix86 0.2-1 1.00 96.00 97.00 OK
r-release-linux-x86_64 0.2-1 0.67 70.88 71.55 OK
r-release-osx-x86_64-mavericks 0.2-1 WARN
r-release-windows-ix86+x86_64 0.2-1 3.00 105.00 108.00 OK
r-oldrel-windows-ix86+x86_64 0.2-1 3.00 87.00 90.00 OK

Check Details

Version: 0.2-1
Check: Rd line widths
Result: NOTE
    Rd file 'fpca.mle.Rd':
     \usage lines wider than 90 characters:
     fpca.mle(data.m, M.set,r.set, ini.method="EM", basis.method="bs", sl.v=rep(0.5,10), max.step=50,
     \examples lines wider than 100 characters:
     ##model selection result: the true model M=5, r=3 is selected with the smallest CV score among all converged models
     ##look at the CV scores and convergence for each model: note that model (M=5, r=4) does not converge.
     #get predicted trajectories on a fine grid: the same grid for which mean and eigenfunctions are evaluated
     plot(t.c,y.c,ylim=range(pred[,id]),xlab="time",ylab="obs", main=paste("predicted trajectory of curve", id))
     ##model selection result: the true model M=5, r=3 is selected with the smallest CV score among all converged models
     plot(grids.new,result$eigenfunctions[i,],ylim=range(result$eigenfunctions),xlab="time",ylab=paste("eigenfunction",i))
     ##look at the CV scores and convergence for each model: note that model (M=5, r=4) does not converge.
    
    These lines will be truncated in the PDF manual.
Flavors: r-devel-linux-x86_64-fedora-clang, r-devel-linux-x86_64-fedora-gcc

Version: 0.2-1
Check: PDF version of manual
Result: WARNING
    LaTeX errors when creating PDF version.
    This typically indicates Rd problems.
    LaTeX errors found:
    ! LaTeX Error: File `upquote.sty' not found.
    
    Type X to quit or <RETURN> to proceed,
    or enter new name. (Default extension: sty)
    
    6c32dff8/Rd2.tex:8: ==> Fatal error occurred, no output PDF file produced!
Flavor: r-release-osx-x86_64-mavericks