CRAN Package Check Results for Package fpca

Last updated on 2016-07-29 11:49:35.

Flavor Version Tinstall Tcheck Ttotal Status Flags
r-devel-linux-x86_64-debian-clang 0.2-1 0.58 52.49 53.08 NOTE
r-devel-linux-x86_64-debian-gcc 0.2-1 0.87 57.70 58.57 NOTE
r-devel-linux-x86_64-fedora-clang 0.2-1 100.90 NOTE
r-devel-linux-x86_64-fedora-gcc 0.2-1 95.24 NOTE
r-devel-osx-x86_64-clang 0.2-1 77.00 NOTE
r-devel-windows-ix86+x86_64 0.2-1 4.00 90.00 94.00 NOTE
r-patched-linux-x86_64 0.2-1 0.63 52.74 53.37 NOTE
r-patched-solaris-sparc 0.2-1 707.70 NOTE
r-patched-solaris-x86 0.2-1 114.00 NOTE
r-release-linux-x86_64 0.2-1 0.82 53.68 54.50 NOTE
r-release-osx-x86_64-mavericks 0.2-1 NOTE
r-release-windows-ix86+x86_64 0.2-1 3.00 122.00 125.00 NOTE
r-oldrel-windows-ix86+x86_64 0.2-1 4.00 121.00 125.00 NOTE

Check Details

Version: 0.2-1
Check: DESCRIPTION meta-information
Result: NOTE
    Malformed Description field: should contain one or more complete sentences.
Flavors: r-devel-linux-x86_64-debian-clang, r-devel-linux-x86_64-debian-gcc, r-devel-linux-x86_64-fedora-clang, r-devel-linux-x86_64-fedora-gcc, r-devel-osx-x86_64-clang, r-devel-windows-ix86+x86_64, r-patched-linux-x86_64, r-patched-solaris-sparc, r-patched-solaris-x86, r-release-linux-x86_64, r-release-osx-x86_64-mavericks, r-release-windows-ix86+x86_64, r-oldrel-windows-ix86+x86_64

Version: 0.2-1
Check: R code for possible problems
Result: NOTE
    GenObs: no visible global function definition for ‘rnorm’
    GenObs.T: no visible global function definition for ‘rt’
    MeasL: no visible global function definition for ‘rbeta’
    OutDet: no visible global function definition for ‘median’
    RanCur: no visible global function definition for ‘rnorm’
    init: no visible global function definition for ‘prcomp’
    Undefined global functions or variables:
     median prcomp rbeta rnorm rt
    Consider adding
     importFrom("stats", "median", "prcomp", "rbeta", "rnorm", "rt")
    to your NAMESPACE file.
Flavors: r-devel-linux-x86_64-debian-clang, r-devel-linux-x86_64-debian-gcc, r-devel-linux-x86_64-fedora-clang, r-devel-linux-x86_64-fedora-gcc, r-devel-osx-x86_64-clang, r-devel-windows-ix86+x86_64, r-patched-linux-x86_64, r-patched-solaris-sparc, r-patched-solaris-x86, r-release-linux-x86_64, r-release-osx-x86_64-mavericks, r-release-windows-ix86+x86_64

Version: 0.2-1
Check: Rd line widths
Result: NOTE
    Rd file 'fpca.mle.Rd':
     \usage lines wider than 90 characters:
     fpca.mle(data.m, M.set,r.set, ini.method="EM", basis.method="bs", sl.v=rep(0.5,10), max.step=50,
     \examples lines wider than 100 characters:
     ##model selection result: the true model M=5, r=3 is selected with the smallest CV score among all converged models
     ##look at the CV scores and convergence for each model: note that model (M=5, r=4) does not converge.
     #get predicted trajectories on a fine grid: the same grid for which mean and eigenfunctions are evaluated
     plot(t.c,y.c,ylim=range(pred[,id]),xlab="time",ylab="obs", main=paste("predicted trajectory of curve", id))
     ##model selection result: the true model M=5, r=3 is selected with the smallest CV score among all converged models
     plot(grids.new,result$eigenfunctions[i,],ylim=range(result$eigenfunctions),xlab="time",ylab=paste("eigenfunction",i))
     ##look at the CV scores and convergence for each model: note that model (M=5, r=4) does not converge.
    
    These lines will be truncated in the PDF manual.
Flavors: r-devel-linux-x86_64-debian-clang, r-devel-linux-x86_64-debian-gcc, r-devel-linux-x86_64-fedora-clang, r-devel-linux-x86_64-fedora-gcc, r-patched-linux-x86_64, r-release-linux-x86_64