CRAN Package Check Results for Package fpca

Last updated on 2014-07-22 22:48:10.

Flavor Version Tinstall Tcheck Ttotal Status Flags
r-devel-linux-x86_64-debian-clang 0.2-1 0.60 62.80 63.40 OK
r-devel-linux-x86_64-debian-gcc 0.2-1 0.60 66.32 66.92 OK
r-devel-linux-x86_64-fedora-clang 0.2-1 135.93 NOTE
r-devel-linux-x86_64-fedora-gcc 0.2-1 130.46 NOTE
r-devel-osx-x86_64-clang 0.2-1 95.01 OK
r-devel-windows-ix86+x86_64 0.2-1 2.00 109.00 111.00 OK
r-patched-linux-x86_64 0.2-1 0.61 61.90 62.51 OK
r-patched-solaris-sparc 0.2-1 795.40 OK
r-patched-solaris-x86 0.2-1 141.40 OK
r-release-linux-ix86 0.2-1 0.96 80.42 81.38 OK
r-release-linux-x86_64 0.2-1 0.63 62.60 63.24 OK
r-release-osx-x86_64-mavericks 0.2-1 OK
r-release-windows-ix86+x86_64 0.2-1 3.00 105.00 108.00 OK
r-oldrel-windows-ix86+x86_64 0.2-1 3.00 93.00 96.00 OK

Check Details

Version: 0.2-1
Check: Rd line widths
Result: NOTE
    Rd file 'fpca.mle.Rd':
     \usage lines wider than 90 characters:
     fpca.mle(data.m, M.set,r.set, ini.method="EM", basis.method="bs", sl.v=rep(0.5,10), max.step=50,
     \examples lines wider than 100 characters:
     ##model selection result: the true model M=5, r=3 is selected with the smallest CV score among all converged models
     ##look at the CV scores and convergence for each model: note that model (M=5, r=4) does not converge.
     #get predicted trajectories on a fine grid: the same grid for which mean and eigenfunctions are evaluated
     plot(t.c,y.c,ylim=range(pred[,id]),xlab="time",ylab="obs", main=paste("predicted trajectory of curve", id))
     ##model selection result: the true model M=5, r=3 is selected with the smallest CV score among all converged models
     plot(grids.new,result$eigenfunctions[i,],ylim=range(result$eigenfunctions),xlab="time",ylab=paste("eigenfunction",i))
     ##look at the CV scores and convergence for each model: note that model (M=5, r=4) does not converge.
    
    These lines will be truncated in the PDF manual.
Flavors: r-devel-linux-x86_64-fedora-clang, r-devel-linux-x86_64-fedora-gcc