CRAN Package Check Results for Package fpca

Last updated on 2015-04-27 08:48:09.

Flavor Version Tinstall Tcheck Ttotal Status Flags
r-devel-linux-x86_64-debian-clang 0.2-1 0.71 54.59 55.30 NOTE
r-devel-linux-x86_64-debian-gcc 0.2-1 0.62 53.51 54.12 NOTE
r-devel-linux-x86_64-fedora-clang 0.2-1 106.92 NOTE
r-devel-linux-x86_64-fedora-gcc 0.2-1 100.39 NOTE
r-devel-osx-x86_64-clang 0.2-1 81.98 NOTE
r-devel-windows-ix86+x86_64 0.2-1 2.00 126.00 128.00 NOTE
r-patched-linux-x86_64 0.2-1 0.61 51.15 51.76 NOTE
r-patched-solaris-sparc 0.2-1 720.20 NOTE
r-patched-solaris-x86 0.2-1 121.70 NOTE
r-release-linux-x86_64 0.2-1 0.61 50.87 51.48 NOTE
r-release-osx-x86_64-mavericks 0.2-1 NOTE
r-release-osx-x86_64-snowleopard 0.2-1 NOTE
r-release-windows-ix86+x86_64 0.2-1 2.00 81.00 83.00 NOTE
r-oldrel-windows-ix86+x86_64 0.2-1 3.00 114.00 117.00 OK

Check Details

Version: 0.2-1
Check: DESCRIPTION meta-information
Result: NOTE
    Malformed Description field: should contain one or more complete sentences.
Flavors: r-devel-linux-x86_64-debian-clang, r-devel-linux-x86_64-debian-gcc, r-devel-linux-x86_64-fedora-clang, r-devel-linux-x86_64-fedora-gcc, r-devel-osx-x86_64-clang, r-devel-windows-ix86+x86_64, r-patched-solaris-sparc, r-patched-solaris-x86, r-release-osx-x86_64-mavericks, r-release-osx-x86_64-snowleopard, r-release-windows-ix86+x86_64

Version: 0.2-1
Check: Rd line widths
Result: NOTE
    Rd file 'fpca.mle.Rd':
     \usage lines wider than 90 characters:
     fpca.mle(data.m, M.set,r.set, ini.method="EM", basis.method="bs", sl.v=rep(0.5,10), max.step=50,
     \examples lines wider than 100 characters:
     ##model selection result: the true model M=5, r=3 is selected with the smallest CV score among all converged models
     ##look at the CV scores and convergence for each model: note that model (M=5, r=4) does not converge.
     #get predicted trajectories on a fine grid: the same grid for which mean and eigenfunctions are evaluated
     plot(t.c,y.c,ylim=range(pred[,id]),xlab="time",ylab="obs", main=paste("predicted trajectory of curve", id))
     ##model selection result: the true model M=5, r=3 is selected with the smallest CV score among all converged models
     plot(grids.new,result$eigenfunctions[i,],ylim=range(result$eigenfunctions),xlab="time",ylab=paste("eigenfunction",i))
     ##look at the CV scores and convergence for each model: note that model (M=5, r=4) does not converge.
    
    These lines will be truncated in the PDF manual.
Flavors: r-devel-linux-x86_64-debian-clang, r-devel-linux-x86_64-debian-gcc, r-devel-linux-x86_64-fedora-clang, r-devel-linux-x86_64-fedora-gcc