CRAN Package Check Results for Package fpest

Last updated on 2024-02-29 17:22:21 CET.

Flavor Version Tinstall Tcheck Ttotal Status Flags
r-devel-linux-x86_64-debian-clang 0.1.1 2.03 18.94 20.97 NOTE
r-devel-linux-x86_64-debian-gcc 0.1.1 1.31 15.23 16.54 NOTE
r-devel-linux-x86_64-fedora-clang 0.1.1 27.57 NOTE
r-devel-linux-x86_64-fedora-gcc 0.1.1 25.87 NOTE
r-devel-windows-x86_64 0.1.1 2.00 33.00 35.00 NOTE
r-patched-linux-x86_64 0.1.1 1.63 18.74 20.37 NOTE
r-release-linux-x86_64 0.1.1 2.00 18.85 20.85 NOTE
r-release-macos-arm64 0.1.1 14.00 NOTE
r-release-macos-x86_64 0.1.1 17.00 NOTE
r-release-windows-x86_64 0.1.1 4.00 37.00 41.00 NOTE
r-oldrel-macos-arm64 0.1.1 13.00 NOTE
r-oldrel-windows-x86_64 0.1.1 4.00 41.00 45.00 NOTE

Check Details

Version: 0.1.1
Check: LazyData
Result: NOTE 'LazyData' is specified without a 'data' directory Flavors: r-devel-linux-x86_64-debian-clang, r-devel-linux-x86_64-debian-gcc, r-devel-linux-x86_64-fedora-clang, r-devel-linux-x86_64-fedora-gcc, r-devel-windows-x86_64, r-patched-linux-x86_64, r-release-linux-x86_64, r-release-macos-arm64, r-release-macos-x86_64, r-release-windows-x86_64, r-oldrel-macos-arm64, r-oldrel-windows-x86_64