CRAN Package Check Results for Package fpp

Last updated on 2014-04-25 05:47:15.

Flavor Version Tinstall Tcheck Ttotal Status Flags
r-devel-linux-x86_64-debian-clang 0.5 1.65 12.24 13.90 OK
r-devel-linux-x86_64-debian-gcc 0.5 1.70 12.01 13.70 OK
r-devel-linux-x86_64-fedora-clang 0.5 28.60 OK
r-devel-linux-x86_64-fedora-gcc 0.5 26.44 OK
r-devel-osx-x86_64-clang 0.5 25.06 OK
r-devel-osx-x86_64-gcc 0.5 ERROR
r-devel-windows-ix86+x86_64 0.5 6.00 20.00 26.00 OK
r-patched-linux-x86_64 0.5 1.69 12.18 13.88 OK
r-patched-solaris-sparc 0.5 159.90 OK
r-patched-solaris-x86 0.5 40.10 OK
r-release-linux-ix86 0.5 3.00 24.00 27.00 OK
r-release-linux-x86_64 0.5 1.66 12.40 14.06 OK
r-release-osx-x86_64-mavericks 0.5 ERROR
r-release-osx-x86_64-snowleopard 0.5 ERROR
r-release-windows-ix86+x86_64 0.5 6.00 23.00 29.00 OK
r-oldrel-windows-ix86+x86_64 0.5 7.00 21.00 28.00 OK

Check Details

Version: 0.5
Check: package dependencies
Result: ERROR
    Packages required but not available:
     ‘forecast’ ‘fma’ ‘expsmooth’ ‘lmtest’ ‘tseries’
    
    See the information on DESCRIPTION files in the chapter ‘Creating R
    packages’ of the ‘Writing R Extensions’ manual.
Flavor: r-devel-osx-x86_64-gcc

Version: 0.5
Check: package dependencies
Result: ERROR
    Packages required but not available: ‘forecast’ ‘fma’ ‘expsmooth’
    
    See the information on DESCRIPTION files in the chapter ‘Creating R
    packages’ of the ‘Writing R Extensions’ manual.
Flavor: r-release-osx-x86_64-mavericks

Version: 0.5
Check: whether package can be installed
Result: ERROR
    Installation failed.
    See ‘/Volumes/XT3/Builds/R-dev-web/QA/Simon/packages/snowleopard-x86_64/results/3.1/fpp.Rcheck/00install.out’ for details.
Flavor: r-release-osx-x86_64-snowleopard