CRAN Package Check Results for Package fracdiff

Last updated on 2015-01-25 19:47:39.

Flavor Version Tinstall Tcheck Ttotal Status Flags
r-devel-linux-x86_64-debian-clang 1.4-2 2.01 16.91 18.92 NOTE
r-devel-linux-x86_64-debian-gcc 1.4-2 2.69 17.32 20.02 NOTE
r-devel-linux-x86_64-fedora-clang 1.4-2 36.73 NOTE
r-devel-linux-x86_64-fedora-gcc 1.4-2 34.80 NOTE
r-devel-osx-x86_64-clang 1.4-2 34.15 OK
r-devel-windows-ix86+x86_64 1.4-2 15.00 40.00 55.00 OK
r-patched-linux-x86_64 1.4-2 2.76 17.16 19.92 NOTE
r-patched-solaris-sparc 1.4-2 219.30 OK
r-patched-solaris-x86 1.4-2 48.80 OK
r-release-linux-ix86 1.4-2 3.08 24.74 27.82 OK
r-release-linux-x86_64 1.4-2 2.71 16.92 19.63 NOTE
r-release-osx-x86_64-mavericks 1.4-2 OK
r-release-osx-x86_64-snowleopard 1.4-2 OK
r-release-windows-ix86+x86_64 1.4-2 12.00 40.00 52.00 OK
r-oldrel-windows-ix86+x86_64 1.4-2 14.00 40.00 54.00 OK

Check Details

Version: 1.4-2
Check: top-level files
Result: NOTE
    Non-standard files/directories found at top level:
     ‘Calling’ ‘Done’ ‘filters.R’
Flavors: r-devel-linux-x86_64-debian-clang, r-devel-linux-x86_64-debian-gcc, r-devel-linux-x86_64-fedora-clang, r-devel-linux-x86_64-fedora-gcc, r-patched-linux-x86_64, r-release-linux-x86_64