CRAN Package Check Results for Package fracdiff

Last updated on 2015-03-31 19:51:04.

Flavor Version Tinstall Tcheck Ttotal Status Flags
r-devel-linux-x86_64-debian-clang 1.4-2 2.13 16.31 18.44 NOTE
r-devel-linux-x86_64-debian-gcc 1.4-2 2.68 16.81 19.49 NOTE
r-devel-linux-x86_64-fedora-clang 1.4-2 33.76 NOTE
r-devel-linux-x86_64-fedora-gcc 1.4-2 31.94 NOTE
r-devel-osx-x86_64-clang 1.4-2 37.20 OK
r-prerel-windows-ix86+x86_64 1.4-2 20.00 41.00 61.00 OK
r-prerel-linux-x86_64 1.4-2 2.74 15.98 18.72 NOTE
r-prerel-solaris-sparc 1.4-2 205.80 OK
r-prerel-solaris-x86 1.4-2 44.00 OK
r-release-linux-x86_64 1.4-2 2.84 17.00 19.83 NOTE
r-release-osx-x86_64-mavericks 1.4-2 OK
r-release-osx-x86_64-snowleopard 1.4-2 OK
r-release-windows-ix86+x86_64 1.4-2 14.00 42.00 56.00 OK
r-oldrel-windows-ix86+x86_64 1.4-2 13.00 41.00 54.00 OK

Check Details

Version: 1.4-2
Check: top-level files
Result: NOTE
    Non-standard files/directories found at top level:
     ‘Calling’ ‘Done’ ‘filters.R’
Flavors: r-devel-linux-x86_64-debian-clang, r-devel-linux-x86_64-debian-gcc, r-devel-linux-x86_64-fedora-clang, r-devel-linux-x86_64-fedora-gcc, r-prerel-linux-x86_64, r-release-linux-x86_64