CRAN Package Check Results for Package fracdiff

Last updated on 2014-07-25 17:48:00.

Flavor Version Tinstall Tcheck Ttotal Status Flags
r-devel-linux-x86_64-debian-clang 1.4-2 1.68 16.37 18.05 OK
r-devel-linux-x86_64-debian-gcc 1.4-2 2.63 16.27 18.90 OK
r-devel-linux-x86_64-fedora-clang 1.4-2 34.10 NOTE
r-devel-linux-x86_64-fedora-gcc 1.4-2 32.74 NOTE
r-devel-osx-x86_64-clang 1.4-2 29.90 OK
r-devel-windows-ix86+x86_64 1.4-2 12.00 37.00 49.00 OK
r-patched-linux-x86_64 1.4-2 2.69 16.06 18.75 OK
r-patched-solaris-sparc 1.4-2 208.70 OK
r-patched-solaris-x86 1.4-2 47.60 OK
r-release-linux-ix86 1.4-2 3.43 25.38 28.81 OK
r-release-linux-x86_64 1.4-2 2.64 16.96 19.60 OK
r-release-osx-x86_64-mavericks 1.4-2 OK
r-release-osx-x86_64-snowleopard 1.4-2 OK
r-release-windows-ix86+x86_64 1.4-2 11.00 39.00 50.00 OK
r-oldrel-windows-ix86+x86_64 1.4-2 12.00 40.00 52.00 OK

Check Details

Version: 1.4-2
Check: top-level files
Result: NOTE
    Non-standard files/directories found at top level:
     ‘Calling’ ‘Done’ ‘filters.R’
Flavors: r-devel-linux-x86_64-fedora-clang, r-devel-linux-x86_64-fedora-gcc