CRAN Package Check Results for Package fracdiff

Last updated on 2015-05-28 19:47:17.

Flavor Version Tinstall Tcheck Ttotal Status Flags
r-devel-linux-x86_64-debian-clang 1.4-2 2.07 16.22 18.30 NOTE
r-devel-linux-x86_64-debian-gcc 1.4-2 2.72 16.75 19.48 NOTE
r-devel-linux-x86_64-fedora-clang 1.4-2 34.20 NOTE
r-devel-linux-x86_64-fedora-gcc 1.4-2 31.48 NOTE
r-devel-osx-x86_64-clang 1.4-2 33.89 OK
r-devel-windows-ix86+x86_64 1.4-2 11.00 40.00 51.00 OK
r-patched-linux-x86_64 1.4-2 2.74 16.22 18.95 NOTE
r-patched-solaris-sparc 1.4-2 224.90 OK
r-patched-solaris-x86 1.4-2 45.00 OK
r-release-linux-x86_64 1.4-2 2.70 16.93 19.63 NOTE
r-release-osx-x86_64-mavericks 1.4-2 OK
r-release-osx-x86_64-snowleopard 1.4-2 OK
r-release-windows-ix86+x86_64 1.4-2 13.00 39.00 52.00 OK
r-oldrel-windows-ix86+x86_64 1.4-2 13.00 43.00 56.00 OK

Check Details

Version: 1.4-2
Check: top-level files
Result: NOTE
    Non-standard files/directories found at top level:
     ‘Calling’ ‘Done’ ‘filters.R’
Flavors: r-devel-linux-x86_64-debian-clang, r-devel-linux-x86_64-debian-gcc, r-devel-linux-x86_64-fedora-clang, r-devel-linux-x86_64-fedora-gcc, r-patched-linux-x86_64, r-release-linux-x86_64