CRAN Package Check Results for Package fracdiff

Last updated on 2014-09-22 08:49:18.

Flavor Version Tinstall Tcheck Ttotal Status Flags
r-devel-linux-x86_64-debian-clang 1.4-2 1.88 16.55 18.43 NOTE
r-devel-linux-x86_64-debian-gcc 1.4-2 2.64 16.18 18.83 NOTE
r-devel-linux-x86_64-fedora-clang 1.4-2 34.35 NOTE
r-devel-linux-x86_64-fedora-gcc 1.4-2 31.28 NOTE
r-devel-osx-x86_64-clang 1.4-2 31.83 OK
r-devel-windows-ix86+x86_64 1.4-2 11.00 36.00 47.00 OK
r-patched-linux-x86_64 1.4-2 2.66 16.71 19.37 NOTE
r-patched-solaris-sparc 1.4-2 210.90 OK
r-patched-solaris-x86 1.4-2 48.30 OK
r-release-linux-ix86 1.4-2 3.19 25.50 28.70 OK
r-release-linux-x86_64 1.4-2 2.88 16.74 19.62 NOTE
r-release-osx-x86_64-mavericks 1.4-2 OK
r-release-osx-x86_64-snowleopard 1.4-2 OK
r-release-windows-ix86+x86_64 1.4-2 12.00 39.00 51.00 OK
r-oldrel-windows-ix86+x86_64 1.4-2 12.00 40.00 52.00 OK

Check Details

Version: 1.4-2
Check: top-level files
Result: NOTE
    Non-standard files/directories found at top level:
     ‘Calling’ ‘Done’ ‘filters.R’
Flavors: r-devel-linux-x86_64-debian-clang, r-devel-linux-x86_64-debian-gcc, r-devel-linux-x86_64-fedora-clang, r-devel-linux-x86_64-fedora-gcc, r-patched-linux-x86_64, r-release-linux-x86_64