CRAN Package Check Results for Package fracdiff

Last updated on 2015-07-01 16:47:21.

Flavor Version Tinstall Tcheck Ttotal Status Flags
r-devel-linux-x86_64-debian-clang 1.4-2 1.94 16.69 18.63 NOTE
r-devel-linux-x86_64-debian-gcc 1.4-2 2.60 15.38 17.98 NOTE
r-devel-linux-x86_64-fedora-clang 1.4-2 32.17 NOTE
r-devel-linux-x86_64-fedora-gcc 1.4-2 30.81 NOTE
r-devel-osx-x86_64-clang 1.4-2 31.81 OK
r-devel-windows-ix86+x86_64 1.4-2 16.00 39.00 55.00 NOTE
r-patched-linux-x86_64 1.4-2 2.74 16.13 18.87 NOTE
r-patched-solaris-sparc 1.4-2 224.90 OK
r-patched-solaris-x86 1.4-2 46.40 OK
r-release-linux-x86_64 1.4-2 3.18 16.54 19.72 NOTE
r-release-osx-x86_64-mavericks 1.4-2 OK
r-release-windows-ix86+x86_64 1.4-2 15.00 39.00 54.00 OK
r-oldrel-windows-ix86+x86_64 1.4-2 20.00 45.00 65.00 OK

Check Details

Version: 1.4-2
Check: top-level files
Result: NOTE
    Non-standard files/directories found at top level:
     ‘Calling’ ‘Done’ ‘filters.R’
Flavors: r-devel-linux-x86_64-debian-clang, r-devel-linux-x86_64-debian-gcc, r-devel-linux-x86_64-fedora-clang, r-devel-linux-x86_64-fedora-gcc, r-patched-linux-x86_64, r-release-linux-x86_64

Version: 1.4-2
Check: R code for possible problems
Result: NOTE
    confint.fracdiff: no visible global function definition for ‘coef’
    confint.fracdiff: no visible global function definition for ‘qnorm’
    fdGPH: no visible global function definition for ‘na.fail’
    fdGPH: no visible global function definition for ‘as.ts’
    fdGPH: no visible global function definition for ‘lm’
    fdGPH: no visible global function definition for ‘coef’
    fdGPH: no visible global function definition for ‘resid’
    fdSperio: no visible global function definition for ‘na.fail’
    fdSperio: no visible global function definition for ‘as.ts’
    fdSperio: no visible global function definition for ‘lm’
    fdSperio: no visible global function definition for ‘coef’
    fdSperio: no visible global function definition for ‘resid’
    fracdiff.sim: no visible binding for global variable ‘rnorm’
    logLik.fracdiff: no visible global function definition for ‘coef’
    print.fracdiff: no visible global function definition for ‘coef’
    print.summary.fracdiff: no visible global function definition for
     ‘printCoefmat’
    print.summary.fracdiff: no visible global function definition for
     ‘symnum’
    summary.fracdiff: no visible global function definition for ‘coef’
    summary.fracdiff: no visible global function definition for ‘pnorm’
    summary.fracdiff: no visible global function definition for ‘logLik’
    summary.fracdiff: no visible global function definition for ‘AIC’
Flavors: r-devel-linux-x86_64-debian-clang, r-devel-linux-x86_64-debian-gcc, r-devel-linux-x86_64-fedora-clang, r-devel-linux-x86_64-fedora-gcc, r-devel-windows-ix86+x86_64