CRAN Package Check Results for Package fracdiff

Last updated on 2014-11-29 08:53:17.

Flavor Version Tinstall Tcheck Ttotal Status Flags
r-devel-linux-x86_64-debian-clang 1.4-2 1.94 16.96 18.90 NOTE
r-devel-linux-x86_64-debian-gcc 1.4-2 2.65 16.95 19.60 NOTE
r-devel-linux-x86_64-fedora-clang 1.4-2 37.48 NOTE
r-devel-linux-x86_64-fedora-gcc 1.4-2 38.07 NOTE
r-devel-osx-x86_64-clang 1.4-2 33.62 OK
r-devel-windows-ix86+x86_64 1.4-2 11.00 40.00 51.00 OK
r-patched-linux-x86_64 1.4-2 2.70 17.17 19.87 NOTE
r-patched-solaris-sparc 1.4-2 210.90 OK
r-patched-solaris-x86 1.4-2 49.60 OK
r-release-linux-ix86 1.4-2 3.04 24.50 27.54 OK
r-release-linux-x86_64 1.4-2 2.74 17.45 20.19 NOTE
r-release-osx-x86_64-mavericks 1.4-2 OK
r-release-osx-x86_64-snowleopard 1.4-2 OK
r-release-windows-ix86+x86_64 1.4-2 13.00 43.00 56.00 OK
r-oldrel-windows-ix86+x86_64 1.4-2 11.00 41.00 52.00 OK

Check Details

Version: 1.4-2
Check: top-level files
Result: NOTE
    Non-standard files/directories found at top level:
     ‘Calling’ ‘Done’ ‘filters.R’
Flavors: r-devel-linux-x86_64-debian-clang, r-devel-linux-x86_64-debian-gcc, r-devel-linux-x86_64-fedora-clang, r-devel-linux-x86_64-fedora-gcc, r-patched-linux-x86_64, r-release-linux-x86_64