CRAN Package Check Results for Package fracdiff

Last updated on 2014-12-18 11:50:05.

Flavor Version Tinstall Tcheck Ttotal Status Flags
r-devel-linux-x86_64-debian-clang 1.4-2 1.95 17.03 18.98 NOTE
r-devel-linux-x86_64-debian-gcc 1.4-2 2.65 16.72 19.37 NOTE
r-devel-linux-x86_64-fedora-clang 1.4-2 37.46 NOTE
r-devel-linux-x86_64-fedora-gcc 1.4-2 34.74 NOTE
r-devel-osx-x86_64-clang 1.4-2 32.59 OK
r-devel-windows-ix86+x86_64 1.4-2 20.00 43.00 63.00 OK
r-patched-linux-x86_64 1.4-2 2.76 16.86 19.63 NOTE
r-patched-solaris-sparc 1.4-2 210.90 OK
r-patched-solaris-x86 1.4-2 49.30 OK
r-release-linux-ix86 1.4-2 3.07 24.69 27.76 OK
r-release-linux-x86_64 1.4-2 2.72 17.26 19.99 NOTE
r-release-osx-x86_64-mavericks 1.4-2 OK
r-release-osx-x86_64-snowleopard 1.4-2 OK
r-release-windows-ix86+x86_64 1.4-2 12.00 41.00 53.00 OK
r-oldrel-windows-ix86+x86_64 1.4-2 14.00 43.00 57.00 OK

Check Details

Version: 1.4-2
Check: top-level files
Result: NOTE
    Non-standard files/directories found at top level:
     ‘Calling’ ‘Done’ ‘filters.R’
Flavors: r-devel-linux-x86_64-debian-clang, r-devel-linux-x86_64-debian-gcc, r-devel-linux-x86_64-fedora-clang, r-devel-linux-x86_64-fedora-gcc, r-patched-linux-x86_64, r-release-linux-x86_64