CRAN Package Check Results for Package fracdiff

Last updated on 2015-02-28 02:48:44.

Flavor Version Tinstall Tcheck Ttotal Status Flags
r-devel-linux-x86_64-debian-clang 1.4-2 1.98 16.18 18.16 NOTE
r-devel-linux-x86_64-debian-gcc 1.4-2 2.65 16.32 18.98 NOTE
r-devel-linux-x86_64-fedora-clang 1.4-2 34.66 NOTE
r-devel-linux-x86_64-fedora-gcc 1.4-2 31.76 NOTE
r-devel-osx-x86_64-clang 1.4-2 31.70 OK
r-devel-windows-ix86+x86_64 1.4-2 15.00 41.00 56.00 OK
r-patched-linux-x86_64 1.4-2 3.14 16.96 20.10 NOTE
r-patched-solaris-sparc 1.4-2 219.30 OK
r-release-linux-ix86 1.4-2 3.32 27.22 30.54 NOTE
r-release-linux-x86_64 1.4-2 2.71 16.88 19.59 NOTE
r-release-osx-x86_64-mavericks 1.4-2 OK
r-release-osx-x86_64-snowleopard 1.4-2 OK
r-release-windows-ix86+x86_64 1.4-2 14.00 39.00 53.00 OK
r-oldrel-windows-ix86+x86_64 1.4-2 14.00 40.00 54.00 OK

Check Details

Version: 1.4-2
Check: top-level files
Result: NOTE
    Non-standard files/directories found at top level:
     ‘Calling’ ‘Done’ ‘filters.R’
Flavors: r-devel-linux-x86_64-debian-clang, r-devel-linux-x86_64-debian-gcc, r-devel-linux-x86_64-fedora-clang, r-devel-linux-x86_64-fedora-gcc, r-patched-linux-x86_64, r-release-linux-ix86, r-release-linux-x86_64