CRAN Package Check Results for Package fracdiff

Last updated on 2014-08-20 09:48:06.

Flavor Version Tinstall Tcheck Ttotal Status Flags
r-devel-linux-x86_64-debian-clang 1.4-2 1.67 16.20 17.87 OK
r-devel-linux-x86_64-debian-gcc 1.4-2 2.66 16.79 19.45 OK
r-devel-linux-x86_64-fedora-clang 1.4-2 33.61 NOTE
r-devel-linux-x86_64-fedora-gcc 1.4-2 32.07 NOTE
r-devel-osx-x86_64-clang 1.4-2 29.71 OK
r-devel-windows-ix86+x86_64 1.4-2 11.00 38.00 49.00 OK
r-patched-linux-x86_64 1.4-2 2.61 16.07 18.68 OK
r-patched-solaris-sparc 1.4-2 210.90 OK
r-patched-solaris-x86 1.4-2 48.40 OK
r-release-linux-ix86 1.4-2 3.18 25.87 29.05 OK
r-release-linux-x86_64 1.4-2 2.73 16.64 19.36 OK
r-release-osx-x86_64-mavericks 1.4-2 OK
r-release-osx-x86_64-snowleopard 1.4-2 OK
r-release-windows-ix86+x86_64 1.4-2 11.00 39.00 50.00 OK
r-oldrel-windows-ix86+x86_64 1.4-2 14.00 40.00 54.00 OK

Check Details

Version: 1.4-2
Check: top-level files
Result: NOTE
    Non-standard files/directories found at top level:
     ‘Calling’ ‘Done’ ‘filters.R’
Flavors: r-devel-linux-x86_64-fedora-clang, r-devel-linux-x86_64-fedora-gcc