CRAN Package Check Results for Package fracdiff

Last updated on 2014-04-20 21:46:47.

Flavor Version Tinstall Tcheck Ttotal Status Flags
r-devel-linux-x86_64-debian-clang 1.4-2 1.82 17.06 18.88 OK
r-devel-linux-x86_64-debian-gcc 1.4-2 2.53 17.18 19.71 OK
r-devel-linux-x86_64-fedora-clang 1.4-2 34.55 NOTE
r-devel-linux-x86_64-fedora-gcc 1.4-2 33.51 NOTE
r-devel-macosx-x86_64-clang 1.4-2 29.65 OK
r-devel-macosx-x86_64-gcc 1.4-2 OK
r-devel-windows-ix86+x86_64 1.4-2 11.00 38.00 49.00 OK
r-patched-linux-x86_64 1.4-2 2.55 17.08 19.63 OK
r-patched-solaris-sparc 1.4-2 208.70 OK
r-patched-solaris-x86 1.4-2 49.50 OK
r-release-linux-ix86 OK
r-release-linux-x86_64 1.4-2 2.53 17.27 19.80 OK
r-release-windows-ix86+x86_64 1.4-2 16.00 38.00 54.00 OK
r-oldrel-windows-ix86+x86_64 1.4-2 12.00 41.00 53.00 OK

Check Details

Version: 1.4-2
Check: top-level files
Result: NOTE
    Non-standard files/directories found at top level:
     ‘Calling’ ‘Done’ ‘filters.R’
Flavors: r-devel-linux-x86_64-fedora-clang, r-devel-linux-x86_64-fedora-gcc