CRAN Package Check Results for Package fracprolif

Last updated on 2016-08-30 17:47:43.

Flavor Version Tinstall Tcheck Ttotal Status Flags
r-devel-linux-x86_64-debian-clang 1.0.6 0.87 14.13 15.00 NOTE
r-devel-linux-x86_64-debian-gcc 1.0.6 0.88 14.14 15.02 NOTE
r-devel-linux-x86_64-fedora-clang 1.0.6 27.65 NOTE
r-devel-linux-x86_64-fedora-gcc 1.0.6 26.32 NOTE
r-devel-osx-x86_64-clang 1.0.6 23.44 NOTE
r-devel-windows-ix86+x86_64 1.0.6 6.00 39.00 45.00 NOTE
r-patched-linux-x86_64 1.0.6 0.91 14.07 14.99 NOTE
r-patched-solaris-sparc 1.0.6 175.40 NOTE
r-patched-solaris-x86 1.0.6 37.60 NOTE
r-release-linux-x86_64 1.0.6 0.93 14.22 15.15 NOTE
r-release-osx-x86_64-mavericks 1.0.6 NOTE
r-release-windows-ix86+x86_64 1.0.6 6.00 54.00 60.00 NOTE
r-oldrel-windows-ix86+x86_64 1.0.6 6.00 43.00 49.00 OK

Check Details

Version: 1.0.6
Check: R code for possible problems
Result: NOTE
    q.mle.emg.estimate: no visible global function definition for ‘median’
    q.mle.emg.estimate: no visible global function definition for ‘sd’
    q.mle.norm.estimate: no visible global function definition for ‘sd’
    q.rates : q.rates.inner : f: no visible global function definition for
     ‘integrate’
    q.rates : q.rates.inner: no visible global function definition for
     ‘uniroot’
    Undefined global functions or variables:
     integrate median sd uniroot
    Consider adding
     importFrom("stats", "integrate", "median", "sd", "uniroot")
    to your NAMESPACE file.
Flavors: r-devel-linux-x86_64-debian-clang, r-devel-linux-x86_64-debian-gcc, r-devel-linux-x86_64-fedora-clang, r-devel-linux-x86_64-fedora-gcc, r-devel-osx-x86_64-clang, r-devel-windows-ix86+x86_64, r-patched-linux-x86_64, r-patched-solaris-sparc, r-patched-solaris-x86, r-release-linux-x86_64, r-release-osx-x86_64-mavericks, r-release-windows-ix86+x86_64