CRAN Package Check Results for Package fracprolif

Last updated on 2015-09-05 12:49:22.

Flavor Version Tinstall Tcheck Ttotal Status Flags
r-devel-linux-x86_64-debian-clang 1.0.6 0.86 13.49 14.34 NOTE
r-devel-linux-x86_64-debian-gcc 1.0.6 0.85 13.62 14.47 NOTE
r-devel-linux-x86_64-fedora-clang 1.0.6 28.60 NOTE
r-devel-linux-x86_64-fedora-gcc 1.0.6 28.36 NOTE
r-devel-osx-x86_64-clang 1.0.6 26.63 OK
r-devel-windows-ix86+x86_64 1.0.6 4.00 40.00 44.00 NOTE
r-patched-linux-x86_64 1.0.6 1.02 14.74 15.76 OK
r-patched-solaris-sparc 1.0.6 201.00 OK
r-patched-solaris-x86 1.0.6 43.60 OK
r-release-linux-x86_64 1.0.6 0.98 15.05 16.03 OK
r-release-osx-x86_64-mavericks 1.0.6 OK
r-release-windows-ix86+x86_64 1.0.6 4.00 28.00 32.00 OK
r-oldrel-windows-ix86+x86_64 1.0.6 5.00 27.00 32.00 OK

Check Details

Version: 1.0.6
Check: R code for possible problems
Result: NOTE
    q.mle.emg.estimate: no visible global function definition for ‘median’
    q.mle.emg.estimate: no visible global function definition for ‘sd’
    q.mle.norm.estimate: no visible global function definition for ‘sd’
    q.rates : q.rates.inner : f: no visible global function definition for
     ‘integrate’
    q.rates : q.rates.inner: no visible global function definition for
     ‘uniroot’
    Undefined global functions or variables:
     integrate median sd uniroot
    Consider adding
     importFrom("stats", "integrate", "median", "sd", "uniroot")
    to your NAMESPACE.
Flavors: r-devel-linux-x86_64-debian-clang, r-devel-linux-x86_64-debian-gcc, r-devel-linux-x86_64-fedora-clang, r-devel-linux-x86_64-fedora-gcc, r-devel-windows-ix86+x86_64