CRAN Package Check Results for Package fracprolif

Last updated on 2014-04-23 17:47:44.

Flavor Version Tinstall Tcheck Ttotal Status Flags
r-devel-linux-x86_64-debian-clang 1.0.5 1.15 16.98 18.13 NOTE
r-devel-linux-x86_64-debian-gcc 1.0.5 1.12 17.00 18.11 NOTE
r-devel-linux-x86_64-fedora-clang 1.0.5 37.30 NOTE
r-devel-linux-x86_64-fedora-gcc 1.0.5 35.76 NOTE
r-devel-osx-x86_64-clang 1.0.5 32.82 NOTE
r-devel-osx-x86_64-gcc 1.0.5 NOTE
r-devel-windows-ix86+x86_64 1.0.5 4.00 26.00 30.00 NOTE
r-patched-linux-x86_64 1.0.5 1.26 17.16 18.42 NOTE
r-patched-solaris-sparc 1.0.5 212.60 NOTE
r-patched-solaris-x86 1.0.5 52.60 NOTE
r-release-linux-ix86 1.0.5 1.00 32.00 33.00 NOTE
r-release-linux-x86_64 1.0.5 1.14 17.22 18.36 NOTE
r-release-osx-x86_64-mavericks 1.0.5 NOTE
r-release-windows-ix86+x86_64 1.0.5 7.00 38.00 45.00 NOTE
r-oldrel-windows-ix86+x86_64 1.0.5 4.00 28.00 32.00 NOTE

Check Details

Version: 1.0.5
Check: top-level files
Result: NOTE
    File
     LICENSE
    is not mentioned in the DESCRIPTION file.
Flavors: r-devel-linux-x86_64-debian-clang, r-devel-linux-x86_64-debian-gcc, r-devel-linux-x86_64-fedora-clang, r-devel-linux-x86_64-fedora-gcc, r-devel-osx-x86_64-clang, r-devel-osx-x86_64-gcc, r-devel-windows-ix86+x86_64, r-patched-linux-x86_64, r-patched-solaris-sparc, r-patched-solaris-x86, r-release-linux-ix86, r-release-linux-x86_64, r-release-osx-x86_64-mavericks, r-release-windows-ix86+x86_64, r-oldrel-windows-ix86+x86_64