CRAN Package Check Results for Package fracprolif

Last updated on 2016-12-08 18:46:59.

Flavor Version Tinstall Tcheck Ttotal Status Flags
r-devel-linux-x86_64-debian-clang 1.0.6 0.93 16.03 16.95 NOTE
r-devel-linux-x86_64-debian-gcc 1.0.6 0.96 16.05 17.01 NOTE
r-devel-linux-x86_64-fedora-clang 1.0.6 33.90 NOTE --no-stop-on-test-error
r-devel-linux-x86_64-fedora-gcc 1.0.6 31.26 NOTE --no-stop-on-test-error
r-devel-macos-x86_64-clang 1.0.6 26.50 NOTE
r-devel-windows-ix86+x86_64 1.0.6 8.00 47.00 55.00 NOTE
r-patched-linux-x86_64 1.0.6 0.92 14.33 15.25 NOTE
r-patched-solaris-sparc 1.0.6 175.40 NOTE
r-patched-solaris-x86 1.0.6 37.80 NOTE
r-release-linux-x86_64 1.0.6 0.88 14.39 15.27 NOTE
r-release-osx-x86_64-mavericks 1.0.6 NOTE
r-release-windows-ix86+x86_64 1.0.6 4.00 33.00 37.00 NOTE
r-oldrel-windows-ix86+x86_64 1.0.6 4.00 28.00 32.00 OK

Check Details

Version: 1.0.6
Check: R code for possible problems
Result: NOTE
    q.mle.emg.estimate: no visible global function definition for ‘median’
    q.mle.emg.estimate: no visible global function definition for ‘sd’
    q.mle.norm.estimate: no visible global function definition for ‘sd’
    q.rates : q.rates.inner : f: no visible global function definition for
     ‘integrate’
    q.rates : q.rates.inner: no visible global function definition for
     ‘uniroot’
    Undefined global functions or variables:
     integrate median sd uniroot
    Consider adding
     importFrom("stats", "integrate", "median", "sd", "uniroot")
    to your NAMESPACE file.
Flavors: r-devel-linux-x86_64-debian-clang, r-devel-linux-x86_64-debian-gcc, r-devel-macos-x86_64-clang, r-devel-windows-ix86+x86_64, r-patched-linux-x86_64, r-patched-solaris-sparc, r-patched-solaris-x86, r-release-linux-x86_64, r-release-osx-x86_64-mavericks, r-release-windows-ix86+x86_64

Version: 1.0.6
Flags: --no-stop-on-test-error
Check: R code for possible problems
Result: NOTE
    q.mle.emg.estimate: no visible global function definition for ‘median’
    q.mle.emg.estimate: no visible global function definition for ‘sd’
    q.mle.norm.estimate: no visible global function definition for ‘sd’
    q.rates : q.rates.inner : f: no visible global function definition for
     ‘integrate’
    q.rates : q.rates.inner: no visible global function definition for
     ‘uniroot’
    Undefined global functions or variables:
     integrate median sd uniroot
    Consider adding
     importFrom("stats", "integrate", "median", "sd", "uniroot")
    to your NAMESPACE file.
Flavors: r-devel-linux-x86_64-fedora-clang, r-devel-linux-x86_64-fedora-gcc