CRAN Package Check Results for Package fracprolif

Last updated on 2017-06-28 23:55:11.

Flavor Version Tinstall Tcheck Ttotal Status Flags
r-devel-linux-x86_64-debian-clang 1.0.6 0.92 16.27 17.20 NOTE
r-devel-linux-x86_64-debian-gcc 1.0.6 0.92 16.87 17.78 NOTE
r-devel-linux-x86_64-fedora-clang 1.0.6 30.21 NOTE
r-devel-linux-x86_64-fedora-gcc 1.0.6 29.56 NOTE
r-devel-windows-ix86+x86_64 1.0.6 5.00 34.00 39.00 NOTE
r-patched-linux-x86_64 1.0.6 1.14 16.19 17.34 NOTE
r-patched-solaris-sparc 1.0.6 184.80 NOTE
r-patched-solaris-x86 1.0.6 41.60 NOTE
r-release-linux-x86_64 1.0.6 0.96 16.25 17.21 NOTE
r-release-windows-ix86+x86_64 1.0.6 4.00 35.00 39.00 NOTE
r-release-osx-x86_64 1.0.6 NOTE
r-oldrel-windows-ix86+x86_64 1.0.6 4.00 33.00 37.00 NOTE
r-oldrel-osx-x86_64 1.0.6 NOTE

Check Details

Version: 1.0.6
Check: R code for possible problems
Result: NOTE
    q.mle.emg.estimate: no visible global function definition for ‘median’
    q.mle.emg.estimate: no visible global function definition for ‘sd’
    q.mle.norm.estimate: no visible global function definition for ‘sd’
    q.rates : q.rates.inner : f: no visible global function definition for
     ‘integrate’
    q.rates : q.rates.inner: no visible global function definition for
     ‘uniroot’
    Undefined global functions or variables:
     integrate median sd uniroot
    Consider adding
     importFrom("stats", "integrate", "median", "sd", "uniroot")
    to your NAMESPACE file.
Flavors: r-devel-linux-x86_64-debian-clang, r-devel-linux-x86_64-debian-gcc, r-devel-linux-x86_64-fedora-clang, r-devel-linux-x86_64-fedora-gcc, r-devel-windows-ix86+x86_64, r-patched-linux-x86_64, r-patched-solaris-sparc, r-patched-solaris-x86, r-release-linux-x86_64, r-release-windows-ix86+x86_64, r-release-osx-x86_64, r-oldrel-windows-ix86+x86_64, r-oldrel-osx-x86_64