CRAN Package Check Results for Package fracprolif

Last updated on 2015-07-02 17:47:16.

Flavor Version Tinstall Tcheck Ttotal Status Flags
r-devel-linux-x86_64-debian-clang 1.0.6 0.87 14.44 15.31 NOTE
r-devel-linux-x86_64-debian-gcc 1.0.6 0.87 13.90 14.77 NOTE
r-devel-linux-x86_64-fedora-clang 1.0.6 31.57 NOTE
r-devel-linux-x86_64-fedora-gcc 1.0.6 28.48 NOTE
r-devel-osx-x86_64-clang 1.0.6 30.03 OK
r-devel-windows-ix86+x86_64 1.0.6 6.00 24.00 30.00 OK
r-patched-linux-x86_64 1.0.6 1.04 14.68 15.72 OK
r-patched-solaris-sparc 1.0.6 203.40 OK
r-patched-solaris-x86 1.0.6 44.20 OK
r-release-linux-x86_64 1.0.6 0.94 14.59 15.53 OK
r-release-osx-x86_64-mavericks 1.0.6 OK
r-release-windows-ix86+x86_64 1.0.6 4.00 25.00 29.00 OK
r-oldrel-windows-ix86+x86_64 1.0.6 5.00 27.00 32.00 OK

Check Details

Version: 1.0.6
Check: R code for possible problems
Result: NOTE
    q.mle.emg.estimate: no visible global function definition for ‘median’
    q.mle.emg.estimate: no visible global function definition for ‘sd’
    q.mle.norm.estimate: no visible global function definition for ‘sd’
    q.rates : q.rates.inner : f: no visible global function definition for
     ‘integrate’
    q.rates : q.rates.inner: no visible global function definition for
     ‘uniroot’
Flavors: r-devel-linux-x86_64-debian-clang, r-devel-linux-x86_64-debian-gcc

Version: 1.0.6
Check: R code for possible problems
Result: NOTE
    q.mle.emg.estimate: no visible global function definition for ‘median’
    q.mle.emg.estimate: no visible global function definition for ‘sd’
    q.mle.norm.estimate: no visible global function definition for ‘sd’
    q.rates : q.rates.inner : f: no visible global function definition for
     ‘integrate’
    q.rates : q.rates.inner: no visible global function definition for
     ‘uniroot’
    Undefined global functions or variables:
     integrate median sd uniroot
Flavors: r-devel-linux-x86_64-fedora-clang, r-devel-linux-x86_64-fedora-gcc