CRAN Package Check Results for Package fracprolif

Last updated on 2018-04-25 15:47:55 CEST.

Flavor Version Tinstall Tcheck Ttotal Status Flags
r-devel-linux-x86_64-debian-clang 1.0.6 1.44 25.28 26.72 NOTE
r-devel-linux-x86_64-debian-gcc 1.0.6 1.57 20.25 21.82 NOTE
r-devel-linux-x86_64-fedora-clang 1.0.6 32.46 NOTE
r-devel-linux-x86_64-fedora-gcc 1.0.6 31.21 NOTE
r-devel-windows-ix86+x86_64 1.0.6 6.00 40.00 46.00 NOTE
r-patched-linux-x86_64 1.0.6 1.80 24.54 26.34 NOTE
r-patched-solaris-x86 1.0.6 51.00 NOTE
r-release-linux-x86_64 1.0.6 1.60 24.64 26.24 NOTE
r-release-windows-ix86+x86_64 1.0.6 6.00 40.00 46.00 NOTE
r-release-osx-x86_64 1.0.6 NOTE
r-oldrel-windows-ix86+x86_64 1.0.6 4.00 36.00 40.00 NOTE
r-oldrel-osx-x86_64 1.0.6 NOTE

Check Details

Version: 1.0.6
Check: R code for possible problems
Result: NOTE
    q.mle.emg.estimate: no visible global function definition for ‘median’
    q.mle.emg.estimate: no visible global function definition for ‘sd’
    q.mle.norm.estimate: no visible global function definition for ‘sd’
    q.rates : q.rates.inner : f: no visible global function definition for
     ‘integrate’
    q.rates : q.rates.inner: no visible global function definition for
     ‘uniroot’
    Undefined global functions or variables:
     integrate median sd uniroot
    Consider adding
     importFrom("stats", "integrate", "median", "sd", "uniroot")
    to your NAMESPACE file.
Flavors: r-devel-linux-x86_64-debian-clang, r-devel-linux-x86_64-debian-gcc, r-devel-linux-x86_64-fedora-clang, r-devel-linux-x86_64-fedora-gcc, r-devel-windows-ix86+x86_64, r-patched-linux-x86_64, r-patched-solaris-x86, r-release-linux-x86_64, r-release-windows-ix86+x86_64, r-release-osx-x86_64, r-oldrel-windows-ix86+x86_64, r-oldrel-osx-x86_64