CRAN Package Check Results for Package fracprolif

Last updated on 2016-09-27 08:47:51.

Flavor Version Tinstall Tcheck Ttotal Status Flags
r-devel-linux-x86_64-debian-clang 1.0.6 0.83 14.17 15.00 NOTE
r-devel-linux-x86_64-debian-gcc 1.0.6 1.06 14.36 15.42 NOTE
r-devel-linux-x86_64-fedora-clang 1.0.6 27.42 NOTE
r-devel-linux-x86_64-fedora-gcc 1.0.6 26.09 NOTE
r-devel-macos-x86_64-clang 1.0.6 22.88 NOTE
r-devel-windows-ix86+x86_64 1.0.6 7.00 42.00 49.00 NOTE
r-patched-linux-x86_64 1.0.6 0.90 14.27 15.17 NOTE
r-patched-solaris-sparc 1.0.6 175.40 NOTE
r-patched-solaris-x86 1.0.6 36.90 NOTE
r-release-linux-x86_64 1.0.6 0.95 14.69 15.63 NOTE
r-release-osx-x86_64-mavericks 1.0.6 NOTE
r-release-windows-ix86+x86_64 1.0.6 4.00 34.00 38.00 NOTE
r-oldrel-windows-ix86+x86_64 1.0.6 6.00 43.00 49.00 OK

Check Details

Version: 1.0.6
Check: R code for possible problems
Result: NOTE
    q.mle.emg.estimate: no visible global function definition for ‘median’
    q.mle.emg.estimate: no visible global function definition for ‘sd’
    q.mle.norm.estimate: no visible global function definition for ‘sd’
    q.rates : q.rates.inner : f: no visible global function definition for
     ‘integrate’
    q.rates : q.rates.inner: no visible global function definition for
     ‘uniroot’
    Undefined global functions or variables:
     integrate median sd uniroot
    Consider adding
     importFrom("stats", "integrate", "median", "sd", "uniroot")
    to your NAMESPACE file.
Flavors: r-devel-linux-x86_64-debian-clang, r-devel-linux-x86_64-debian-gcc, r-devel-linux-x86_64-fedora-clang, r-devel-linux-x86_64-fedora-gcc, r-devel-macos-x86_64-clang, r-devel-windows-ix86+x86_64, r-patched-linux-x86_64, r-patched-solaris-sparc, r-patched-solaris-x86, r-release-linux-x86_64, r-release-osx-x86_64-mavericks, r-release-windows-ix86+x86_64