CRAN Package Check Results for Package fracprolif

Last updated on 2016-02-06 07:47:53.

Flavor Version Tinstall Tcheck Ttotal Status Flags
r-devel-linux-x86_64-debian-gcc 1.0.6 0.96 13.49 14.45 NOTE
r-devel-linux-x86_64-fedora-clang 1.0.6 27.37 NOTE
r-devel-linux-x86_64-fedora-gcc 1.0.6 25.38 NOTE
r-devel-osx-x86_64-clang 1.0.6 28.91 OK
r-devel-windows-ix86+x86_64 1.0.6 6.00 27.00 33.00 NOTE
r-patched-linux-x86_64 1.0.6 1.04 14.19 15.22 OK
r-patched-solaris-sparc 1.0.6 181.70 OK
r-patched-solaris-x86 1.0.6 38.80 OK
r-release-linux-x86_64 1.0.6 1.00 14.41 15.41 OK
r-release-osx-x86_64-mavericks 1.0.6 OK
r-release-windows-ix86+x86_64 1.0.6 4.00 26.00 30.00 OK
r-oldrel-windows-ix86+x86_64 1.0.6 5.00 27.00 32.00 OK

Check Details

Version: 1.0.6
Check: R code for possible problems
Result: NOTE
    q.mle.emg.estimate: no visible global function definition for ‘median’
    q.mle.emg.estimate: no visible global function definition for ‘sd’
    q.mle.norm.estimate: no visible global function definition for ‘sd’
    q.rates : q.rates.inner : f: no visible global function definition for
     ‘integrate’
    q.rates : q.rates.inner: no visible global function definition for
     ‘uniroot’
    Undefined global functions or variables:
     integrate median sd uniroot
    Consider adding
     importFrom("stats", "integrate", "median", "sd", "uniroot")
    to your NAMESPACE.
Flavors: r-devel-linux-x86_64-debian-gcc, r-devel-linux-x86_64-fedora-clang, r-devel-linux-x86_64-fedora-gcc, r-devel-windows-ix86+x86_64