CRAN Package Check Results for Package fracprolif

Last updated on 2016-06-27 03:47:35.

Flavor Version Tinstall Tcheck Ttotal Status Flags
r-devel-linux-x86_64-debian-gcc 1.0.6 0.84 14.44 15.28 NOTE
r-devel-linux-x86_64-fedora-clang 1.0.6 26.85 NOTE
r-devel-linux-x86_64-fedora-gcc 1.0.6 25.62 NOTE
r-devel-osx-x86_64-clang 1.0.6 23.61 NOTE
r-devel-windows-ix86+x86_64 1.0.6 3.00 33.00 36.00 NOTE
r-patched-linux-x86_64 1.0.6 1.22 14.62 15.84 NOTE
r-patched-solaris-sparc 1.0.6 175.40 NOTE
r-patched-solaris-x86 1.0.6 38.60 NOTE
r-release-linux-x86_64 1.0.6 0.96 14.48 15.44 NOTE
r-release-osx-x86_64-mavericks 1.0.6 NOTE
r-release-windows-ix86+x86_64 1.0.6 4.00 44.00 48.00 NOTE
r-oldrel-windows-ix86+x86_64 1.0.6 4.00 26.00 30.00 OK

Check Details

Version: 1.0.6
Check: R code for possible problems
Result: NOTE
    q.mle.emg.estimate: no visible global function definition for ‘median’
    q.mle.emg.estimate: no visible global function definition for ‘sd’
    q.mle.norm.estimate: no visible global function definition for ‘sd’
    q.rates : q.rates.inner : f: no visible global function definition for
     ‘integrate’
    q.rates : q.rates.inner: no visible global function definition for
     ‘uniroot’
    Undefined global functions or variables:
     integrate median sd uniroot
    Consider adding
     importFrom("stats", "integrate", "median", "sd", "uniroot")
    to your NAMESPACE file.
Flavors: r-devel-linux-x86_64-debian-gcc, r-devel-linux-x86_64-fedora-clang, r-devel-linux-x86_64-fedora-gcc, r-devel-osx-x86_64-clang, r-devel-windows-ix86+x86_64, r-patched-linux-x86_64, r-patched-solaris-sparc, r-patched-solaris-x86, r-release-linux-x86_64, r-release-osx-x86_64-mavericks, r-release-windows-ix86+x86_64