CRAN Package Check Results for Package fracprolif

Last updated on 2014-07-31 19:48:09.

Flavor Version Tinstall Tcheck Ttotal Status Flags
r-devel-linux-x86_64-debian-clang 1.0.5 1.19 16.17 17.36 NOTE
r-devel-linux-x86_64-debian-gcc 1.0.5 1.14 16.32 17.45 NOTE
r-devel-linux-x86_64-fedora-clang 1.0.5 36.33 NOTE
r-devel-linux-x86_64-fedora-gcc 1.0.5 34.63 NOTE
r-devel-osx-x86_64-clang 1.0.5 32.54 NOTE
r-devel-windows-ix86+x86_64 1.0.5 4.00 28.00 32.00 NOTE
r-patched-linux-x86_64 1.0.5 1.13 15.95 17.08 NOTE
r-patched-solaris-sparc 1.0.5 215.10 NOTE
r-patched-solaris-x86 1.0.5 50.70 NOTE
r-release-linux-ix86 1.0.5 1.44 23.33 24.77 NOTE
r-release-linux-x86_64 1.0.5 1.08 16.60 17.69 NOTE
r-release-osx-x86_64-mavericks 1.0.5 NOTE
r-release-windows-ix86+x86_64 1.0.5 6.00 43.00 49.00 NOTE
r-oldrel-windows-ix86+x86_64 1.0.5 4.00 28.00 32.00 NOTE

Check Details

Version: 1.0.5
Check: top-level files
Result: NOTE
    File
     LICENSE
    is not mentioned in the DESCRIPTION file.
Flavors: r-devel-linux-x86_64-debian-clang, r-devel-linux-x86_64-debian-gcc, r-devel-linux-x86_64-fedora-clang, r-devel-linux-x86_64-fedora-gcc, r-devel-osx-x86_64-clang, r-devel-windows-ix86+x86_64, r-patched-linux-x86_64, r-patched-solaris-sparc, r-patched-solaris-x86, r-release-linux-ix86, r-release-linux-x86_64, r-release-osx-x86_64-mavericks, r-release-windows-ix86+x86_64, r-oldrel-windows-ix86+x86_64