CRAN Package Check Results for Package fractD

Last updated on 2022-10-02 11:11:21 CEST.

Flavor Version Tinstall Tcheck Ttotal Status Flags
r-devel-linux-x86_64-debian-clang 0.1.0 2.42 53.76 56.18 NOTE
r-devel-linux-x86_64-debian-gcc 0.1.0 1.88 40.60 42.48 NOTE
r-devel-linux-x86_64-fedora-clang 0.1.0 83.00 NOTE
r-devel-linux-x86_64-fedora-gcc 0.1.0 87.44 NOTE
r-devel-windows-x86_64 0.1.0 38.00 88.00 126.00 NOTE
r-patched-linux-x86_64 0.1.0 2.52 53.79 56.31 NOTE
r-release-linux-x86_64 0.1.0 2.68 52.53 55.21 NOTE
r-release-macos-arm64 0.1.0 35.00 NOTE
r-release-macos-x86_64 0.1.0 40.00 NOTE
r-release-windows-x86_64 0.1.0 26.00 87.00 113.00 NOTE
r-oldrel-macos-arm64 0.1.0 35.00 NOTE
r-oldrel-macos-x86_64 0.1.0 55.00 NOTE
r-oldrel-windows-ix86+x86_64 0.1.0 6.00 85.00 91.00 NOTE

Check Details

Version: 0.1.0
Check: LazyData
Result: NOTE
     'LazyData' is specified without a 'data' directory
Flavors: r-devel-linux-x86_64-debian-clang, r-devel-linux-x86_64-debian-gcc, r-devel-linux-x86_64-fedora-clang, r-devel-linux-x86_64-fedora-gcc, r-devel-windows-x86_64, r-patched-linux-x86_64, r-release-linux-x86_64, r-release-macos-arm64, r-release-macos-x86_64, r-release-windows-x86_64, r-oldrel-macos-arm64, r-oldrel-macos-x86_64, r-oldrel-windows-ix86+x86_64