Last updated on 2023-09-27 01:05:28 CEST.
Flavor | Version | Tinstall | Tcheck | Ttotal | Status | Flags |
---|---|---|---|---|---|---|
r-devel-linux-x86_64-debian-clang | 1.2 | 206.03 | 49.47 | 255.50 | OK | |
r-devel-linux-x86_64-debian-gcc | 1.2 | 141.03 | 38.26 | 179.29 | OK | |
r-devel-linux-x86_64-fedora-clang | 1.2 | 400.64 | OK | |||
r-devel-linux-x86_64-fedora-gcc | 1.2 | 391.18 | OK | |||
r-devel-windows-x86_64 | 1.2 | 158.00 | 85.00 | 243.00 | OK | |
r-patched-linux-x86_64 | 1.2 | 190.30 | 51.25 | 241.55 | OK | |
r-release-linux-x86_64 | 1.2 | 200.95 | 51.76 | 252.71 | OK | |
r-release-macos-arm64 | 1.2 | 70.00 | NOTE | |||
r-release-macos-x86_64 | 1.2 | 81.00 | NOTE | |||
r-release-windows-x86_64 | 1.2 | 201.00 | 95.00 | 296.00 | OK | |
r-oldrel-macos-arm64 | 1.2 | 66.00 | NOTE | |||
r-oldrel-macos-x86_64 | 1.2 | 105.00 | NOTE | |||
r-oldrel-windows-x86_64 | 1.2 | 193.00 | 89.00 | 282.00 | OK |
Version: 1.2
Check: installed package size
Result: NOTE
installed size is 5.4Mb
sub-directories of 1Mb or more:
libs 5.1Mb
Flavors: r-release-macos-arm64, r-release-macos-x86_64, r-oldrel-macos-arm64, r-oldrel-macos-x86_64