CRAN Package Check Results for Package fractaldim

Last updated on 2014-10-31 11:47:22.

Flavor Version Tinstall Tcheck Ttotal Status Flags
r-devel-linux-x86_64-debian-clang 0.8-4 0.66 17.32 17.98 NOTE
r-devel-linux-x86_64-debian-gcc 0.8-4 0.68 17.74 18.42 NOTE
r-devel-linux-x86_64-fedora-clang 0.8-4 36.74 NOTE
r-devel-linux-x86_64-fedora-gcc 0.8-4 34.10 NOTE
r-devel-osx-x86_64-clang 0.8-4 39.22 NOTE
r-devel-windows-ix86+x86_64 0.8-4 2.00 27.00 29.00 NOTE
r-patched-linux-x86_64 0.8-4 0.67 17.38 18.05 NOTE
r-patched-solaris-sparc 0.8-4 222.50 NOTE
r-patched-solaris-x86 0.8-4 55.00 NOTE
r-release-linux-ix86 0.8-4 0.98 28.39 29.38 OK
r-release-linux-x86_64 0.8-4 0.66 19.47 20.14 OK
r-release-osx-x86_64-mavericks 0.8-4 OK
r-release-osx-x86_64-snowleopard 0.8-4 OK
r-release-windows-ix86+x86_64 0.8-4 2.00 37.00 39.00 OK
r-oldrel-windows-ix86+x86_64 0.8-4 3.00 34.00 37.00 OK

Check Details

Version: 0.8-4
Check: R code for possible problems
Result: NOTE
    WaveVarFD: no visible global function definition for ‘modwt’
    do.fd.estimate: no visible global function definition for
     ‘performParallel’
    fd.Genton: no visible global function definition for ‘qn’
    fd.estimate.matrix: no visible global function definition for
     ‘performParallel’
Flavors: r-devel-linux-x86_64-debian-clang, r-devel-linux-x86_64-debian-gcc, r-devel-linux-x86_64-fedora-clang, r-devel-linux-x86_64-fedora-gcc, r-devel-osx-x86_64-clang, r-devel-windows-ix86+x86_64, r-patched-linux-x86_64, r-patched-solaris-sparc, r-patched-solaris-x86