CRAN Package Check Results for Package fractaldim

Last updated on 2014-11-27 20:46:54.

Flavor Version Tinstall Tcheck Ttotal Status Flags
r-devel-linux-x86_64-debian-clang 0.8-4 0.65 18.34 18.99 NOTE
r-devel-linux-x86_64-debian-gcc 0.8-4 0.65 18.21 18.86 NOTE
r-devel-linux-x86_64-fedora-clang 0.8-4 38.59 NOTE
r-devel-linux-x86_64-fedora-gcc 0.8-4 41.23 NOTE
r-devel-osx-x86_64-clang 0.8-4 39.39 NOTE
r-devel-windows-ix86+x86_64 0.8-4 2.00 29.00 31.00 NOTE
r-patched-linux-x86_64 0.8-4 0.67 17.54 18.22 NOTE
r-patched-solaris-sparc 0.8-4 222.50 NOTE
r-patched-solaris-x86 0.8-4 55.70 NOTE
r-release-linux-ix86 0.8-4 0.97 25.03 26.00 NOTE
r-release-linux-x86_64 0.8-4 0.68 17.51 18.19 NOTE
r-release-osx-x86_64-mavericks 0.8-4 OK
r-release-osx-x86_64-snowleopard 0.8-4 OK
r-release-windows-ix86+x86_64 0.8-4 2.00 30.00 32.00 NOTE
r-oldrel-windows-ix86+x86_64 0.8-4 2.00 34.00 36.00 OK

Check Details

Version: 0.8-4
Check: R code for possible problems
Result: NOTE
    WaveVarFD: no visible global function definition for ‘modwt’
    do.fd.estimate: no visible global function definition for
     ‘performParallel’
    fd.Genton: no visible global function definition for ‘qn’
    fd.estimate.matrix: no visible global function definition for
     ‘performParallel’
Flavors: r-devel-linux-x86_64-debian-clang, r-devel-linux-x86_64-debian-gcc, r-devel-linux-x86_64-fedora-clang, r-devel-linux-x86_64-fedora-gcc, r-devel-osx-x86_64-clang, r-devel-windows-ix86+x86_64, r-patched-linux-x86_64, r-patched-solaris-sparc, r-patched-solaris-x86, r-release-linux-ix86, r-release-linux-x86_64, r-release-windows-ix86+x86_64