CRAN Package Check Results for Package fractaldim

Last updated on 2015-05-29 03:48:03.

Flavor Version Tinstall Tcheck Ttotal Status Flags
r-devel-linux-x86_64-debian-clang 0.8-4 0.62 15.01 15.64 NOTE
r-devel-linux-x86_64-debian-gcc 0.8-4 0.61 14.60 15.21 NOTE
r-devel-linux-x86_64-fedora-clang 0.8-4 31.64 NOTE
r-devel-linux-x86_64-fedora-gcc 0.8-4 28.11 NOTE
r-devel-osx-x86_64-clang 0.8-4 34.79 NOTE
r-devel-windows-ix86+x86_64 0.8-4 2.00 28.00 30.00 NOTE
r-patched-linux-x86_64 0.8-4 0.60 14.82 15.43 NOTE
r-patched-solaris-sparc 0.8-4 216.40 NOTE
r-patched-solaris-x86 0.8-4 45.10 NOTE
r-release-linux-x86_64 0.8-4 0.60 14.77 15.38 NOTE
r-release-osx-x86_64-mavericks 0.8-4 NOTE
r-release-osx-x86_64-snowleopard 0.8-4 NOTE
r-release-windows-ix86+x86_64 0.8-4 3.00 24.00 27.00 NOTE
r-oldrel-windows-ix86+x86_64 0.8-4 3.00 26.00 29.00 NOTE

Check Details

Version: 0.8-4
Check: dependencies in R code
Result: NOTE
    'library' or 'require' calls in package code:
     ‘pcaPP’ ‘snowFT’ ‘wavelets’
     Please use :: or requireNamespace() instead.
     See section 'Suggested packages' in the 'Writing R Extensions' manual.
Flavors: r-devel-linux-x86_64-debian-clang, r-devel-linux-x86_64-debian-gcc, r-devel-linux-x86_64-fedora-clang, r-devel-linux-x86_64-fedora-gcc, r-devel-osx-x86_64-clang, r-devel-windows-ix86+x86_64, r-patched-linux-x86_64, r-patched-solaris-sparc, r-patched-solaris-x86, r-release-linux-x86_64, r-release-osx-x86_64-mavericks, r-release-osx-x86_64-snowleopard, r-release-windows-ix86+x86_64, r-oldrel-windows-ix86+x86_64

Version: 0.8-4
Check: R code for possible problems
Result: NOTE
    WaveVarFD: no visible global function definition for ‘modwt’
    do.fd.estimate: no visible global function definition for
     ‘performParallel’
    fd.Genton: no visible global function definition for ‘qn’
    fd.estimate.matrix: no visible global function definition for
     ‘performParallel’
Flavors: r-devel-linux-x86_64-debian-clang, r-devel-linux-x86_64-debian-gcc, r-devel-linux-x86_64-fedora-clang, r-devel-linux-x86_64-fedora-gcc, r-devel-osx-x86_64-clang, r-devel-windows-ix86+x86_64, r-patched-linux-x86_64, r-patched-solaris-sparc, r-patched-solaris-x86, r-release-linux-x86_64, r-release-osx-x86_64-mavericks, r-release-osx-x86_64-snowleopard, r-release-windows-ix86+x86_64, r-oldrel-windows-ix86+x86_64