CRAN Package Check Results for Package fractaldim

Last updated on 2016-12-06 10:50:51.

Flavor Version Tinstall Tcheck Ttotal Status Flags
r-devel-linux-x86_64-debian-clang 0.8-4 0.70 20.41 21.11 NOTE
r-devel-linux-x86_64-debian-gcc 0.8-4 0.70 20.14 20.85 NOTE
r-devel-linux-x86_64-fedora-clang 0.8-4 39.02 NOTE --no-stop-on-test-error
r-devel-linux-x86_64-fedora-gcc 0.8-4 37.81 NOTE --no-stop-on-test-error
r-devel-macos-x86_64-clang 0.8-4 32.56 NOTE
r-devel-windows-ix86+x86_64 0.8-4 3.00 40.00 43.00 NOTE
r-patched-linux-x86_64 0.8-4 0.64 15.45 16.09 NOTE
r-patched-solaris-sparc 0.8-4 162.60 ERROR
r-patched-solaris-x86 0.8-4 33.40 ERROR
r-release-linux-x86_64 0.8-4 0.59 15.63 16.23 NOTE
r-release-osx-x86_64-mavericks 0.8-4 NOTE
r-release-windows-ix86+x86_64 0.8-4 3.00 36.00 39.00 NOTE
r-oldrel-windows-ix86+x86_64 0.8-4 3.00 35.00 38.00 NOTE

Check Details

Version: 0.8-4
Check: dependencies in R code
Result: NOTE
    'library' or 'require' calls in package code:
     ‘pcaPP’ ‘snowFT’ ‘wavelets’
     Please use :: or requireNamespace() instead.
     See section 'Suggested packages' in the 'Writing R Extensions' manual.
Flavors: r-devel-linux-x86_64-debian-clang, r-devel-linux-x86_64-debian-gcc, r-devel-macos-x86_64-clang, r-devel-windows-ix86+x86_64, r-patched-linux-x86_64, r-patched-solaris-sparc, r-patched-solaris-x86, r-release-linux-x86_64, r-release-osx-x86_64-mavericks, r-release-windows-ix86+x86_64, r-oldrel-windows-ix86+x86_64

Version: 0.8-4
Check: R code for possible problems
Result: NOTE
    ComputeDCT2FFT: no visible global function definition for ‘fft’
    ComputeSemipgramFFT: no visible global function definition for ‘fft’
    WaveVarFD: no visible global function definition for ‘modwt’
    do.fd.estimate: no visible global function definition for
     ‘performParallel’
    do.fd.estimate2d.simple: no visible global function definition for
     ‘median’
    fd.Genton: no visible global function definition for ‘qn’
    fd.estimate.matrix: no visible global function definition for
     ‘performParallel’
    fd.plot.legend: no visible global function definition for ‘legend’
    fd.plot.loglog: no visible global function definition for ‘plot’
    fd.plot.loglog: no visible global function definition for ‘points’
    fd.plot.loglog: no visible global function definition for ‘abline’
    summary.FractalDim: no visible binding for global variable ‘sd’
    Undefined global functions or variables:
     abline fft legend median modwt performParallel plot points qn sd
    Consider adding
     importFrom("graphics", "abline", "legend", "plot", "points")
     importFrom("stats", "fft", "median", "sd")
    to your NAMESPACE file.
Flavors: r-devel-linux-x86_64-debian-clang, r-devel-linux-x86_64-debian-gcc, r-devel-macos-x86_64-clang, r-devel-windows-ix86+x86_64, r-patched-linux-x86_64, r-patched-solaris-sparc, r-patched-solaris-x86, r-release-linux-x86_64, r-release-osx-x86_64-mavericks, r-release-windows-ix86+x86_64

Version: 0.8-4
Flags: --no-stop-on-test-error
Check: dependencies in R code
Result: NOTE
    'library' or 'require' calls in package code:
     ‘pcaPP’ ‘snowFT’ ‘wavelets’
     Please use :: or requireNamespace() instead.
     See section 'Suggested packages' in the 'Writing R Extensions' manual.
Flavors: r-devel-linux-x86_64-fedora-clang, r-devel-linux-x86_64-fedora-gcc

Version: 0.8-4
Flags: --no-stop-on-test-error
Check: R code for possible problems
Result: NOTE
    ComputeDCT2FFT: no visible global function definition for ‘fft’
    ComputeSemipgramFFT: no visible global function definition for ‘fft’
    WaveVarFD: no visible global function definition for ‘modwt’
    do.fd.estimate: no visible global function definition for
     ‘performParallel’
    do.fd.estimate2d.simple: no visible global function definition for
     ‘median’
    fd.Genton: no visible global function definition for ‘qn’
    fd.estimate.matrix: no visible global function definition for
     ‘performParallel’
    fd.plot.legend: no visible global function definition for ‘legend’
    fd.plot.loglog: no visible global function definition for ‘plot’
    fd.plot.loglog: no visible global function definition for ‘points’
    fd.plot.loglog: no visible global function definition for ‘abline’
    summary.FractalDim: no visible binding for global variable ‘sd’
    Undefined global functions or variables:
     abline fft legend median modwt performParallel plot points qn sd
    Consider adding
     importFrom("graphics", "abline", "legend", "plot", "points")
     importFrom("stats", "fft", "median", "sd")
    to your NAMESPACE file.
Flavors: r-devel-linux-x86_64-fedora-clang, r-devel-linux-x86_64-fedora-gcc

Version: 0.8-4
Check: package dependencies
Result: NOTE
    Package suggested but not available for checking: ‘RandomFields’
Flavors: r-patched-solaris-sparc, r-patched-solaris-x86

Version: 0.8-4
Check: examples
Result: ERROR
    Running examples in ‘fractaldim-Ex.R’ failed
    The error most likely occurred in:
    
    > ### Name: fd.estim.method
    > ### Title: Estimation of Fractal Dimension via Specific Methods
    > ### Aliases: fd.estim.method fd.estim.variation fd.estim.variogram
    > ### fd.estim.madogram fd.estim.rodogram fd.estim.genton fd.estim.incr1
    > ### fd.estim.hallwood fd.estim.boxcount fd.estim.periodogram
    > ### fd.estim.dctII fd.estim.wavelet fd.estim.transect.var
    > ### fd.estim.transect.incr1 fd.estim.isotropic fd.estim.squareincr
    > ### fd.estim.filter1
    > ### Keywords: ts spatial
    >
    > ### ** Examples
    >
    > library(RandomFields)
    Error in library(RandomFields) :
     there is no package called ‘RandomFields’
    Execution halted
Flavors: r-patched-solaris-sparc, r-patched-solaris-x86

Version: 0.8-4
Check: tests
Result: ERROR
     Running ‘run_tests.R’
    Running the tests in ‘tests/run_tests.R’ failed.
    Last 13 lines of output:
     Type 'contributors()' for more information and
     'citation()' on how to cite R or R packages in publications.
    
     Type 'demo()' for some demos, 'help()' for on-line help, or
     'help.start()' for an HTML browser interface to help.
     Type 'q()' to quit R.
    
     > library(fractaldim)
     Loading required package: abind
     > library(RandomFields)
     Error in library(RandomFields) :
     there is no package called 'RandomFields'
     Execution halted
Flavors: r-patched-solaris-sparc, r-patched-solaris-x86

Version: 0.8-4
Check: R code for possible problems
Result: NOTE
    WaveVarFD: no visible global function definition for 'modwt'
    do.fd.estimate: no visible global function definition for
     'performParallel'
    fd.Genton: no visible global function definition for 'qn'
    fd.estimate.matrix: no visible global function definition for
     'performParallel'
Flavor: r-oldrel-windows-ix86+x86_64