CRAN Package Check Results for Package fractaldim

Last updated on 2015-01-25 17:48:02.

Flavor Version Tinstall Tcheck Ttotal Status Flags
r-devel-linux-x86_64-debian-clang 0.8-4 0.66 15.81 16.47 NOTE
r-devel-linux-x86_64-debian-gcc 0.8-4 0.64 15.45 16.09 NOTE
r-devel-linux-x86_64-fedora-clang 0.8-4 33.68 NOTE
r-devel-linux-x86_64-fedora-gcc 0.8-4 31.53 NOTE
r-devel-osx-x86_64-clang 0.8-4 36.46 NOTE
r-devel-windows-ix86+x86_64 0.8-4 3.00 25.00 28.00 NOTE
r-patched-linux-x86_64 0.8-4 0.76 16.17 16.93 NOTE
r-patched-solaris-sparc 0.8-4 227.90 NOTE
r-patched-solaris-x86 0.8-4 48.80 NOTE
r-release-linux-ix86 0.8-4 0.97 22.94 23.91 NOTE
r-release-linux-x86_64 0.8-4 0.67 15.85 16.52 NOTE
r-release-osx-x86_64-mavericks 0.8-4 NOTE
r-release-osx-x86_64-snowleopard 0.8-4 OK
r-release-windows-ix86+x86_64 0.8-4 3.00 27.00 30.00 NOTE
r-oldrel-windows-ix86+x86_64 0.8-4 3.00 28.00 31.00 OK

Check Details

Version: 0.8-4
Check: dependencies in R code
Result: NOTE
    'library' or 'require' calls in package code:
     ‘pcaPP’ ‘snowFT’ ‘wavelets’
     Please use :: or requireNamespace() instead.
     See section 'Suggested packages' in the 'Writing R Extensions' manual.
Flavors: r-devel-linux-x86_64-debian-clang, r-devel-linux-x86_64-debian-gcc, r-devel-linux-x86_64-fedora-clang, r-devel-linux-x86_64-fedora-gcc, r-devel-osx-x86_64-clang, r-devel-windows-ix86+x86_64

Version: 0.8-4
Check: R code for possible problems
Result: NOTE
    WaveVarFD: no visible global function definition for ‘modwt’
    do.fd.estimate: no visible global function definition for
     ‘performParallel’
    fd.Genton: no visible global function definition for ‘qn’
    fd.estimate.matrix: no visible global function definition for
     ‘performParallel’
Flavors: r-devel-linux-x86_64-debian-clang, r-devel-linux-x86_64-debian-gcc, r-devel-linux-x86_64-fedora-clang, r-devel-linux-x86_64-fedora-gcc, r-devel-osx-x86_64-clang, r-devel-windows-ix86+x86_64, r-patched-linux-x86_64, r-patched-solaris-sparc, r-patched-solaris-x86, r-release-linux-ix86, r-release-linux-x86_64, r-release-osx-x86_64-mavericks, r-release-windows-ix86+x86_64