CRAN Package Check Results for Package fractaldim

Last updated on 2015-03-28 14:48:50.

Flavor Version Tinstall Tcheck Ttotal Status Flags
r-devel-linux-x86_64-debian-clang 0.8-4 0.62 14.98 15.59 NOTE
r-devel-linux-x86_64-debian-gcc 0.8-4 0.62 14.76 15.37 NOTE
r-devel-linux-x86_64-fedora-clang 0.8-4 30.11 NOTE
r-devel-linux-x86_64-fedora-gcc 0.8-4 27.95 NOTE
r-devel-osx-x86_64-clang 0.8-4 37.64 NOTE
r-prerel-windows-ix86+x86_64 0.8-4 2.00 32.00 34.00 NOTE
r-prerel-linux-x86_64 0.8-4 0.62 14.56 15.17 NOTE
r-prerel-solaris-sparc 0.8-4 183.60 NOTE
r-prerel-solaris-x86 0.8-4 43.50 NOTE
r-release-linux-x86_64 0.8-4 0.67 16.01 16.68 NOTE
r-release-osx-x86_64-mavericks 0.8-4 NOTE
r-release-osx-x86_64-snowleopard 0.8-4 OK
r-release-windows-ix86+x86_64 0.8-4 4.00 28.00 32.00 NOTE
r-oldrel-windows-ix86+x86_64 0.8-4 3.00 42.00 45.00 OK

Check Details

Version: 0.8-4
Check: dependencies in R code
Result: NOTE
    'library' or 'require' calls in package code:
     ‘pcaPP’ ‘snowFT’ ‘wavelets’
     Please use :: or requireNamespace() instead.
     See section 'Suggested packages' in the 'Writing R Extensions' manual.
Flavors: r-devel-linux-x86_64-debian-clang, r-devel-linux-x86_64-debian-gcc, r-devel-linux-x86_64-fedora-clang, r-devel-linux-x86_64-fedora-gcc, r-devel-osx-x86_64-clang, r-prerel-windows-ix86+x86_64, r-prerel-linux-x86_64, r-prerel-solaris-sparc, r-prerel-solaris-x86, r-release-linux-x86_64, r-release-windows-ix86+x86_64

Version: 0.8-4
Check: R code for possible problems
Result: NOTE
    WaveVarFD: no visible global function definition for ‘modwt’
    do.fd.estimate: no visible global function definition for
     ‘performParallel’
    fd.Genton: no visible global function definition for ‘qn’
    fd.estimate.matrix: no visible global function definition for
     ‘performParallel’
Flavors: r-devel-linux-x86_64-debian-clang, r-devel-linux-x86_64-debian-gcc, r-devel-linux-x86_64-fedora-clang, r-devel-linux-x86_64-fedora-gcc, r-devel-osx-x86_64-clang, r-prerel-windows-ix86+x86_64, r-prerel-linux-x86_64, r-prerel-solaris-sparc, r-prerel-solaris-x86, r-release-linux-x86_64, r-release-osx-x86_64-mavericks, r-release-windows-ix86+x86_64