CRAN Package Check Results for Package fractaldim

Last updated on 2014-08-22 07:50:31.

Flavor Version Tinstall Tcheck Ttotal Status Flags
r-devel-linux-x86_64-debian-clang 0.8-4 0.64 16.49 17.13 OK
r-devel-linux-x86_64-debian-gcc 0.8-4 0.62 15.32 15.94 OK
r-devel-linux-x86_64-fedora-clang 0.8-4 31.66 NOTE
r-devel-linux-x86_64-fedora-gcc 0.8-4 29.31 NOTE
r-devel-osx-x86_64-clang 0.8-4 34.06 NOTE
r-devel-windows-ix86+x86_64 0.8-4 3.00 27.00 30.00 OK
r-patched-linux-x86_64 0.8-4 0.80 15.45 16.25 OK
r-patched-solaris-sparc 0.8-4 200.40 OK
r-patched-solaris-x86 0.8-4 51.70 OK
r-release-linux-ix86 0.8-4 0.96 24.20 25.16 OK
r-release-linux-x86_64 0.8-4 0.66 15.71 16.38 OK
r-release-osx-x86_64-mavericks 0.8-4 OK
r-release-osx-x86_64-snowleopard 0.8-4 OK
r-release-windows-ix86+x86_64 0.8-4 2.00 28.00 30.00 OK
r-oldrel-windows-ix86+x86_64 0.8-4 3.00 32.00 35.00 OK

Check Details

Version: 0.8-4
Check: R code for possible problems
Result: NOTE
    WaveVarFD: no visible global function definition for ‘modwt’
    do.fd.estimate: no visible global function definition for
     ‘performParallel’
    fd.Genton: no visible global function definition for ‘qn’
    fd.estimate.matrix: no visible global function definition for
     ‘performParallel’
Flavors: r-devel-linux-x86_64-fedora-clang, r-devel-linux-x86_64-fedora-gcc, r-devel-osx-x86_64-clang