CRAN Package Check Results for Package fractaldim

Last updated on 2014-09-23 03:48:19.

Flavor Version Tinstall Tcheck Ttotal Status Flags
r-devel-linux-x86_64-debian-clang 0.8-4 0.68 16.86 17.54 NOTE
r-devel-linux-x86_64-debian-gcc 0.8-4 0.62 17.65 18.27 NOTE
r-devel-linux-x86_64-fedora-clang 0.8-4 35.54 NOTE
r-devel-linux-x86_64-fedora-gcc 0.8-4 28.31 NOTE
r-devel-osx-x86_64-clang 0.8-4 34.02 NOTE
r-devel-windows-ix86+x86_64 0.8-4 3.00 24.00 27.00 NOTE
r-patched-linux-x86_64 0.8-4 0.62 16.86 17.48 OK
r-patched-solaris-sparc 0.8-4 200.40 OK
r-patched-solaris-x86 0.8-4 50.00 OK
r-release-linux-ix86 0.8-4 0.97 24.21 25.18 OK
r-release-linux-x86_64 0.8-4 0.69 16.73 17.42 OK
r-release-osx-x86_64-mavericks 0.8-4 OK
r-release-osx-x86_64-snowleopard 0.8-4 OK
r-release-windows-ix86+x86_64 0.8-4 3.00 29.00 32.00 OK
r-oldrel-windows-ix86+x86_64 0.8-4 3.00 27.00 30.00 OK

Check Details

Version: 0.8-4
Check: R code for possible problems
Result: NOTE
    WaveVarFD: no visible global function definition for ‘modwt’
    do.fd.estimate: no visible global function definition for
     ‘performParallel’
    fd.Genton: no visible global function definition for ‘qn’
    fd.estimate.matrix: no visible global function definition for
     ‘performParallel’
Flavors: r-devel-linux-x86_64-debian-clang, r-devel-linux-x86_64-debian-gcc, r-devel-linux-x86_64-fedora-clang, r-devel-linux-x86_64-fedora-gcc, r-devel-osx-x86_64-clang, r-devel-windows-ix86+x86_64