CRAN Package Check Results for Package fractaldim

Last updated on 2014-04-24 07:52:27.

Flavor Version Tinstall Tcheck Ttotal Status Flags
r-devel-linux-x86_64-debian-clang 0.8-4 0.69 15.96 16.65 OK
r-devel-linux-x86_64-debian-gcc 0.8-4 0.70 15.82 16.52 OK
r-devel-linux-x86_64-fedora-clang 0.8-4 32.85 OK
r-devel-linux-x86_64-fedora-gcc 0.8-4 31.81 OK
r-devel-osx-x86_64-clang 0.8-4 32.20 OK
r-devel-osx-x86_64-gcc 0.8-4 ERROR
r-devel-windows-ix86+x86_64 0.8-4 2.00 26.00 28.00 OK
r-patched-linux-x86_64 0.8-4 0.75 15.54 16.30 OK
r-patched-solaris-sparc 0.8-4 188.80 OK
r-patched-solaris-x86 0.8-4 47.60 OK
r-release-linux-ix86 0.8-4 2.00 33.00 35.00 OK
r-release-linux-x86_64 0.8-4 0.69 16.33 17.02 OK
r-release-osx-x86_64-mavericks 0.8-4 WARN
r-release-osx-x86_64-snowleopard 0.8-4 OK
r-release-windows-ix86+x86_64 0.8-4 2.00 25.00 27.00 OK
r-oldrel-windows-ix86+x86_64 0.8-4 3.00 27.00 30.00 OK

Check Details

Version: 0.8-4
Check: package dependencies
Result: NOTE
    Package suggested but not available for checking: ‘RandomFields’
Flavor: r-devel-osx-x86_64-gcc

Version: 0.8-4
Check: examples
Result: ERROR
    Running examples in ‘fractaldim-Ex.R’ failed
    The error most likely occurred in:
    
    > ### Name: fd.estim.method
    > ### Title: Estimation of Fractal Dimension via Specific Methods
    > ### Aliases: fd.estim.method fd.estim.variation fd.estim.variogram
    > ### fd.estim.madogram fd.estim.rodogram fd.estim.genton fd.estim.incr1
    > ### fd.estim.hallwood fd.estim.boxcount fd.estim.periodogram
    > ### fd.estim.dctII fd.estim.wavelet fd.estim.transect.var
    > ### fd.estim.transect.incr1 fd.estim.isotropic fd.estim.squareincr
    > ### fd.estim.filter1
    > ### Keywords: ts spatial
    >
    > ### ** Examples
    >
    > library(RandomFields)
    Error in library(RandomFields) :
     there is no package called ‘RandomFields’
    Execution halted
Flavor: r-devel-osx-x86_64-gcc

Version: 0.8-4
Check: PDF version of manual
Result: WARNING
    LaTeX errors when creating PDF version.
    This typically indicates Rd problems.
    LaTeX errors found:
    ! LaTeX Error: File `upquote.sty' not found.
    
    Type X to quit or <RETURN> to proceed,
    or enter new name. (Default extension: sty)
    
    d70147e/Rd2.tex:8: ==> Fatal error occurred, no output PDF file produced!
Flavor: r-release-osx-x86_64-mavericks