Last updated on 2022-05-16 10:52:39 CEST.
Flavor | Version | Tinstall | Tcheck | Ttotal | Status | Flags |
---|---|---|---|---|---|---|
r-devel-linux-x86_64-debian-clang | 1.0.1 | 39.74 | 160.48 | 200.22 | NOTE | |
r-devel-linux-x86_64-debian-gcc | 1.0.1 | 27.72 | 117.95 | 145.67 | NOTE | |
r-devel-linux-x86_64-fedora-clang | 1.0.1 | 245.61 | NOTE | |||
r-devel-linux-x86_64-fedora-gcc | 1.0.1 | 229.71 | NOTE | |||
r-devel-windows-x86_64 | 1.0.1 | 47.00 | 209.00 | 256.00 | NOTE | |
r-patched-linux-x86_64 | 1.0.1 | 33.10 | 149.84 | 182.94 | NOTE | |
r-release-linux-x86_64 | 1.0.1 | 34.69 | 152.54 | 187.23 | NOTE | |
r-release-macos-arm64 | 1.0.1 | 65.00 | NOTE | |||
r-release-macos-x86_64 | 1.0.1 | 124.00 | NOTE | |||
r-release-windows-x86_64 | 1.0.1 | 55.00 | 209.00 | 264.00 | NOTE | |
r-oldrel-macos-arm64 | 1.0.1 | 79.00 | NOTE | |||
r-oldrel-macos-x86_64 | 1.0.1 | 137.00 | NOTE | |||
r-oldrel-windows-ix86+x86_64 | 1.0.1 | 87.00 | 235.00 | 322.00 | NOTE |
Version: 1.0.1
Check: LazyData
Result: NOTE
'LazyData' is specified without a 'data' directory
Flavors: r-devel-linux-x86_64-debian-clang, r-devel-linux-x86_64-debian-gcc, r-devel-linux-x86_64-fedora-clang, r-devel-linux-x86_64-fedora-gcc, r-devel-windows-x86_64, r-patched-linux-x86_64, r-release-linux-x86_64, r-release-macos-arm64, r-release-macos-x86_64, r-release-windows-x86_64, r-oldrel-macos-arm64, r-oldrel-macos-x86_64, r-oldrel-windows-ix86+x86_64