CRAN Package Check Results for Package frailtyHL

Last updated on 2015-05-27 17:47:13.

Flavor Version Tinstall Tcheck Ttotal Status Flags
r-devel-linux-x86_64-debian-clang 1.1 2.57 74.12 76.70 NOTE
r-devel-linux-x86_64-debian-gcc 1.1 2.55 72.86 75.41 NOTE
r-devel-linux-x86_64-fedora-clang 1.1 161.27 NOTE
r-devel-linux-x86_64-fedora-gcc 1.1 156.38 NOTE
r-devel-osx-x86_64-clang 1.1 132.98 NOTE
r-devel-windows-ix86+x86_64 1.1 7.00 103.00 110.00 NOTE
r-patched-linux-x86_64 1.1 2.79 74.04 76.82 NOTE
r-patched-solaris-sparc 1.1 1298.50 NOTE
r-patched-solaris-x86 1.1 192.60 NOTE
r-release-linux-x86_64 1.1 2.69 73.37 76.06 NOTE
r-release-osx-x86_64-mavericks 1.1 NOTE
r-release-osx-x86_64-snowleopard 1.1 NOTE
r-release-windows-ix86+x86_64 1.1 8.00 98.00 106.00 NOTE
r-oldrel-windows-ix86+x86_64 1.1 9.00 166.00 175.00 NOTE

Check Details

Version: 1.1
Check: dependencies in R code
Result: NOTE
    'library' or 'require' calls to packages already attached by Depends:
     ‘Matrix’ ‘numDeriv’ ‘survival’
     Please remove these calls from your code.
Flavors: r-devel-linux-x86_64-debian-clang, r-devel-linux-x86_64-debian-gcc, r-devel-linux-x86_64-fedora-clang, r-devel-linux-x86_64-fedora-gcc, r-devel-osx-x86_64-clang, r-devel-windows-ix86+x86_64, r-patched-linux-x86_64, r-patched-solaris-sparc, r-patched-solaris-x86, r-release-linux-x86_64, r-release-osx-x86_64-mavericks, r-release-osx-x86_64-snowleopard, r-release-windows-ix86+x86_64, r-oldrel-windows-ix86+x86_64

Version: 1.1
Check: R code for possible problems
Result: NOTE
    expandSlash : <anonymous>: no visible global function definition for
     ‘makeInteraction’
Flavors: r-devel-linux-x86_64-debian-clang, r-devel-linux-x86_64-debian-gcc, r-devel-linux-x86_64-fedora-clang, r-devel-linux-x86_64-fedora-gcc, r-devel-osx-x86_64-clang, r-devel-windows-ix86+x86_64, r-patched-linux-x86_64, r-patched-solaris-sparc, r-patched-solaris-x86, r-release-linux-x86_64, r-release-osx-x86_64-mavericks, r-release-osx-x86_64-snowleopard, r-release-windows-ix86+x86_64, r-oldrel-windows-ix86+x86_64