CRAN Package Check Results for Package frailtyHL

Last updated on 2015-04-19 10:51:48.

Flavor Version Tinstall Tcheck Ttotal Status Flags
r-devel-linux-x86_64-debian-clang 1.1 2.60 73.97 76.56 NOTE
r-devel-linux-x86_64-debian-gcc 1.1 2.57 75.74 78.31 NOTE
r-devel-linux-x86_64-fedora-clang 1.1 163.75 NOTE
r-devel-linux-x86_64-fedora-gcc 1.1 157.60 NOTE
r-devel-osx-x86_64-clang 1.1 137.45 NOTE
r-devel-windows-ix86+x86_64 1.1 10.00 96.00 106.00 NOTE
r-patched-linux-x86_64 1.1 2.54 76.10 78.65 NOTE
r-patched-solaris-sparc 1.1 1263.10 NOTE
r-patched-solaris-x86 1.1 185.10 NOTE
r-release-linux-x86_64 1.1 2.55 75.73 78.28 NOTE
r-release-osx-x86_64-mavericks 1.1 NOTE
r-release-osx-x86_64-snowleopard 1.1 NOTE
r-release-windows-ix86+x86_64 1.1 5.00 100.00 105.00 NOTE
r-oldrel-windows-ix86+x86_64 1.1 11.00 136.00 147.00 NOTE

Check Details

Version: 1.1
Check: dependencies in R code
Result: NOTE
    'library' or 'require' calls to packages already attached by Depends:
     ‘Matrix’ ‘numDeriv’ ‘survival’
     Please remove these calls from your code.
Flavors: r-devel-linux-x86_64-debian-clang, r-devel-linux-x86_64-debian-gcc, r-devel-linux-x86_64-fedora-clang, r-devel-linux-x86_64-fedora-gcc, r-devel-osx-x86_64-clang, r-devel-windows-ix86+x86_64, r-patched-linux-x86_64, r-patched-solaris-sparc, r-patched-solaris-x86, r-release-linux-x86_64, r-release-osx-x86_64-mavericks, r-release-osx-x86_64-snowleopard, r-release-windows-ix86+x86_64, r-oldrel-windows-ix86+x86_64

Version: 1.1
Check: R code for possible problems
Result: NOTE
    expandSlash : <anonymous>: no visible global function definition for
     ‘makeInteraction’
Flavors: r-devel-linux-x86_64-debian-clang, r-devel-linux-x86_64-debian-gcc, r-devel-linux-x86_64-fedora-clang, r-devel-linux-x86_64-fedora-gcc, r-devel-osx-x86_64-clang, r-devel-windows-ix86+x86_64, r-patched-linux-x86_64, r-patched-solaris-sparc, r-patched-solaris-x86, r-release-linux-x86_64, r-release-osx-x86_64-mavericks, r-release-osx-x86_64-snowleopard, r-release-windows-ix86+x86_64, r-oldrel-windows-ix86+x86_64