CRAN Package Check Results for Package frailtyHL

Last updated on 2014-08-01 13:46:58.

Flavor Version Tinstall Tcheck Ttotal Status Flags
r-devel-linux-x86_64-debian-clang 1.1 3.33 80.90 84.24 NOTE
r-devel-linux-x86_64-debian-gcc 1.1 3.26 81.71 84.97 NOTE
r-devel-linux-x86_64-fedora-clang 1.1 199.73 NOTE
r-devel-linux-x86_64-fedora-gcc 1.1 191.44 NOTE
r-devel-osx-x86_64-clang 1.1 150.17 NOTE
r-devel-windows-ix86+x86_64 1.1 8.00 104.00 112.00 NOTE
r-patched-linux-x86_64 1.1 3.27 82.20 85.47 NOTE
r-patched-solaris-sparc 1.1 1434.70 NOTE
r-patched-solaris-x86 1.1 232.50 NOTE
r-release-linux-ix86 1.1 3.97 114.18 118.15 NOTE
r-release-linux-x86_64 1.1 3.35 82.02 85.37 NOTE
r-release-osx-x86_64-mavericks 1.1 NOTE
r-release-osx-x86_64-snowleopard 1.1 NOTE
r-release-windows-ix86+x86_64 1.1 14.00 144.00 158.00 NOTE
r-oldrel-windows-ix86+x86_64 1.1 13.00 155.00 168.00 NOTE

Check Details

Version: 1.1
Check: dependencies in R code
Result: NOTE
    'library' or 'require' calls to packages already attached by Depends:
     Matrix numDeriv survival
     Please remove these calls from your code.
    See the information on DESCRIPTION files in the chapter Creating R
    packages of the Writing R Extensions manual.
Flavors: r-devel-linux-x86_64-debian-clang, r-devel-linux-x86_64-debian-gcc, r-devel-linux-x86_64-fedora-clang, r-devel-linux-x86_64-fedora-gcc, r-devel-osx-x86_64-clang, r-devel-windows-ix86+x86_64, r-patched-linux-x86_64, r-patched-solaris-sparc, r-patched-solaris-x86, r-release-linux-ix86, r-release-linux-x86_64, r-release-osx-x86_64-mavericks, r-release-osx-x86_64-snowleopard, r-release-windows-ix86+x86_64, r-oldrel-windows-ix86+x86_64

Version: 1.1
Check: R code for possible problems
Result: NOTE
    expandSlash : <anonymous>: no visible global function definition for
     makeInteraction
Flavors: r-devel-linux-x86_64-debian-clang, r-devel-linux-x86_64-debian-gcc, r-devel-linux-x86_64-fedora-clang, r-devel-linux-x86_64-fedora-gcc, r-devel-osx-x86_64-clang, r-devel-windows-ix86+x86_64, r-patched-linux-x86_64, r-patched-solaris-sparc, r-patched-solaris-x86, r-release-linux-ix86, r-release-linux-x86_64, r-release-osx-x86_64-mavericks, r-release-osx-x86_64-snowleopard, r-release-windows-ix86+x86_64, r-oldrel-windows-ix86+x86_64