CRAN Package Check Results for Package frailtyHL

Last updated on 2014-07-25 01:48:45.

Flavor Version Tinstall Tcheck Ttotal Status Flags
r-devel-linux-x86_64-debian-clang 1.1 3.24 82.76 86.00 NOTE
r-devel-linux-x86_64-debian-gcc 1.1 4.56 81.42 85.97 NOTE
r-devel-linux-x86_64-fedora-clang 1.1 202.22 NOTE
r-devel-linux-x86_64-fedora-gcc 1.1 201.98 NOTE
r-devel-osx-x86_64-clang 1.1 149.52 NOTE
r-devel-windows-ix86+x86_64 1.1 9.00 116.00 125.00 NOTE
r-patched-linux-x86_64 1.1 3.28 81.17 84.44 NOTE
r-patched-solaris-sparc 1.1 1397.00 NOTE
r-patched-solaris-x86 1.1 229.30 NOTE
r-release-linux-ix86 1.1 4.00 113.43 117.43 NOTE
r-release-linux-x86_64 1.1 3.34 81.85 85.19 NOTE
r-release-osx-x86_64-mavericks 1.1 NOTE
r-release-osx-x86_64-snowleopard 1.1 NOTE
r-release-windows-ix86+x86_64 1.1 8.00 106.00 114.00 NOTE
r-oldrel-windows-ix86+x86_64 1.1 9.00 112.00 121.00 NOTE

Check Details

Version: 1.1
Check: dependencies in R code
Result: NOTE
    'library' or 'require' calls to packages already attached by Depends:
     ‘Matrix’ ‘numDeriv’ ‘survival’
     Please remove these calls from your code.
    See the information on DESCRIPTION files in the chapter ‘Creating R
    packages’ of the ‘Writing R Extensions’ manual.
Flavors: r-devel-linux-x86_64-debian-clang, r-devel-linux-x86_64-debian-gcc, r-devel-linux-x86_64-fedora-clang, r-devel-linux-x86_64-fedora-gcc, r-devel-osx-x86_64-clang, r-devel-windows-ix86+x86_64, r-patched-linux-x86_64, r-patched-solaris-sparc, r-patched-solaris-x86, r-release-linux-ix86, r-release-linux-x86_64, r-release-osx-x86_64-mavericks, r-release-osx-x86_64-snowleopard, r-release-windows-ix86+x86_64, r-oldrel-windows-ix86+x86_64

Version: 1.1
Check: R code for possible problems
Result: NOTE
    expandSlash : <anonymous>: no visible global function definition for
     ‘makeInteraction’
Flavors: r-devel-linux-x86_64-debian-clang, r-devel-linux-x86_64-debian-gcc, r-devel-linux-x86_64-fedora-clang, r-devel-linux-x86_64-fedora-gcc, r-devel-osx-x86_64-clang, r-devel-windows-ix86+x86_64, r-patched-linux-x86_64, r-patched-solaris-sparc, r-patched-solaris-x86, r-release-linux-ix86, r-release-linux-x86_64, r-release-osx-x86_64-mavericks, r-release-osx-x86_64-snowleopard, r-release-windows-ix86+x86_64, r-oldrel-windows-ix86+x86_64