CRAN Package Check Results for Package frailtyHL

Last updated on 2014-10-26 05:47:15.

Flavor Version Tinstall Tcheck Ttotal Status Flags
r-devel-linux-x86_64-debian-clang 1.1 3.19 82.16 85.35 NOTE
r-devel-linux-x86_64-debian-gcc 1.1 3.12 83.70 86.82 NOTE
r-devel-linux-x86_64-fedora-clang 1.1 203.13 NOTE
r-devel-linux-x86_64-fedora-gcc 1.1 188.04 NOTE
r-devel-osx-x86_64-clang 1.1 151.88 NOTE
r-devel-windows-ix86+x86_64 1.1 10.00 101.00 111.00 NOTE
r-patched-linux-x86_64 1.1 3.34 85.26 88.60 NOTE
r-patched-solaris-sparc 1.1 1409.80 NOTE
r-patched-solaris-x86 1.1 234.80 NOTE
r-release-linux-ix86 1.1 4.01 110.80 114.81 NOTE
r-release-linux-x86_64 1.1 4.52 86.55 91.07 NOTE
r-release-osx-x86_64-mavericks 1.1 NOTE
r-release-osx-x86_64-snowleopard 1.1 NOTE
r-release-windows-ix86+x86_64 1.1 10.00 110.00 120.00 NOTE
r-oldrel-windows-ix86+x86_64 1.1 9.00 110.00 119.00 NOTE

Check Details

Version: 1.1
Check: dependencies in R code
Result: NOTE
    'library' or 'require' calls to packages already attached by Depends:
     ‘Matrix’ ‘numDeriv’ ‘survival’
     Please remove these calls from your code.
    See the information on DESCRIPTION files in the chapter ‘Creating R
    packages’ of the ‘Writing R Extensions’ manual.
Flavors: r-devel-linux-x86_64-debian-clang, r-devel-linux-x86_64-debian-gcc, r-devel-linux-x86_64-fedora-clang, r-devel-linux-x86_64-fedora-gcc, r-devel-osx-x86_64-clang, r-devel-windows-ix86+x86_64, r-patched-linux-x86_64, r-patched-solaris-sparc, r-patched-solaris-x86, r-release-linux-ix86, r-release-linux-x86_64, r-release-osx-x86_64-mavericks, r-release-osx-x86_64-snowleopard, r-release-windows-ix86+x86_64, r-oldrel-windows-ix86+x86_64

Version: 1.1
Check: R code for possible problems
Result: NOTE
    expandSlash : <anonymous>: no visible global function definition for
     ‘makeInteraction’
Flavors: r-devel-linux-x86_64-debian-clang, r-devel-linux-x86_64-debian-gcc, r-devel-linux-x86_64-fedora-clang, r-devel-linux-x86_64-fedora-gcc, r-devel-osx-x86_64-clang, r-devel-windows-ix86+x86_64, r-patched-linux-x86_64, r-patched-solaris-sparc, r-patched-solaris-x86, r-release-linux-ix86, r-release-linux-x86_64, r-release-osx-x86_64-mavericks, r-release-osx-x86_64-snowleopard, r-release-windows-ix86+x86_64, r-oldrel-windows-ix86+x86_64