CRAN Package Check Results for Package frailtyHL

Last updated on 2015-01-26 16:46:41.

Flavor Version Tinstall Tcheck Ttotal Status Flags
r-devel-linux-x86_64-debian-clang 1.1 3.02 76.90 79.92 NOTE
r-devel-linux-x86_64-debian-gcc 1.1 2.99 76.66 79.65 NOTE
r-devel-linux-x86_64-fedora-clang 1.1 198.15 NOTE
r-devel-linux-x86_64-fedora-gcc 1.1 190.38 NOTE
r-devel-osx-x86_64-clang 1.1 154.18 NOTE
r-devel-windows-ix86+x86_64 1.1 11.00 130.00 141.00 NOTE
r-patched-linux-x86_64 1.1 3.32 81.29 84.61 NOTE
r-patched-solaris-sparc 1.1 1408.30 NOTE
r-patched-solaris-x86 1.1 225.60 NOTE
r-release-linux-ix86 1.1 3.82 109.17 112.98 NOTE
r-release-linux-x86_64 1.1 3.35 80.70 84.05 NOTE
r-release-osx-x86_64-mavericks 1.1 NOTE
r-release-osx-x86_64-snowleopard 1.1 NOTE
r-release-windows-ix86+x86_64 1.1 9.00 107.00 116.00 NOTE
r-oldrel-windows-ix86+x86_64 1.1 13.00 166.00 179.00 NOTE

Check Details

Version: 1.1
Check: dependencies in R code
Result: NOTE
    'library' or 'require' calls to packages already attached by Depends:
     ‘Matrix’ ‘numDeriv’ ‘survival’
     Please remove these calls from your code.
Flavors: r-devel-linux-x86_64-debian-clang, r-devel-linux-x86_64-debian-gcc, r-devel-linux-x86_64-fedora-clang, r-devel-linux-x86_64-fedora-gcc, r-devel-osx-x86_64-clang, r-devel-windows-ix86+x86_64

Version: 1.1
Check: R code for possible problems
Result: NOTE
    expandSlash : <anonymous>: no visible global function definition for
     ‘makeInteraction’
Flavors: r-devel-linux-x86_64-debian-clang, r-devel-linux-x86_64-debian-gcc, r-devel-linux-x86_64-fedora-clang, r-devel-linux-x86_64-fedora-gcc, r-devel-osx-x86_64-clang, r-devel-windows-ix86+x86_64, r-patched-linux-x86_64, r-patched-solaris-sparc, r-patched-solaris-x86, r-release-linux-ix86, r-release-linux-x86_64, r-release-osx-x86_64-mavericks, r-release-osx-x86_64-snowleopard, r-release-windows-ix86+x86_64, r-oldrel-windows-ix86+x86_64

Version: 1.1
Check: dependencies in R code
Result: NOTE
    'library' or 'require' calls to packages already attached by Depends:
     ‘Matrix’ ‘numDeriv’ ‘survival’
     Please remove these calls from your code.
    See the information on DESCRIPTION files in the chapter ‘Creating R
    packages’ of the ‘Writing R Extensions’ manual.
Flavors: r-patched-linux-x86_64, r-patched-solaris-sparc, r-patched-solaris-x86, r-release-linux-ix86, r-release-linux-x86_64, r-release-osx-x86_64-mavericks, r-release-osx-x86_64-snowleopard, r-release-windows-ix86+x86_64, r-oldrel-windows-ix86+x86_64