CRAN Package Check Results for Package frailtyHL

Last updated on 2014-11-26 13:47:04.

Flavor Version Tinstall Tcheck Ttotal Status Flags
r-devel-linux-x86_64-debian-clang 1.1 3.62 79.91 83.52 NOTE
r-devel-linux-x86_64-debian-gcc 1.1 3.09 78.70 81.79 NOTE
r-devel-linux-x86_64-fedora-clang 1.1 201.87 NOTE
r-devel-linux-x86_64-fedora-gcc 1.1 192.75 NOTE
r-devel-osx-x86_64-clang 1.1 152.55 NOTE
r-devel-windows-ix86+x86_64 1.1 10.00 99.00 109.00 NOTE
r-patched-linux-x86_64 1.1 3.31 81.00 84.31 NOTE
r-patched-solaris-sparc 1.1 1409.80 NOTE
r-patched-solaris-x86 1.1 233.70 NOTE
r-release-linux-ix86 1.1 3.82 108.53 112.35 NOTE
r-release-linux-x86_64 1.1 3.32 84.72 88.04 NOTE
r-release-osx-x86_64-mavericks 1.1 NOTE
r-release-osx-x86_64-snowleopard 1.1 NOTE
r-release-windows-ix86+x86_64 1.1 9.00 100.00 109.00 NOTE
r-oldrel-windows-ix86+x86_64 1.1 9.00 117.00 126.00 NOTE

Check Details

Version: 1.1
Check: dependencies in R code
Result: NOTE
    'library' or 'require' calls to packages already attached by Depends:
     ‘Matrix’ ‘numDeriv’ ‘survival’
     Please remove these calls from your code.
    See the information on DESCRIPTION files in the chapter ‘Creating R
    packages’ of the ‘Writing R Extensions’ manual.
Flavors: r-devel-linux-x86_64-debian-clang, r-devel-linux-x86_64-debian-gcc, r-devel-linux-x86_64-fedora-clang, r-devel-linux-x86_64-fedora-gcc, r-devel-osx-x86_64-clang, r-devel-windows-ix86+x86_64, r-patched-linux-x86_64, r-patched-solaris-sparc, r-patched-solaris-x86, r-release-linux-ix86, r-release-linux-x86_64, r-release-osx-x86_64-mavericks, r-release-osx-x86_64-snowleopard, r-release-windows-ix86+x86_64, r-oldrel-windows-ix86+x86_64

Version: 1.1
Check: R code for possible problems
Result: NOTE
    expandSlash : <anonymous>: no visible global function definition for
     ‘makeInteraction’
Flavors: r-devel-linux-x86_64-debian-clang, r-devel-linux-x86_64-debian-gcc, r-devel-linux-x86_64-fedora-clang, r-devel-linux-x86_64-fedora-gcc, r-devel-osx-x86_64-clang, r-devel-windows-ix86+x86_64, r-patched-linux-x86_64, r-patched-solaris-sparc, r-patched-solaris-x86, r-release-linux-ix86, r-release-linux-x86_64, r-release-osx-x86_64-mavericks, r-release-osx-x86_64-snowleopard, r-release-windows-ix86+x86_64, r-oldrel-windows-ix86+x86_64