CRAN Package Check Results for Package frailtyHL

Last updated on 2014-04-23 20:47:12.

Flavor Version Tinstall Tcheck Ttotal Status Flags
r-devel-linux-x86_64-debian-clang 1.1 3.64 85.28 88.92 NOTE
r-devel-linux-x86_64-debian-gcc 1.1 3.60 85.32 88.92 NOTE
r-devel-linux-x86_64-fedora-clang 1.1 201.25 NOTE
r-devel-linux-x86_64-fedora-gcc 1.1 197.25 NOTE
r-devel-osx-x86_64-clang 1.1 143.13 NOTE
r-devel-osx-x86_64-gcc 1.1 NOTE
r-devel-windows-ix86+x86_64 1.1 9.00 106.00 115.00 NOTE
r-patched-linux-x86_64 1.1 3.58 87.18 90.76 NOTE
r-patched-solaris-sparc 1.1 1397.00 NOTE
r-patched-solaris-x86 1.1 233.50 NOTE
r-release-linux-ix86 1.1 5.00 131.00 136.00 NOTE
r-release-linux-x86_64 1.1 3.46 87.90 91.36 NOTE
r-release-osx-x86_64-mavericks 1.1 WARN
r-release-osx-x86_64-snowleopard 1.1 NOTE
r-release-windows-ix86+x86_64 1.1 10.00 107.00 117.00 NOTE
r-oldrel-windows-ix86+x86_64 1.1 10.00 129.00 139.00 NOTE

Check Details

Version: 1.1
Check: dependencies in R code
Result: NOTE
    'library' or 'require' calls to packages already attached by Depends:
     ‘Matrix’ ‘numDeriv’ ‘survival’
     Please remove these calls from your code.
    See the information on DESCRIPTION files in the chapter ‘Creating R
    packages’ of the ‘Writing R Extensions’ manual.
Flavors: r-devel-linux-x86_64-debian-clang, r-devel-linux-x86_64-debian-gcc, r-devel-linux-x86_64-fedora-clang, r-devel-linux-x86_64-fedora-gcc, r-devel-osx-x86_64-clang, r-devel-osx-x86_64-gcc, r-devel-windows-ix86+x86_64, r-patched-linux-x86_64, r-patched-solaris-sparc, r-patched-solaris-x86, r-release-linux-ix86, r-release-linux-x86_64, r-release-osx-x86_64-mavericks, r-release-osx-x86_64-snowleopard, r-release-windows-ix86+x86_64, r-oldrel-windows-ix86+x86_64

Version: 1.1
Check: R code for possible problems
Result: NOTE
    expandSlash : <anonymous>: no visible global function definition for
     ‘makeInteraction’
Flavors: r-devel-linux-x86_64-debian-clang, r-devel-linux-x86_64-debian-gcc, r-devel-linux-x86_64-fedora-clang, r-devel-linux-x86_64-fedora-gcc, r-devel-osx-x86_64-clang, r-devel-osx-x86_64-gcc, r-devel-windows-ix86+x86_64, r-patched-linux-x86_64, r-patched-solaris-sparc, r-patched-solaris-x86, r-release-linux-ix86, r-release-linux-x86_64, r-release-osx-x86_64-mavericks, r-release-osx-x86_64-snowleopard, r-release-windows-ix86+x86_64, r-oldrel-windows-ix86+x86_64

Version: 1.1
Check: PDF version of manual
Result: WARNING
    LaTeX errors when creating PDF version.
    This typically indicates Rd problems.
    LaTeX errors found:
    ! LaTeX Error: File `upquote.sty' not found.
    
    Type X to quit or <RETURN> to proceed,
    or enter new name. (Default extension: sty)
    
    50d9905e/Rd2.tex:8: ==> Fatal error occurred, no output PDF file produced!
Flavor: r-release-osx-x86_64-mavericks