CRAN Package Check Results for Package frailtyHL

Last updated on 2015-09-01 12:48:12.

Flavor Version Tinstall Tcheck Ttotal Status Flags
r-devel-linux-x86_64-debian-clang 1.1 2.47 72.86 75.34 NOTE
r-devel-linux-x86_64-debian-gcc 1.1 2.50 76.25 78.76 NOTE
r-devel-linux-x86_64-fedora-clang 1.1 148.99 NOTE
r-devel-linux-x86_64-fedora-gcc 1.1 149.74 NOTE
r-devel-osx-x86_64-clang 1.1 126.42 NOTE
r-devel-windows-ix86+x86_64 1.1 11.00 136.00 147.00 NOTE
r-patched-linux-x86_64 1.1 2.56 72.92 75.48 NOTE
r-patched-solaris-sparc 1.1 1297.60 NOTE
r-patched-solaris-x86 1.1 191.80 NOTE
r-release-linux-x86_64 1.1 2.58 76.89 79.46 NOTE
r-release-osx-x86_64-mavericks 1.1 NOTE
r-release-windows-ix86+x86_64 1.1 10.00 113.00 123.00 NOTE
r-oldrel-windows-ix86+x86_64 1.1 14.00 131.00 145.00 NOTE

Check Details

Version: 1.1
Check: dependencies in R code
Result: NOTE
    'library' or 'require' calls to packages already attached by Depends:
     ‘Matrix’ ‘numDeriv’ ‘survival’
     Please remove these calls from your code.
Flavors: r-devel-linux-x86_64-debian-clang, r-devel-linux-x86_64-debian-gcc, r-devel-linux-x86_64-fedora-clang, r-devel-linux-x86_64-fedora-gcc, r-devel-osx-x86_64-clang, r-devel-windows-ix86+x86_64, r-patched-linux-x86_64, r-patched-solaris-sparc, r-patched-solaris-x86, r-release-linux-x86_64, r-release-osx-x86_64-mavericks, r-release-windows-ix86+x86_64, r-oldrel-windows-ix86+x86_64

Version: 1.1
Check: R code for possible problems
Result: NOTE
    FrailtyFrames: no visible global function definition for
     ‘model.response’
    FrailtyFrames: no visible global function definition for
     ‘is.empty.model’
    FrailtyFrames: no visible global function definition for ‘model.matrix’
    FrailtyFrames: no visible global function definition for
     ‘model.weights’
    FrailtyFrames: no visible global function definition for ‘model.offset’
    HGLMFactorList : <anonymous>: no visible global function definition for
     ‘as’
    HGLMFactorList : <anonymous>: no visible global function definition for
     ‘validObject’
    HGLMFactorList : <anonymous>: no visible global function definition for
     ‘as.formula’
    HGLMFactorList : <anonymous>: no visible global function definition for
     ‘model.matrix’
    expandSlash : <anonymous>: no visible global function definition for
     ‘makeInteraction’
    frailtyHL: no visible global function definition for ‘terms’
    frailtyHL: no visible global function definition for ‘model.extract’
    frailtyHL: no visible binding for global variable ‘contrasts’
    frailtyHL: no visible global function definition for ‘pnorm’
    Undefined global functions or variables:
     as as.formula contrasts is.empty.model makeInteraction model.extract
     model.matrix model.offset model.response model.weights pnorm terms
     validObject
    Consider adding
     importFrom("methods", "as", "validObject")
     importFrom("stats", "as.formula", "contrasts", "is.empty.model",
     "model.extract", "model.matrix", "model.offset",
     "model.response", "model.weights", "pnorm", "terms")
    to your NAMESPACE (and ensure that your DESCRIPTION Imports field
    contains 'methods').
Flavors: r-devel-linux-x86_64-debian-clang, r-devel-linux-x86_64-debian-gcc, r-devel-linux-x86_64-fedora-clang, r-devel-linux-x86_64-fedora-gcc, r-devel-windows-ix86+x86_64

Version: 1.1
Check: R code for possible problems
Result: NOTE
    expandSlash : <anonymous>: no visible global function definition for
     ‘makeInteraction’
    Undefined global functions or variables:
     makeInteraction
Flavor: r-devel-osx-x86_64-clang

Version: 1.1
Check: R code for possible problems
Result: NOTE
    expandSlash : <anonymous>: no visible global function definition for
     ‘makeInteraction’
Flavors: r-patched-linux-x86_64, r-patched-solaris-sparc, r-patched-solaris-x86, r-release-linux-x86_64, r-release-osx-x86_64-mavericks, r-release-windows-ix86+x86_64, r-oldrel-windows-ix86+x86_64