CRAN Package Check Results for Package frailtyHL

Last updated on 2014-12-20 03:49:31.

Flavor Version Tinstall Tcheck Ttotal Status Flags
r-devel-linux-x86_64-debian-clang 1.1 3.18 83.09 86.27 NOTE
r-devel-linux-x86_64-debian-gcc 1.1 3.07 80.21 83.28 NOTE
r-devel-linux-x86_64-fedora-clang 1.1 196.38 NOTE
r-devel-linux-x86_64-fedora-gcc 1.1 162.01 NOTE
r-devel-osx-x86_64-clang 1.1 154.08 NOTE
r-devel-windows-ix86+x86_64 1.1 10.00 108.00 118.00 NOTE
r-patched-linux-x86_64 1.1 3.34 81.11 84.45 NOTE
r-patched-solaris-sparc 1.1 1409.80 NOTE
r-patched-solaris-x86 1.1 225.40 NOTE
r-release-linux-ix86 1.1 3.82 108.94 112.76 NOTE
r-release-linux-x86_64 1.1 3.35 81.32 84.67 NOTE
r-release-osx-x86_64-mavericks 1.1 NOTE
r-release-osx-x86_64-snowleopard 1.1 NOTE
r-release-windows-ix86+x86_64 1.1 10.00 117.00 127.00 NOTE
r-oldrel-windows-ix86+x86_64 1.1 9.00 115.00 124.00 NOTE

Check Details

Version: 1.1
Check: dependencies in R code
Result: NOTE
    'library' or 'require' calls to packages already attached by Depends:
     ‘Matrix’ ‘numDeriv’ ‘survival’
     Please remove these calls from your code.
    See the information on DESCRIPTION files in the chapter ‘Creating R
    packages’ of the ‘Writing R Extensions’ manual.
Flavors: r-devel-linux-x86_64-debian-clang, r-devel-linux-x86_64-debian-gcc, r-devel-linux-x86_64-fedora-clang, r-devel-linux-x86_64-fedora-gcc, r-devel-osx-x86_64-clang, r-devel-windows-ix86+x86_64, r-patched-linux-x86_64, r-patched-solaris-sparc, r-patched-solaris-x86, r-release-linux-ix86, r-release-linux-x86_64, r-release-osx-x86_64-mavericks, r-release-osx-x86_64-snowleopard, r-release-windows-ix86+x86_64, r-oldrel-windows-ix86+x86_64

Version: 1.1
Check: R code for possible problems
Result: NOTE
    expandSlash : <anonymous>: no visible global function definition for
     ‘makeInteraction’
Flavors: r-devel-linux-x86_64-debian-clang, r-devel-linux-x86_64-debian-gcc, r-devel-linux-x86_64-fedora-clang, r-devel-linux-x86_64-fedora-gcc, r-devel-osx-x86_64-clang, r-devel-windows-ix86+x86_64, r-patched-linux-x86_64, r-patched-solaris-sparc, r-patched-solaris-x86, r-release-linux-ix86, r-release-linux-x86_64, r-release-osx-x86_64-mavericks, r-release-osx-x86_64-snowleopard, r-release-windows-ix86+x86_64, r-oldrel-windows-ix86+x86_64